000
CXUS53 KGID 010804
CF6GRI
PRELIMINARY LOCAL CLIMATOLOGICAL DATA (WS FORM: F-6)
STATION: GRAND ISLAND NE
MONTH: MAY
YEAR: 2020
LATITUDE: 40 58 N
LONGITUDE: 98 19 W
TEMPERATURE IN F: :PCPN: SNOW: WIND :SUNSHINE: SKY :PK WND
================================================================================
1 2 3 4 5 6A 6B 7 8 9 10 11 12 13 14 15 16 17 18
12Z AVG MX 2MIN
DY MAX MIN AVG DEP HDD CDD WTR SNW DPTH SPD SPD DIR MIN PSBL S-S WX SPD DR
================================================================================
1 90 57 74 18 0 9 0.00 0.0 0 11.2 21 170 M M 0 30 170
2 68 56 62 6 3 0 T 0.0 0 12.6 26 20 M M 6 34 10
3 79 53 66 9 0 1 0.00 0.0 0 7.8 15 150 M M 4 21 100
4 65 47 56 -1 9 0 0.44 0.0 0 11.0 24 350 M M 8 1 32 350
5 70 44 57 -1 8 0 0.00 0.0 0 14.6 32 330 M M 2 46 330
6 64 40 52 -6 13 0 0.00 0.0 0 10.4 21 330 M M 2 29 320
7 62 43 53 -5 12 0 0.14 0.0 0 13.2 28 20 M M 7 13 35 30
8 60 37 49 -9 16 0 0.05 0.0 0 11.1 29 20 M M 1 1 39 20
9 65 40 53 -6 12 0 0.02 0.0 0 15.2 32 350 M M 4 40 350
10 56 31 44 -15 21 0 0.00 0.0 0 12.9 29 350 M M 2 38 350
11 47 39 43 -17 22 0 0.00 0.0 0 2.2 13 30 M M 10 16 20
12 59 43 51 -9 14 0 0.00 0.0 0 8.8 18 160 M M 10 8 26 140
13 55 47 51 -9 14 0 T 0.0 0 10.3 22 170 M M 10 128 29 170
14 79 51 65 5 0 0 0.00 0.0 0 6.1 20 10 M M 4 12 27 10
15 78 51 65 4 0 0 0.00 0.0 0 9.9 18 130 M M 1 27 90
16 68 52 60 -1 5 0 0.01 0.0 0 8.0 16 340 M M 7 18 20 10
17 67 50 59 -3 6 0 0.00 0.0 0 13.9 26 340 M M 8 18 35 340
18 75 47 61 -1 4 0 0.00 0.0 0 11.4 20 70 M M 4 26 360
19 71 46 59 -3 6 0 0.00 0.0 0 6.8 13 110 M M 5 18 17 100
20 81 52 67 5 0 2 0.00 0.0 0 14.7 23 120 M M 3 1 34 120
21 65 59 62 -1 3 0 2.72 0.0 0 12.2 25 120 M M 10 138 33 120
22 63 60 62 -1 3 0 1.95 0.0 0 10.3 22 130 M M 10 13 28 120
23 76 54 65 1 0 0 0.00 0.0 0 9.3 20 120 M M 6 12 27 120
24 74 56 65 1 0 0 0.55 0.0 0 10.7 39 320 M M 7 13 54 310
25 64 55 60 -4 5 0 1.60 0.0 0 15.0 22 350 M M 10 13 32 350
26 73 53 63 -1 2 0 0.00 0.0 0 10.2 22 340 M M 3 28 340
27 79 53 66 1 0 1 0.00 0.0 0 7.3 15 340 M M 0 21 30
28 81 54 68 3 0 3 T 0.0 0 14.8 28 10 M M 0 8 36 10
29 77 51 64 -2 1 0 0.00 0.0 0 5.6 13 80 M M 3 8 15 80
30 73 60 67 1 0 2 0.00 0.0 0 14.4 24 100 M M 4 31 100
31 84 59 72 6 0 7 T 0.0 0 19.1 30 170 M M 1 42 160
================================================================================
SM 2168 1540 179 25 7.48 0.0 341.0 M 152
================================================================================
AV 69.9 49.7 11.0 FASTST M M 5 MAX(MPH)
MISC ----> # 39 320 # 54 310
================================================================================
NOTES:
# LAST OF SEVERAL OCCURRENCES
COLUMN 17 PEAK WIND IN M.P.H.
PRELIMINARY LOCAL CLIMATOLOGICAL DATA (WS FORM: F-6) , PAGE 2
STATION: GRAND ISLAND NE
MONTH: MAY
YEAR: 2020
LATITUDE: 40 58 N
LONGITUDE: 98 19 W
[TEMPERATURE DATA] [PRECIPITATION DATA] SYMBOLS USED IN COLUMN 16
AVERAGE MONTHLY: 59.8 TOTAL FOR MONTH: 7.48 1 = FOG OR MIST
DPTR FM NORMAL: -1.4 DPTR FM NORMAL: 3.07 2 = FOG REDUCING VISIBILITY
HIGHEST: 90 ON 1 GRTST 24HR 2.72 ON 21-21 TO 1/4 MILE OR LESS
LOWEST: 31 ON 10 3 = THUNDER
SNOW, ICE PELLETS, HAIL 4 = ICE PELLETS
TOTAL MONTH: 0.0 INCH 5 = HAIL
GRTST 24HR 0.0 6 = FREEZING RAIN OR DRIZZLE
GRTST DEPTH: 0 7 = DUSTSTORM OR SANDSTORM:
VSBY 1/2 MILE OR LESS
8 = SMOKE OR HAZE
[NO. OF DAYS WITH] [WEATHER - DAYS WITH] 9 = BLOWING SNOW
X = TORNADO
MAX 32 OR BELOW: 0 0.01 INCH OR MORE: 9
MAX 90 OR ABOVE: 1 0.10 INCH OR MORE: 6
MIN 32 OR BELOW: 1 0.50 INCH OR MORE: 4
MIN 0 OR BELOW: 0 1.00 INCH OR MORE: 3
[HDD (BASE 65) ]
TOTAL THIS MO. 179 CLEAR (SCALE 0-3) 12
DPTR FM NORMAL 6 PTCLDY (SCALE 4-7) 11
TOTAL FM JUL 1 5801 CLOUDY (SCALE 8-10) 8
DPTR FM NORMAL -374
[CDD (BASE 65) ]
TOTAL THIS MO. 25
DPTR FM NORMAL -29 [PRESSURE DATA]
TOTAL FM JAN 1 29 HIGHEST SLP 30.45 ON 11
DPTR FM NORMAL -36 LOWEST SLP 29.66 ON 24
[REMARKS]
#FINAL-05-20#