000
CXUS52 KGSP 011601
CF6GSP
PRELIMINARY LOCAL CLIMATOLOGICAL DATA (WS FORM: F-6)
STATION: GREENVILLE-SPARTANBURG SC
MONTH: NOVEMBER
YEAR: 2021
LATITUDE: 34 54 N
LONGITUDE: 82 13 W
TEMPERATURE IN F: :PCPN: SNOW: WIND :SUNSHINE: SKY :PK WND
================================================================================
1 2 3 4 5 6A 6B 7 8 9 10 11 12 13 14 15 16 17 18
12Z AVG MX 2MIN
DY MAX MIN AVG DEP HDD CDD WTR SNW DPTH SPD SPD DIR MIN PSBL S-S WX SPD DR
================================================================================
1 70 41 56 0 9 0 0.00 0.0 0 2.2 9 210 M M 0 12 190
2 67 43 55 -1 10 0 0.00 0.0 0 3.7 12 30 M M 2 1 16 20
3 54 45 50 -5 15 0 0.05 0.0 0 7.4 15 70 M M 10 19 70
4 45 36 41 -14 24 0 0.18 0.0 0 5.6 13 40 M M 9 1 17 90
5 52 34 43 -12 22 0 0.00 0.0 0 5.9 13 50 M M 0 1 18 60
6 52 39 46 -8 19 0 0.00 0.0 0 10.2 18 30 M M 0 27 30
7 67 43 55 1 10 0 0.00 0.0 0 5.8 13 50 M M 0 16 40
8 73 38 56 2 9 0 0.00 0.0 0 1.7 10 60 M M 0 13 60
9 77 39 58 5 7 0 0.00 0.0 0 4.6 14 220 M M 0 17 240
10 78 44 61 8 4 0 0.00 0.0 0 2.5 9 190 M M 0 13 150
11 59 43 51 -2 14 0 0.81 0.0 0 3.2 15 210 M M 7 12 23 240
12 68 44 56 4 9 0 T 0.0 0 5.4 14 280 M M 2 12 22 210
13 61 35 48 -4 17 0 0.00 0.0 0 4.1 13 20 M M 0 18 30
14 57 29 43 -9 22 0 0.00 0.0 0 6.4 17 220 M M 0 24 210
15 62 35 49 -3 16 0 0.00 0.0 0 4.9 14 220 M M 0 17 220
16 69 32 51 0 14 0 0.00 0.0 0 3.3 13 230 M M 0 1 16 220
17 73 46 60 9 5 0 0.00 0.0 0 7.5 21 220 M M 0 18 25 210
18 74 45 60 9 5 0 T 0.0 0 6.7 20 210 M M 4 26 210
19 58 34 46 -5 19 0 0.00 0.0 0 7.2 18 10 M M 0 27 10
20 52 29 41 -9 24 0 0.00 0.0 0 5.2 13 50 M M 0 16 50
21 61 34 48 -2 17 0 T 0.0 0 3.8 13 210 M M 8 15 200
22 61 40 51 1 14 0 0.15 0.0 0 7.0 20 340 M M 4 1 30 330
23 52 30 41 -9 24 0 0.00 0.0 0 5.8 15 30 M M 0 21 320
24 55 25 40 -9 25 0 0.00 0.0 0 2.5 12 210 M M 0 15 210
25 63 33 48 -1 17 0 T 0.0 0 9.0 22 230 M M 1 32 230
26 54 38 46 -3 19 0 0.01 0.0 0 7.3 21 360 M M 3 29 10
27 57 28 43 -5 22 0 0.00 0.0 0 5.5 13 220 M M 0 17 220
28 63 34 49 1 16 0 0.00 0.0 0 4.3 13 230 M M 0 19 360
29 50 30 40 -8 25 0 0.00 0.0 0 5.0 17 30 M M 0 23 20
30 64 28 46 -2 19 0 0.00 0.0 0 4.2 13 240 M M 0 19 220
================================================================================
SM 1848 1094 472 0 1.20 0.0 157.9 M 50
================================================================================
AV 61.6 36.5 5.3 FASTST M M 2 MAX(MPH)
MISC ----> 22 230 32 230
================================================================================
NOTES:
# LAST OF SEVERAL OCCURRENCES
COLUMN 17 PEAK WIND IN M.P.H.
PRELIMINARY LOCAL CLIMATOLOGICAL DATA (WS FORM: F-6) , PAGE 2
STATION: GREENVILLE-SPARTANBURG SC
MONTH: NOVEMBER
YEAR: 2021
LATITUDE: 34 54 N
LONGITUDE: 82 13 W
[TEMPERATURE DATA] [PRECIPITATION DATA] SYMBOLS USED IN COLUMN 16
AVERAGE MONTHLY: 49.0 TOTAL FOR MONTH: 1.20 1 = FOG OR MIST
DPTR FM NORMAL: -2.6 DPTR FM NORMAL: -2.64 2 = FOG REDUCING VISIBILITY
HIGHEST: 78 ON 10 GRTST 24HR 0.81 ON 11-11 TO 1/4 MILE OR LESS
LOWEST: 25 ON 24 3 = THUNDER
SNOW, ICE PELLETS, HAIL 4 = ICE PELLETS
TOTAL MONTH: 0.0 INCH 5 = HAIL
GRTST 24HR 0.0 6 = FREEZING RAIN OR DRIZZLE
GRTST DEPTH: 0 7 = DUSTSTORM OR SANDSTORM:
VSBY 1/2 MILE OR LESS
8 = SMOKE OR HAZE
[NO. OF DAYS WITH] [WEATHER - DAYS WITH] 9 = BLOWING SNOW
X = TORNADO
MAX 32 OR BELOW: 0 0.01 INCH OR MORE: 5
MAX 90 OR ABOVE: 0 0.10 INCH OR MORE: 3
MIN 32 OR BELOW: 8 0.50 INCH OR MORE: 1
MIN 0 OR BELOW: 0 1.00 INCH OR MORE: 0
[HDD (BASE 65) ]
TOTAL THIS MO. 472 CLEAR (SCALE 0-3) 23
DPTR FM NORMAL 67 PTCLDY (SCALE 4-7) 5
TOTAL FM JUL 1 575 CLOUDY (SCALE 8-10) 2
DPTR FM NORMAL 8
[CDD (BASE 65) ]
TOTAL THIS MO. 0
DPTR FM NORMAL -4 [PRESSURE DATA]
TOTAL FM JAN 1 1674 HIGHEST SLP 30.56 ON 20
DPTR FM NORMAL -45 LOWEST SLP 29.87 ON 22
[REMARKS]
#FINAL-11-21#