000
CXUS52 KGSP 010917
CF6GSP
PRELIMINARY LOCAL CLIMATOLOGICAL DATA (WS FORM: F-6)
STATION: GREENVILLE-SPARTANBURG SC
MONTH: JANUARY
YEAR: 2021
LATITUDE: 34 54 N
LONGITUDE: 82 13 W
TEMPERATURE IN F: :PCPN: SNOW: WIND :SUNSHINE: SKY :PK WND
================================================================================
1 2 3 4 5 6A 6B 7 8 9 10 11 12 13 14 15 16 17 18
12Z AVG MX 2MIN
DY MAX MIN AVG DEP HDD CDD WTR SNW DPTH SPD SPD DIR MIN PSBL S-S WX SPD DR
================================================================================
1 52 41 47 5 18 0 1.28 0.0 0 9.1 23 50 M M 10 1 29 40
2 58 42 50 8 15 0 T 0.0 0 5.8 13 210 M M 8 12 16 200
3 60 36 48 6 17 0 0.00 0.0 0 6.2 15 240 M M 5 12 20 240
4 54 29 42 0 23 0 0.00 0.0 0 3.0 13 210 M M 0 17 230
5 56 39 48 6 17 0 0.00 0.0 0 6.6 14 340 M M 4 21 310
6 49 28 39 -3 26 0 0.00 0.0 0 2.7 10 40 M M 0 14 20
7 44 25 35 -7 30 0 0.36 0.0 0 6.0 17 50 M M 3 1 23 50
8 39 33 36 -6 29 0 0.36 T 0 7.9 16 20 M M 9 1 23 20
9 49 28 39 -3 26 0 0.00 0.0 0 5.0 10 290 M M 0 14 310
10 48 24 36 -6 29 0 0.00 0.0 0 1.8 8 30 M M 0 10 80
11 42 29 36 -6 29 0 0.07 0.0 0 2.6 10 10 M M 6 1 13 10
12 57 34 46 4 19 0 0.03 0.0 0 4.5 14 200 M M 4 18 17 200
13 55 27 41 -1 24 0 0.00 0.0 0 4.9 15 180 M M 3 12 19 180
14 55 36 46 4 19 0 0.00 0.0 0 5.8 15 210 M M 5 18 20 210
15 53 32 43 1 22 0 0.03 0.0 0 7.2 16 210 M M 4 18 20 220
16 45 28 37 -5 28 0 T T 0 10.0 23 260 M M 3 32 240
17 48 26 37 -5 28 0 T T 0 7.7 18 220 M M 2 25 270
18 54 26 40 -2 25 0 0.00 0.0 0 7.8 21 250 M M 1 26 230
19 61 32 47 5 18 0 0.00 0.0 0 9.6 20 230 M M 4 24 230
20 59 41 50 8 15 0 0.00 0.0 0 6.9 16 230 M M 0 22 230
21 59 42 51 9 14 0 0.00 0.0 0 8.6 18 220 M M 5 22 220
22 60 41 51 9 14 0 0.00 0.0 0 2.1 8 360 M M 0 10 350
23 55 33 44 2 21 0 0.00 0.0 0 6.9 17 360 M M 0 25 360
24 52 29 41 -1 24 0 0.01 0.0 0 3.6 9 190 M M 7 14 220
25 49 42 46 3 19 0 0.59 0.0 0 2.4 8 180 M M 10 18 10 280
26 62 46 54 11 11 0 0.54 0.0 0 3.7 13 10 M M 9 1238 16 300
27 63 46 55 12 10 0 0.48 0.0 0 5.9 15 190 M M 8 1 19 220
28 47 34 41 -2 24 0 0.00 0.0 0 11.1 23 350 M M 1 8 33 360
29 50 24 37 -6 28 0 0.00 0.0 0 1.9 9 140 M M 0 13 340
30 42 25 34 -9 31 0 T 0.0 0 4.1 12 50 M M 4 1 14 50
31 40 33 37 -6 28 0 0.70 T 0 7.8 17 20 M M 10 14 22 50
================================================================================
SM 1617 1031 681 0 4.45 T 179.2 M 125
================================================================================
AV 52.2 33.3 5.8 FASTST M M 4 MAX(MPH)
MISC ----> # 23 50 33 360
================================================================================
NOTES:
# LAST OF SEVERAL OCCURRENCES
COLUMN 17 PEAK WIND IN M.P.H.
PRELIMINARY LOCAL CLIMATOLOGICAL DATA (WS FORM: F-6) , PAGE 2
STATION: GREENVILLE-SPARTANBURG SC
MONTH: JANUARY
YEAR: 2021
LATITUDE: 34 54 N
LONGITUDE: 82 13 W
[TEMPERATURE DATA] [PRECIPITATION DATA] SYMBOLS USED IN COLUMN 16
AVERAGE MONTHLY: 42.7 TOTAL FOR MONTH: 4.45 1 = FOG OR MIST
DPTR FM NORMAL: 0.5 DPTR FM NORMAL: 0.63 2 = FOG REDUCING VISIBILITY
HIGHEST: 63 ON 27 GRTST 24HR 1.28 ON 1- 1 TO 1/4 MILE OR LESS
LOWEST: 24 ON 29,10 3 = THUNDER
SNOW, ICE PELLETS, HAIL 4 = ICE PELLETS
TOTAL MONTH: T 5 = HAIL
GRTST 24HR T ON 8- 8 6 = FREEZING RAIN OR DRIZZLE
GRTST DEPTH: 0 7 = DUSTSTORM OR SANDSTORM:
VSBY 1/2 MILE OR LESS
8 = SMOKE OR HAZE
[NO. OF DAYS WITH] [WEATHER - DAYS WITH] 9 = BLOWING SNOW
X = TORNADO
MAX 32 OR BELOW: 0 0.01 INCH OR MORE: 11
MAX 90 OR ABOVE: 0 0.10 INCH OR MORE: 7
MIN 32 OR BELOW: 15 0.50 INCH OR MORE: 4
MIN 0 OR BELOW: 0 1.00 INCH OR MORE: 1
[HDD (BASE 65) ]
TOTAL THIS MO. 681 CLEAR (SCALE 0-3) 14
DPTR FM NORMAL -26 PTCLDY (SCALE 4-7) 12
TOTAL FM JUL 1 1785 CLOUDY (SCALE 8-10) 5
DPTR FM NORMAL -123
[CDD (BASE 65) ]
TOTAL THIS MO. 0
DPTR FM NORMAL 0 [PRESSURE DATA]
TOTAL FM JAN 1 0 HIGHEST SLP 30.38 ON 29
DPTR FM NORMAL 0 LOWEST SLP 29.65 ON 16
[REMARKS]
#FINAL-01-21#