000
CXUS52 KFFC 011110
CF6GVL
PRELIMINARY LOCAL CLIMATOLOGICAL DATA (WS FORM: F-6)
STATION: GAINESVILLE
MONTH: DECEMBER
YEAR: 2022
LATITUDE: 34 16 N
LONGITUDE: 83 50 W
TEMPERATURE IN F: :PCPN: SNOW: WIND :SUNSHINE: SKY :PK WND
================================================================================
1 2 3 4 5 6A 6B 7 8 9 10 11 12 13 14 15 16 17 18
12Z AVG MX 2MIN
DY MAX MIN AVG DEP HDD CDD WTR SNW DPTH SPD SPD DIR MIN PSBL S-S WX SPD DR
================================================================================
1 55 31 43 -5 22 0 0.00 M M 4.4 13 290 M M 0 16 310
2 57 34 46 -2 19 0 0.00 M M 6.8 12 90 M M 5 16 100
3 58 49 54 7 11 0 0.10 M M 4.4 12 350 M M 10 12 17 330
4 59 43 51 4 14 0 0.00 M M 4.0 13 270 M M 4 12 17 250
5 51 43 47 0 18 0 0.65 M M 7.4 14 90 M M 10 1 18 80
6 51 44 48 1 17 0 0.68 M M 6.5 13 90 M M 10 12 18 100
7 67 51 59 13 6 0 T M M 4.6 12 260 M M 10 12 15 260
8 73 60 67 21 0 2 T M M 5.6 13 290 M M 7 12 20 290
9 63 52 58 12 7 0 0.11 M M 6.3 13 90 M M 10 12 19 100
10 56 49 53 7 12 0 0.00 M M 4.8 12 70 M M 8 12 15 80
11 51 48 50 4 15 0 T M M 2.3 8 140 M M 10 12 11 140
12 59 46 53 8 12 0 0.00 M M 3.4 10 130 M M 7 12 14 140
13 51 42 47 2 18 0 0.00 M M 8.8 20 90 M M 8 1 25 90
14 45 40 43 -2 22 0 0.94 M M 11.2 17 110 M M 10 18 26 110
15 54 41 48 3 17 0 0.74 M M 9.0 21 250 M M 5 1 30 240
16 51 35 43 -2 22 0 0.00 M M 10.1 23 260 M M 1 33 260
17 45 37 41 -3 24 0 0.00 M M 11.1 18 260 M M 4 27 230
18 47 30 39 -5 26 0 0.00 M M 9.3 16 280 M M 0 23 280
19 49 27 38 -6 27 0 0.00 M M 5.0 9 100 M M 2 13 140
20 42 39 41 -3 24 0 0.01 M M 6.9 13 90 M M 10 17 80
21 50 37 44 0 21 0 T M M 9.8 16 70 M M 9 18 25 100
22 45 38 42 -2 23 0 0.03 M M 5.9 15 80 M M 10 1 24 70
23 48 8 28 -16 37 0 0.06 M M 20.3 36 260 M M 3 1 54 250
24 24 5 15 -29 50 0 0.00 M M 14.3 24 260 M M 1 35 250
25 34 17 26 -17 39 0 0.00 M M 11.2 17 260 M M 0 25 260
26 41 18 30 -13 35 0 T M M 5.3 14 290 M M 3 1 17 290
27 50 31 41 -2 24 0 T M M 3.8 12 260 M M 3 18 16 260
28 54 27 41 -2 24 0 0.00 M M 2.7 10 150 M M 1 8 16 150
29 64 43 54 11 11 0 0.00 M M 4.3 10 100 M M 5 13 120
30 59 43 51 8 14 0 0.02 M M 8.1 18 110 M M 6 1 31 100
31 58 50 54 11 11 0 0.11 M M 4.0 10 100 M M 9 12 16 100
================================================================================
SM 1611 1158 622 2 3.45 M 221.6 M 181
================================================================================
AV 52.0 37.4 7.1 FASTST M M 6 MAX(MPH)
MISC ----> 36 260 54 250
================================================================================
NOTES:
# LAST OF SEVERAL OCCURRENCES
COLUMN 17 PEAK WIND IN M.P.H.
PRELIMINARY LOCAL CLIMATOLOGICAL DATA (WS FORM: F-6) , PAGE 2
STATION: GAINESVILLE
MONTH: DECEMBER
YEAR: 2022
LATITUDE: 34 16 N
LONGITUDE: 83 50 W
[TEMPERATURE DATA] [PRECIPITATION DATA] SYMBOLS USED IN COLUMN 16
AVERAGE MONTHLY: 44.7 TOTAL FOR MONTH: 3.45 1 = FOG OR MIST
DPTR FM NORMAL: -0.2 DPTR FM NORMAL: -1.26 2 = FOG REDUCING VISIBILITY
HIGHEST: 73 ON 8 GRTST 24HR 1.68 ON 14-15 TO 1/4 MILE OR LESS
LOWEST: 5 ON 24 3 = THUNDER
SNOW, ICE PELLETS, HAIL 4 = ICE PELLETS
TOTAL MONTH: M 5 = HAIL
GRTST 24HR M ON M 6 = FREEZING RAIN OR DRIZZLE
GRTST DEPTH: M ON M 7 = DUSTSTORM OR SANDSTORM:
VSBY 1/2 MILE OR LESS
8 = SMOKE OR HAZE
[NO. OF DAYS WITH] [WEATHER - DAYS WITH] 9 = BLOWING SNOW
X = TORNADO
MAX 32 OR BELOW: 1 0.01 INCH OR MORE: 11
MAX 90 OR ABOVE: 0 0.10 INCH OR MORE: 7
MIN 32 OR BELOW: 9 0.50 INCH OR MORE: 4
MIN 0 OR BELOW: 0 1.00 INCH OR MORE: 0
[HDD (BASE 65) ]
TOTAL THIS MO. 622 CLEAR (SCALE 0-3) 10
DPTR FM NORMAL -2 PTCLDY (SCALE 4-7) 9
TOTAL FM JUL 1 1109 CLOUDY (SCALE 8-10) 12
DPTR FM NORMAL -66
[CDD (BASE 65) ]
TOTAL THIS MO. 2
DPTR FM NORMAL 1 [PRESSURE DATA]
TOTAL FM JAN 1 1885 HIGHEST SLP 30.52 ON 2
DPTR FM NORMAL 253 LOWEST SLP 29.65 ON 23
[REMARKS]
#FINAL-12-22#