000
CXUS54 KFWD 010731
CF6GVT
PRELIMINARY LOCAL CLIMATOLOGICAL DATA (WS FORM: F-6)
STATION: GREENVILLE
MONTH: MAY
YEAR: 2021
LATITUDE: 33 4 N
LONGITUDE: 96 4 W
TEMPERATURE IN F: :PCPN: SNOW: WIND :SUNSHINE: SKY :PK WND
================================================================================
1 2 3 4 5 6A 6B 7 8 9 10 11 12 13 14 15 16 17 18
12Z AVG MX 2MIN
DY MAX MIN AVG DEP HDD CDD WTR SNW DPTH SPD SPD DIR MIN PSBL S-S WX SPD DR
================================================================================
1 72 59 66 -3 0 1 0.01 M M 5.9 10 70 M M 6 1 M M
2 79 63 71 2 0 6 T M M 8.0 14 150 M M 6 1 20 210
3 88 65 77 7 0 12 0.82 M M 12.8 18 160 M M 5 1 24 180
4 72 53 63 -7 2 0 0.00 M M 10.2 16 350 M M 6 23 300
5 73 47 60 -10 5 0 0.00 M M 4.9 9 70 M M 0 M M
6 80 52 66 -4 0 1 0.00 M M 4.5 9 320 M M 1 17 340
7 82 53 68 -3 0 3 0.00 M M 7.5 18 170 M M 0 24 140
8 85 58 72 1 0 7 0.00 M M 16.3 25 180 M M 5 33 170
9 85 62 74 3 0 9 0.00 M M 14.3 23 170 M M 6 35 170
10 62 55 59 -13 6 0 2.53 M M 9.6 14 40 M M 10 1 24 40
11 60 55 58 -14 7 0 0.79 M M 8.2 20 330 M M 10 1 25 330
12 61 55 58 -14 7 0 0.00 M M 7.1 10 360 M M 10 1 17 30
13 73 56 65 -7 0 0 0.00 M M 5.4 10 60 M M 4 8 M M
14 75 50 63 -10 2 0 0.00 M M 5.5 10 150 M M 3 18 170
15 80 55 68 -5 0 3 0.00 M M 7.6 16 160 M M 4 23 180
16 74 65 70 -3 0 5 1.36 M M 8.9 15 150 M M 8 1 22 140
17 81 64 73 -1 0 8 0.07 M M 8.7 21 120 M M 5 1 31 120
18 74 64 69 -5 0 4 1.28 M M 7.7 23 110 M M 6 38 36 290
19 79 64 72 -2 0 7 0.01 M M 7.0 21 80 M M 5 1 26 80
20 74 65 70 -4 0 5 0.40 M M 5.1 10 190 M M 7 1 M M
21 79 68 74 -1 0 9 0.30 M M 9.0 15 120 M M 9 1 21 120
22 76 68 72 -3 0 7 0.12 M M 8.4 13 90 M M 10 1 21 130
23 80 67 74 -1 0 9 0.00 M M 4.5 14 150 M M 4 1 18 130
24 80 67 74 -1 0 9 0.47 M M 6.7 15 150 M M 9 1 18 150
25 79 68 74 -2 0 9 0.20 M M 9.4 17 160 M M 8 1 26 210
26 86 70 78 2 0 13 0.00 M M 9.4 14 140 M M 6 21 180
27 87 68 78 2 0 13 0.00 M M 11.2 18 190 M M 7 1 46 170
28 79 65 72 -4 0 7 0.78 M M 4.2 20 350 M M 6 18 26 350
29 81 65 73 -4 0 8 0.00 M M 6.9 9 40 M M 4 M M
30 76 58 67 -10 0 2 0.00 M M 8.2 13 90 M M 5 20 80
31 78 61 70 -7 0 5 2.76 M M 6.4 18 350 M M 8 1 26 350
================================================================================
SM 2390 1885 29 162 11.90 M 249.3 M 183
================================================================================
AV 77.1 60.8 8.0 FASTST M M 6 MAX(MPH)
MISC ----> 25 180 46 170
================================================================================
NOTES:
# LAST OF SEVERAL OCCURRENCES
COLUMN 17 PEAK WIND IN M.P.H.
PRELIMINARY LOCAL CLIMATOLOGICAL DATA (WS FORM: F-6) , PAGE 2
STATION: GREENVILLE
MONTH: MAY
YEAR: 2021
LATITUDE: 33 4 N
LONGITUDE: 96 4 W
[TEMPERATURE DATA] [PRECIPITATION DATA] SYMBOLS USED IN COLUMN 16
AVERAGE MONTHLY: 69.0 TOTAL FOR MONTH: 11.90 1 = FOG OR MIST
DPTR FM NORMAL: -4.1 DPTR FM NORMAL: 6.38 2 = FOG REDUCING VISIBILITY
HIGHEST: 88 ON 3 GRTST 24HR 2.76 ON 31-31 TO 1/4 MILE OR LESS
LOWEST: 47 ON 5 3 = THUNDER
SNOW, ICE PELLETS, HAIL 4 = ICE PELLETS
TOTAL MONTH: M 5 = HAIL
GRTST 24HR M ON M 6 = FREEZING RAIN OR DRIZZLE
GRTST DEPTH: M ON M 7 = DUSTSTORM OR SANDSTORM:
VSBY 1/2 MILE OR LESS
8 = SMOKE OR HAZE
[NO. OF DAYS WITH] [WEATHER - DAYS WITH] 9 = BLOWING SNOW
X = TORNADO
MAX 32 OR BELOW: 0 0.01 INCH OR MORE: 15
MAX 90 OR ABOVE: 0 0.10 INCH OR MORE: 12
MIN 32 OR BELOW: 0 0.50 INCH OR MORE: 7
MIN 0 OR BELOW: 0 1.00 INCH OR MORE: 4
[HDD (BASE 65) ]
TOTAL THIS MO. 29 CLEAR (SCALE 0-3) 3
DPTR FM NORMAL 19 PTCLDY (SCALE 4-7) 21
TOTAL FM JUL 1 2364 CLOUDY (SCALE 8-10) 7
DPTR FM NORMAL -38
[CDD (BASE 65) ]
TOTAL THIS MO. 162
DPTR FM NORMAL -101 [PRESSURE DATA]
TOTAL FM JAN 1 228 HIGHEST SLP M ON M
DPTR FM NORMAL -157 LOWEST SLP M ON M
[REMARKS]
#FINAL-05-21#