000
CXUS54 KJAN 011510
CF6GWO
PRELIMINARY LOCAL CLIMATOLOGICAL DATA (WS FORM: F-6)
STATION: GREENWOOD
MONTH: NOVEMBER
YEAR: 2021
LATITUDE: 33 30 N
LONGITUDE: 90 5 W
TEMPERATURE IN F: :PCPN: SNOW: WIND :SUNSHINE: SKY :PK WND
================================================================================
1 2 3 4 5 6A 6B 7 8 9 10 11 12 13 14 15 16 17 18
12Z AVG MX 2MIN
DY MAX MIN AVG DEP HDD CDD WTR SNW DPTH SPD SPD DIR MIN PSBL S-S WX SPD DR
================================================================================
1 73 47 60 2 5 0 0.00 0.0 0 3.3 12 60 M M 0 1 17 70
2 66 48 57 -1 8 0 T 0.0 0 6.7 15 40 M M 6 21 20
3 53 47 50 -8 15 0 0.04 0.0 0 8.5 16 50 M M 10 24 50
4 61 39 50 -7 15 0 0.00 0.0 0 6.0 14 20 M M 3 19 20
5 62 35 49 -8 16 0 0.00 0.0 0 4.1 13 50 M M 4 18 17 60
6 65 40 53 -4 12 0 0.00 0.0 0 1.5 8 10 M M 5 128 13 350
7 70 36 53 -3 12 0 0.00 0.0 0 0.3 6 210 M M 0 18 9 260
8 75 39 57 1 8 0 0.00 0.0 0 1.4 7 210 M M 0 9 250
9 72 42 57 1 8 0 0.00 0.0 0 1.9 10 200 M M 0 1 14 200
10 76 44 60 5 5 0 0.00 0.0 0 6.4 15 160 M M 0 1 21 150
11 69 47 58 3 7 0 0.24 0.0 0 6.2 23 170 M M 6 18 31 180
12 70 37 54 -1 11 0 0.00 0.0 0 3.9 15 220 M M 2 1 23 350
13 54 34 44 -10 21 0 0.00 0.0 0 2.3 12 280 M M 0 19 280
14 69 33 51 -3 14 0 0.00 0.0 0 2.7 13 230 M M 0 20 290
15 74 37 56 2 9 0 0.00 0.0 0 5.2 14 180 M M 1 19 180
16 80 59 70 17 0 5 0.00 0.0 0 11.0 18 210 M M 2 25 210
17 81 58 70 17 0 5 0.00 0.0 0 10.5 22 200 M M 2 32 210
18 67 37 52 -1 13 0 0.10 0.0 0 9.5 23 30 M M 5 1 33 360
19 62 28 45 -8 20 0 0.00 0.0 0 4.4 18 80 M M 0 23 60
20 70 32 51 -1 14 0 0.00 0.0 0 5.3 12 150 M M 0 17 130
21 74 52 63 11 2 0 0.99 0.0 0 6.5 14 210 M M 6 13 20 350
22 60 36 48 -4 17 0 0.00 0.0 0 5.8 15 30 M M 1 18 21 340
23 63 33 48 -4 17 0 0.00 0.0 0 3.6 10 130 M M 0 15 130
24 69 38 54 3 11 0 0.00 0.0 0 8.5 16 160 M M 0 23 170
25 60 43 52 1 13 0 0.55 0.0 0 9.2 20 360 M M 7 1 30 340
26 54 32 43 -8 22 0 0.00 0.0 0 3.9 14 20 M M 0 19 20
27 60 30 45 -5 20 0 0.00 0.0 0 4.0 13 200 M M 1 17 200
28 64 37 51 1 14 0 0.00 0.0 0 5.3 12 230 M M 2 19 210
29 63 32 48 -2 17 0 0.00 0.0 0 1.1 9 110 M M 0 18 13 90
30 72 38 55 5 10 0 0.00 0.0 0 4.0 14 200 M M 0 18 220
================================================================================
SM 2008 1190 356 10 1.92 0.0 153.0 M 63
================================================================================
AV 66.9 39.7 5.1 FASTST M M 2 MAX(MPH)
MISC ----> # 23 170 33 360
================================================================================
NOTES:
# LAST OF SEVERAL OCCURRENCES
COLUMN 17 PEAK WIND IN M.P.H.
PRELIMINARY LOCAL CLIMATOLOGICAL DATA (WS FORM: F-6) , PAGE 2
STATION: GREENWOOD
MONTH: NOVEMBER
YEAR: 2021
LATITUDE: 33 30 N
LONGITUDE: 90 5 W
[TEMPERATURE DATA] [PRECIPITATION DATA] SYMBOLS USED IN COLUMN 16
AVERAGE MONTHLY: 53.3 TOTAL FOR MONTH: 1.92 1 = FOG OR MIST
DPTR FM NORMAL: -0.5 DPTR FM NORMAL: -1.94 2 = FOG REDUCING VISIBILITY
HIGHEST: 81 ON 17 GRTST 24HR 0.99 ON 21-21 TO 1/4 MILE OR LESS
LOWEST: 28 ON 19 3 = THUNDER
SNOW, ICE PELLETS, HAIL 4 = ICE PELLETS
TOTAL MONTH: 0.0 INCH 5 = HAIL
GRTST 24HR 0.0 6 = FREEZING RAIN OR DRIZZLE
GRTST DEPTH: 0 7 = DUSTSTORM OR SANDSTORM:
VSBY 1/2 MILE OR LESS
8 = SMOKE OR HAZE
[NO. OF DAYS WITH] [WEATHER - DAYS WITH] 9 = BLOWING SNOW
X = TORNADO
MAX 32 OR BELOW: 0 0.01 INCH OR MORE: 5
MAX 90 OR ABOVE: 0 0.10 INCH OR MORE: 4
MIN 32 OR BELOW: 5 0.50 INCH OR MORE: 2
MIN 0 OR BELOW: 0 1.00 INCH OR MORE: 0
[HDD (BASE 65) ]
TOTAL THIS MO. 356 CLEAR (SCALE 0-3) 21
DPTR FM NORMAL 3 PTCLDY (SCALE 4-7) 8
TOTAL FM JUL 1 411 CLOUDY (SCALE 8-10) 1
DPTR FM NORMAL -62
[CDD (BASE 65) ]
TOTAL THIS MO. 10
DPTR FM NORMAL -7 [PRESSURE DATA]
TOTAL FM JAN 1 2516 HIGHEST SLP 30.49 ON 19
DPTR FM NORMAL 279 LOWEST SLP 29.85 ON 11
[REMARKS]
#FINAL-11-21#