000
CXUS54 KJAN 011510
CF6GWO
PRELIMINARY LOCAL CLIMATOLOGICAL DATA (WS FORM: F-6)
STATION: GREENWOOD
MONTH: NOVEMBER
YEAR: 2023
LATITUDE: 33 30 N
LONGITUDE: 90 5 W
TEMPERATURE IN F: :PCPN: SNOW: WIND :SUNSHINE: SKY :PK WND
================================================================================
1 2 3 4 5 6A 6B 7 8 9 10 11 12 13 14 15 16 17 18
12Z AVG MX 2MIN
DY MAX MIN AVG DEP HDD CDD WTR SNW DPTH SPD SPD DIR MIN PSBL S-S WX SPD DR
================================================================================
1 57 26 42 -16 23 0 0.00 0.0 0 4.0 15 30 M M 0 24 30
2 66 26 46 -12 19 0 0.00 0.0 0 4.7 10 130 M M 0 15 170
3 74 37 56 -2 9 0 0.00 0.0 0 4.5 14 220 M M 0 8 18 180
4 78 41 60 3 5 0 0.00 0.0 0 2.7 12 220 M M 0 15 190
5 80 45 63 6 2 0 0.00 0.0 0 1.2 8 20 M M 1 14 300
6 83 50 67 10 0 2 0.00 0.0 0 3.7 15 210 M M 0 21 210
7 86 56 71 15 0 6 0.00 0.0 0 7.7 17 220 M M 2 26 200
8 87 63 75 19 0 10 0.00 0.0 0 10.8 23 200 M M 0 33 190
9 76 64 70 14 0 5 0.00 0.0 0 7.2 17 40 M M 7 23 360
10 60 54 57 2 8 0 0.24 0.0 0 8.3 16 50 M M 10 18 24 40
11 67 55 61 6 4 0 0.00 0.0 0 6.8 15 60 M M 8 20 50
12 70 55 63 8 2 0 0.00 0.0 0 3.7 13 70 M M 9 16 70
13 71 49 60 6 5 0 0.00 0.0 0 3.3 13 70 M M 0 19 60
14 72 51 62 8 3 0 T 0.0 0 6.2 16 100 M M 4 23 120
15 63 55 59 5 6 0 0.09 0.0 0 7.7 16 80 M M 10 18 22 70
16 78 57 68 15 0 3 0.00 0.0 0 6.5 15 150 M M 9 20 140
17 67 58 63 10 2 0 0.08 0.0 0 2.0 8 220 M M 10 128 12 330
18 68 39 54 1 11 0 T 0.0 0 4.6 13 350 M M 4 12 19 340
19 72 33 53 0 12 0 T 0.0 0 1.6 8 70 M M 0 12 90
20 78 51 65 13 0 0 1.36 0.0 0 8.1 20 350 M M 8 1 28 20
21 61 50 56 4 9 0 T 0.0 0 5.0 13 350 M M 9 18 26 330
22 57 41 49 -3 16 0 0.00 0.0 0 3.3 12 340 M M 7 18 330
23 56 34 45 -7 20 0 T 0.0 0 1.5 8 70 M M 1 1 11 270
24 62 42 52 1 13 0 0.00 0.0 0 2.3 8 360 M M 5 12 360
25 66 33 50 -1 15 0 T 0.0 0 2.1 8 20 M M 2 12 11 20
26 59 39 49 -2 16 0 0.16 0.0 0 3.6 12 320 M M 6 1 23 290
27 52 28 40 -10 25 0 0.00 0.0 0 2.2 12 320 M M 0 1 18 300
28 58 30 44 -6 21 0 0.00 0.0 M 2.4 12 20 M M 0 15 330
29 64 30 47 -3 18 0 0.00 0.0 M 3.4 15 200 M M 0 21 210
30 59 43 51 1 14 0 0.08 0.0 M 7.9 20 170 M M 5 29 170
================================================================================
SM 2047 1335 278 26 2.01 0.0 139.0 M 117
================================================================================
AV 68.2 44.5 4.6 FASTST M M 4 MAX(MPH)
MISC ----> 23 200 33 190
================================================================================
NOTES:
# LAST OF SEVERAL OCCURRENCES
COLUMN 17 PEAK WIND IN M.P.H.
PRELIMINARY LOCAL CLIMATOLOGICAL DATA (WS FORM: F-6) , PAGE 2
STATION: GREENWOOD
MONTH: NOVEMBER
YEAR: 2023
LATITUDE: 33 30 N
LONGITUDE: 90 5 W
[TEMPERATURE DATA] [PRECIPITATION DATA] SYMBOLS USED IN COLUMN 16
AVERAGE MONTHLY: 56.4 TOTAL FOR MONTH: 2.01 1 = FOG OR MIST
DPTR FM NORMAL: 2.6 DPTR FM NORMAL: -1.85 2 = FOG REDUCING VISIBILITY
HIGHEST: 87 ON 8 GRTST 24HR 1.36 ON 20-20 TO 1/4 MILE OR LESS
LOWEST: 26 ON 2, 1 3 = THUNDER
SNOW, ICE PELLETS, HAIL 4 = ICE PELLETS
TOTAL MONTH: 0.0 INCH 5 = HAIL
GRTST 24HR 0.0 6 = FREEZING RAIN OR DRIZZLE
GRTST DEPTH: 0 7 = DUSTSTORM OR SANDSTORM:
VSBY 1/2 MILE OR LESS
8 = SMOKE OR HAZE
[NO. OF DAYS WITH] [WEATHER - DAYS WITH] 9 = BLOWING SNOW
X = TORNADO
MAX 32 OR BELOW: 0 0.01 INCH OR MORE: 6
MAX 90 OR ABOVE: 0 0.10 INCH OR MORE: 3
MIN 32 OR BELOW: 5 0.50 INCH OR MORE: 1
MIN 0 OR BELOW: 0 1.00 INCH OR MORE: 1
[HDD (BASE 65) ]
TOTAL THIS MO. 278 CLEAR (SCALE 0-3) 15
DPTR FM NORMAL -75 PTCLDY (SCALE 4-7) 9
TOTAL FM JUL 1 354 CLOUDY (SCALE 8-10) 6
DPTR FM NORMAL -119
[CDD (BASE 65) ]
TOTAL THIS MO. 26
DPTR FM NORMAL 9 [PRESSURE DATA]
TOTAL FM JAN 1 2817 HIGHEST SLP 30.50 ON 1
DPTR FM NORMAL 580 LOWEST SLP 29.72 ON 20
[REMARKS]
#FINAL-11-23#