000
CXUS54 KJAN 030515
CLMGWO
CLIMATE REPORT
NATIONAL WEATHER SERVICE JACKSON MS
1115 PM CST FRI FEB 02 2024
...................................
...THE GREENWOOD CLIMATE SUMMARY FOR THE MONTH OF JANUARY 2024...
CLIMATE NORMAL PERIOD: 1991 TO 2020
CLIMATE RECORD PERIOD: 1948 TO 2024
WEATHER OBSERVED NORMAL DEPART LAST YEAR`S
VALUE DATE(S) VALUE FROM VALUE DATE(S)
NORMAL
................................................................
TEMPERATURE (F)
RECORD
HIGH 84 01/01/2022
LOW -2 01/19/1977
HIGHEST 72 01/11 MM MM 81 01/02
LOWEST 9 01/17 MM MM 27 01/14
AVG. MAXIMUM 52.8 54.2 -1.4 62.5
AVG. MINIMUM 32.0 34.7 -2.7 42.4
MEAN 42.4 44.4 -2.0 52.4
DAYS MAX >= 90 0 0.0 0.0 MM
DAYS MAX <= 32 3 0.9 2.1 MM
DAYS MIN <= 32 16 14.9 1.1 MM
DAYS MIN <= 0 0 0.0 0.0 MM
PRECIPITATION (INCHES)
RECORD
MAXIMUM 12.12 1951
MINIMUM 0.86 1986
TOTALS 7.37 4.52 2.85 4.99
DAILY AVG. 0.24 0.15 0.09 0.16
DAYS >= .01 12 9.6 2.4 11
DAYS >= .10 10 6.5 3.5 9
DAYS >= .50 5 3.4 1.6 4
DAYS >= 1.00 3 1.5 1.5 1
GREATEST
24 HR. TOTAL 2.20 01/24 TO 01/25 1.61
SNOWFALL (INCHES)
TOTALS 0.0
DEGREE DAYS
HEATING TOTAL 693 640 53 404
SINCE 7/1 1471 1676 -205 MM
COOLING TOTAL 0 3 -3 20
SINCE 1/1 0 3 -3 MM
................................................................
WIND (MPH)
AVERAGE WIND SPEED 6.8
HIGHEST WIND SPEED/DIRECTION 41/180 DATE 01/12
HIGHEST GUST SPEED/DIRECTION 54/180 DATE 01/12
SKY COVER
POSSIBLE SUNSHINE (PERCENT) MM
AVERAGE SKY COVER 0.44
NUMBER OF DAYS FAIR 15
NUMBER OF DAYS PC 6
NUMBER OF DAYS CLOUDY 10
AVERAGE RH (PERCENT) 70
WEATHER CONDITIONS. NUMBER OF DAYS WITH
THUNDERSTORM 4 MIXED PRECIP 0
HEAVY RAIN 6 RAIN 9
LIGHT RAIN 14 FREEZING RAIN 0
LT FREEZING RAIN 0 HAIL 0
HEAVY SNOW 0 SNOW 0
LIGHT SNOW 2 SLEET 0
FOG 16 FOG W/VIS <= 1/4 MILE 3
HAZE 3
- INDICATES NEGATIVE NUMBERS.
R INDICATES RECORD WAS SET OR TIED.
MM INDICATES DATA IS MISSING.
T INDICATES TRACE AMOUNT.
$$