000
CXUS54 KEWX 011111
CF6GYB
PRELIMINARY LOCAL CLIMATOLOGICAL DATA (WS FORM: F-6)
STATION: GIDDINGS-LEE COUNTY AIRPORT
MONTH: DECEMBER
YEAR: 2022
LATITUDE: 30 10 N
LONGITUDE: 96 59 W
TEMPERATURE IN F: :PCPN: SNOW: WIND :SUNSHINE: SKY :PK WND
================================================================================
1 2 3 4 5 6A 6B 7 8 9 10 11 12 13 14 15 16 17 18
12Z AVG MX 2MIN
DY MAX MIN AVG DEP HDD CDD WTR SNW DPTH SPD SPD DIR MIN PSBL S-S WX SPD DR
================================================================================
1 57 36 47 M 18 0 0.00 M M 4.2 12 90 M M 7 M M
2 68 53 61 M 4 0 0.10 M M 3.5 9 220 M M 9 1 18 220
3 66 54 60 M 5 0 0.00 M M 7.0 13 340 M M 10 1 20 350
4 60 53 57 M 8 0 0.00 M M 2.0 8 20 M M 10 M M
5 79 59 69 M 0 4 0.00 M M 5.6 17 220 M M 7 12 26 220
6 80 70 75 M 0 10 0.00 M M 8.7 14 200 M M 9 1 18 220
7 80 67 74 M 0 9 0.00 M M 6.5 13 190 M M 7 1 17 200
8 80 66 73 M 0 8 0.00 M M 3.6 9 180 M M 5 1 M M
9 79 66 73 M 0 8 0.00 M M 3.9 8 180 M M 7 1 M M
10 78 67 73 M 0 8 0.01 M M 2.3 7 190 M M 8 M M
11 67 58 63 M 2 0 1.17 M M 5.8 10 20 M M 9 1 M M
12 70 59 65 M 0 0 0.02 M M 5.8 12 150 M M 10 1 18 170
13 79 60 70 M 0 5 0.00 M M 7.2 14 190 M M 8 23 190
14 68 47 58 M 7 0 0.02 M M 5.9 14 330 M M 5 21 320
15 62 36 49 M 16 0 0.00 M M 1.6 6 10 M M 0 M M
16 56 40 48 M 17 0 0.00 M M 5.6 15 20 M M 5 22 20
17 56 34 45 M 20 0 0.00 M M 3.6 10 20 M M 0 M M
18 56 31 44 M 21 0 0.00 M M 2.8 9 100 M M 4 16 80
19 50 42 46 M 19 0 0.61 M M 5.8 13 330 M M 10 1 18 70
20 51 38 45 M 20 0 0.00 M M 6.9 12 360 M M 8 1 16 10
21 48 36 42 M 23 0 0.00 M M 1.6 5 260 M M 5 1 M M
22 55 18 37 M 28 0 0.00 M M 12.5 24 350 M M 7 12 36 340
23 29 14 22 M 43 0 0.00 M M 12.2 18 10 M M 0 31 360
24 38 18 28 M 37 0 0.00 M M 4.0 13 10 M M 0 18 10
25 49 21 35 M 30 0 0.00 M M 1.5 6 190 M M 0 M M
26 60 26 43 M 22 0 0.00 M M 3.1 12 340 M M 0 M M
27 55 31 43 M 22 0 0.00 M M 3.7 8 180 M M 0 M M
28 76 38 57 M 8 0 0.00 M M 8.8 16 180 M M 2 24 200
29 71 59 65 M 0 0 0.92 M M 6.9 13 200 M M 8 1 24 200
30 62 52 57 M 8 0 0.00 M M 3.8 12 360 M M 6 12 M M
31 75 43 59 M 6 0 M M M 5.7 14 210 M M 0 1 18 210
================================================================================
SM 1960 1392 384 52 2.85 M 162.1 M 166
================================================================================
AV 63.2 44.9 5.2 FASTST M M 5 MAX(MPH)
MISC ----> 24 350 36 340
================================================================================
NOTES:
# LAST OF SEVERAL OCCURRENCES
COLUMN 17 PEAK WIND IN M.P.H.
PRELIMINARY LOCAL CLIMATOLOGICAL DATA (WS FORM: F-6) , PAGE 2
STATION: GIDDINGS-LEE COUNTY AIRPORT
MONTH: DECEMBER
YEAR: 2022
LATITUDE: 30 10 N
LONGITUDE: 96 59 W
[TEMPERATURE DATA] [PRECIPITATION DATA] SYMBOLS USED IN COLUMN 16
AVERAGE MONTHLY: 54.1 TOTAL FOR MONTH: 2.85 1 = FOG OR MIST
DPTR FM NORMAL: 0.0 DPTR FM NORMAL: M 2 = FOG REDUCING VISIBILITY
HIGHEST: 80 ON 8, 7 GRTST 24HR 1.17 ON 11-11 TO 1/4 MILE OR LESS
LOWEST: 14 ON 23 3 = THUNDER
SNOW, ICE PELLETS, HAIL 4 = ICE PELLETS
TOTAL MONTH: 0.0 INCH 5 = HAIL
GRTST 24HR M ON M 6 = FREEZING RAIN OR DRIZZLE
GRTST DEPTH: M ON M 7 = DUSTSTORM OR SANDSTORM:
VSBY 1/2 MILE OR LESS
8 = SMOKE OR HAZE
[NO. OF DAYS WITH] [WEATHER - DAYS WITH] 9 = BLOWING SNOW
X = TORNADO
MAX 32 OR BELOW: 1 0.01 INCH OR MORE: 7
MAX 90 OR ABOVE: 0 0.10 INCH OR MORE: 3
MIN 32 OR BELOW: 7 0.50 INCH OR MORE: 3
MIN 0 OR BELOW: 0 1.00 INCH OR MORE: 1
[HDD (BASE 65) ]
TOTAL THIS MO. 384 CLEAR (SCALE 0-3) 9
DPTR FM NORMAL M PTCLDY (SCALE 4-7) 13
TOTAL FM JUL 1 683 CLOUDY (SCALE 8-10) 9
DPTR FM NORMAL M
[CDD (BASE 65) ]
TOTAL THIS MO. 52
DPTR FM NORMAL M [PRESSURE DATA]
TOTAL FM JAN 1 3430 HIGHEST SLP M ON M
DPTR FM NORMAL M LOWEST SLP M ON M
[REMARKS]
#FINAL-12-22#