955
CXUS54 KEWX 011010
CF6GYB
PRELIMINARY LOCAL CLIMATOLOGICAL DATA (WS FORM: F-6)
STATION: Giddings-Lee County Airport
MONTH: SEPTEMBER
YEAR: 2020
LATITUDE: 30 10 N
LONGITUDE: 96 59 W
TEMPERATURE IN F: :PCPN: SNOW: WIND :SUNSHINE: SKY :PK WND
================================================================================
1 2 3 4 5 6A 6B 7 8 9 10 11 12 13 14 15 16 17 18
12Z AVG MX 2MIN
DY MAX MIN AVG DEP HDD CDD WTR SNW DPTH SPD SPD DIR MIN PSBL S-S WX SPD DR
================================================================================
1 103 82 93 M 0 28 0.00 M M 9.7 14 180 M M 5 18 23 200
2 92 75 84 M 0 19 0.29 M M 5.4 12 190 M M 5 8 21 180
3 92 73 83 M 0 18 0.35 M M 6.8 20 220 M M 3 18 32 220
4 85 73 79 M 0 14 0.46 M M 4.1 10 140 M M 5 21 140
5 94 70 82 M 0 17 0.02 M M 3.6 14 10 M M 1 8 22 10
6 95 70 83 M 0 18 0.00 M M 1.5 7 170 M M 1 1 M M
7 97 72 85 M 0 20 0.00 M M 4.2 9 150 M M 1 M M
8 91 76 84 M 0 19 0.01 M M 4.1 10 160 M M 1 16 160
9 93 63 78 M 0 13 1.12 M M 6.6 16 200 M M 3 23 200
10 72 59 66 M 0 1 0.02 M M 9.0 12 10 M M 10 21 350
11 86 67 77 M 0 12 0.00 M M 6.8 9 340 M M 7 M M
12 93 70 82 M 0 17 0.00 M M 3.9 9 10 M M 1 M M
13 95 75 85 M 0 20 0.00 M M 5.0 9 80 M M 2 16 10
14 91 75 83 M 0 18 0.33 M M 5.4 9 80 M M 6 M M
15 91 73 82 M 0 17 0.00 M M 5.7 12 350 M M 3 M M
16 91 75 83 M 0 18 0.00 M M 2.5 7 30 M M 2 M M
17 91 75 83 M 0 18 0.04 M M 4.8 12 60 M M 2 25 60
18 89 71 80 M 0 15 0.00 M M 6.7 13 30 M M 0 21 30
19 86 69 78 M 0 13 0.00 M M 6.4 12 10 M M 0 1 20 10
20 87 63 75 M 0 10 0.08 M M 7.1 14 70 M M 4 20 50
21 74 68 71 M 0 6 0.55 M M 8.0 13 20 M M 10 1 18 20
22 70 68 69 M 0 4 1.35 M M 8.7 10 10 M M 10 1 17 30
23 78 66 72 M 0 7 0.00 M M 7.8 13 350 M M 10 1 20 350
24 78 64 71 M 0 6 0.00 M M 3.5 9 350 M M 8 M M
25 87 59 73 M 0 8 0.00 M M 1.1 6 170 M M 1 1 M M
26 90 63 77 M 0 12 0.00 M M 3.9 9 190 M M 3 12 16 180
27 93 77 85 M 0 20 0.00 M M 10.2 14 190 M M 6 22 190
28 82 66 74 M 0 9 0.00 M M 11.0 18 20 M M 5 29 360
29 83 58 71 M 0 6 0.00 M M 4.4 8 30 M M 0 M M
30 88 53 71 M 0 6 0.00 M M 2.9 9 200 M M 0 M M
================================================================================
SM 2637 2068 0 409 4.62 M 170.8 M 115
================================================================================
AV 87.9 68.9 5.7 FASTST M M 4 MAX(MPH)
MISC ----> # 20 220 # 32 220
================================================================================
NOTES:
# LAST OF SEVERAL OCCURRENCES
COLUMN 17 PEAK WIND IN M.P.H.
PRELIMINARY LOCAL CLIMATOLOGICAL DATA (WS FORM: F-6) , PAGE 2
STATION: Giddings-Lee County Airport
MONTH: SEPTEMBER
YEAR: 2020
LATITUDE: 30 10 N
LONGITUDE: 96 59 W
[TEMPERATURE DATA] [PRECIPITATION DATA] SYMBOLS USED IN COLUMN 16
AVERAGE MONTHLY: 78.4 TOTAL FOR MONTH: 4.62 1 = FOG OR MIST
DPTR FM NORMAL: M DPTR FM NORMAL: M 2 = FOG REDUCING VISIBILITY
HIGHEST: 103 ON 1 GRTST 24HR 1.35 ON 22-22 TO 1/4 MILE OR LESS
LOWEST: 53 ON 30 3 = THUNDER
SNOW, ICE PELLETS, HAIL 4 = ICE PELLETS
TOTAL MONTH: M 5 = HAIL
GRTST 24HR M ON M 6 = FREEZING RAIN OR DRIZZLE
GRTST DEPTH: M ON M 7 = DUSTSTORM OR SANDSTORM:
VSBY 1/2 MILE OR LESS
8 = SMOKE OR HAZE
[NO. OF DAYS WITH] [WEATHER - DAYS WITH] 9 = BLOWING SNOW
X = TORNADO
MAX 32 OR BELOW: 0 0.01 INCH OR MORE: 12
MAX 90 OR ABOVE: 16 0.10 INCH OR MORE: 7
MIN 32 OR BELOW: 0 0.50 INCH OR MORE: 3
MIN 0 OR BELOW: 0 1.00 INCH OR MORE: 2
[HDD (BASE 65) ]
TOTAL THIS MO. 0 CLEAR (SCALE 0-3) 15
DPTR FM NORMAL M PTCLDY (SCALE 4-7) 11
TOTAL FM JUL 1 0 CLOUDY (SCALE 8-10) 4
DPTR FM NORMAL M
[CDD (BASE 65) ]
TOTAL THIS MO. 409
DPTR FM NORMAL M [PRESSURE DATA]
TOTAL FM JAN 1 3012 HIGHEST SLP M ON M
DPTR FM NORMAL M LOWEST SLP M ON M
[REMARKS]
#FINAL-09-20#