000
CXUS54 KEWX 011010
CF6GYB
PRELIMINARY LOCAL CLIMATOLOGICAL DATA (WS FORM: F-6)
STATION: Giddings-Lee County Airport
MONTH: MARCH
YEAR: 2020
LATITUDE: 30 10 N
LONGITUDE: 96 59 W
TEMPERATURE IN F: :PCPN: SNOW: WIND :SUNSHINE: SKY :PK WND
================================================================================
1 2 3 4 5 6A 6B 7 8 9 10 11 12 13 14 15 16 17 18
12Z AVG MX 2MIN
DY MAX MIN AVG DEP HDD CDD WTR SNW DPTH SPD SPD DIR MIN PSBL S-S WX SPD DR
================================================================================
1 77 60 69 M 0 4 0.00 M M 9.8 22 200 M M 4 30 200
2 78 64 71 M 0 6 0.00 M M 7.2 13 180 M M 6 1 21 200
3 72 56 64 M 1 0 0.00 M M 3.4 10 110 M M 6 12 M M
4 66 55 61 M 4 0 0.24 M M 8.2 17 30 M M 10 1 27 30
5 73 49 61 M 4 0 0.00 M M 7.2 14 350 M M 1 23 360
6 72 47 60 M 5 0 0.00 M M 5.8 14 50 M M 0 20 60
7 65 43 54 M 11 0 0.00 M M 3.1 10 130 M M 1 M M
8 75 47 61 M 4 0 0.00 M M 8.0 14 170 M M 3 1 22 170
9 67 60 64 M 1 0 0.07 M M 7.1 15 200 M M 6 24 190
10 79 53 66 M 0 1 0.00 M M 2.9 7 190 M M 6 12 M M
11 82 61 72 M 0 7 0.00 M M 6.7 9 190 M M 4 1 17 180
12 85 68 77 M 0 12 0.00 M M 9.3 14 200 M M 5 20 210
13 82 64 73 M 0 8 0.00 M M 7.2 13 160 M M 8 1 21 150
14 83 67 75 M 0 10 0.00 M M 6.2 13 160 M M 6 20 160
15 70 55 63 M 2 0 0.09 M M 4.3 9 30 M M 9 18 M M
16 71 55 63 M 2 0 0.00 M M 3.8 9 340 M M 9 1 M M
17 81 63 72 M 0 7 0.00 M M 7.1 14 160 M M 7 1 21 200
18 81 67 74 M 0 9 0.00 M M 9.0 13 160 M M 7 18 22 160
19 82 69 76 M 0 11 0.05 M M 8.5 16 190 M M 5 1 28 190
20 71 49 60 M 5 0 1.23 M M 8.2 14 360 M M 9 1 22 350
21 55 47 51 M 14 0 0.94 M M 6.6 13 310 M M 10 1 16 20
22 68 53 61 M 4 0 0.04 M M 3.7 8 90 M M 10 1 M M
23 84 64 74 M 0 9 0.00 M M 7.4 14 190 M M 8 1 20 160
24 88 61 75 M 0 10 0.00 M M 3.9 9 220 M M 4 1 17 190
25 88 58 73 M 0 8 0.00 M M 3.9 10 180 M M 4 12 M M
26 88 65 77 M 0 12 0.00 M M 7.8 13 200 M M 5 1 20 180
27 90 68 79 M 0 14 0.00 M M 9.3 17 190 M M 5 1 29 190
28 74 52 63 M 2 0 0.01 M M 4.5 9 360 M M 4 1 16 160
29 78 49 64 M 1 0 0.00 M M 3.7 9 90 M M 3 8 M M
30 77 66 72 M 0 7 0.00 M M 4.7 8 140 M M 9 18 M M
31 71 54 63 M 2 0 0.00 M M 7.2 15 10 M M 4 1 24 350
================================================================================
SM 2373 1789 62 135 2.67 M 195.7 M 178
================================================================================
AV 76.6 57.7 6.3 FASTST M M 6 MAX(MPH)
MISC ----> # 22 200 # 30 200
================================================================================
NOTES:
# LAST OF SEVERAL OCCURRENCES
COLUMN 17 PEAK WIND IN M.P.H.
PRELIMINARY LOCAL CLIMATOLOGICAL DATA (WS FORM: F-6) , PAGE 2
STATION: Giddings-Lee County Airport
MONTH: MARCH
YEAR: 2020
LATITUDE: 30 10 N
LONGITUDE: 96 59 W
[TEMPERATURE DATA] [PRECIPITATION DATA] SYMBOLS USED IN COLUMN 16
AVERAGE MONTHLY: 67.1 TOTAL FOR MONTH: 2.67 1 = FOG OR MIST
DPTR FM NORMAL: M DPTR FM NORMAL: M 2 = FOG REDUCING VISIBILITY
HIGHEST: 90 ON 27 GRTST 24HR 1.23 ON 20-20 TO 1/4 MILE OR LESS
LOWEST: 43 ON 7 3 = THUNDER
SNOW, ICE PELLETS, HAIL 4 = ICE PELLETS
TOTAL MONTH: M 5 = HAIL
GRTST 24HR M ON M 6 = FREEZING RAIN OR DRIZZLE
GRTST DEPTH: M ON M 7 = DUSTSTORM OR SANDSTORM:
VSBY 1/2 MILE OR LESS
8 = SMOKE OR HAZE
[NO. OF DAYS WITH] [WEATHER - DAYS WITH] 9 = BLOWING SNOW
X = TORNADO
MAX 32 OR BELOW: 0 0.01 INCH OR MORE: 8
MAX 90 OR ABOVE: 1 0.10 INCH OR MORE: 3
MIN 32 OR BELOW: 0 0.50 INCH OR MORE: 2
MIN 0 OR BELOW: 0 1.00 INCH OR MORE: 1
[HDD (BASE 65) ]
TOTAL THIS MO. 62 CLEAR (SCALE 0-3) 4
DPTR FM NORMAL M PTCLDY (SCALE 4-7) 20
TOTAL FM JUL 1 1340 CLOUDY (SCALE 8-10) 7
DPTR FM NORMAL M
[CDD (BASE 65) ]
TOTAL THIS MO. 135
DPTR FM NORMAL M [PRESSURE DATA]
TOTAL FM JAN 1 145 HIGHEST SLP M ON M
DPTR FM NORMAL M LOWEST SLP M ON M
[REMARKS]
#FINAL-03-20#