000
CXUS51 KGYX 012111
CF6GYX
PRELIMINARY LOCAL CLIMATOLOGICAL DATA (WS FORM: F-6)
STATION: GRAY ME
MONTH: AUGUST
YEAR: 2022
LATITUDE: 43 53 N
LONGITUDE: 70 15 W
TEMPERATURE IN F: :PCPN: SNOW: WIND :SUNSHINE: SKY :PK WND
================================================================================
1 2 3 4 5 6A 6B 7 8 9 10 11 12 13 14 15 16 17 18
12Z AVG MX 2MIN
DY MAX MIN AVG DEP HDD CDD WTR SNW DPTH SPD SPD DIR MIN PSBL S-S WX SPD DR
================================================================================
1 84 63 74 4 0 9 0.00 0.0 0 M M M M M M M M
2 86 62 74 4 0 9 0.00 0.0 0 M M M M M M 1 M M
3 82 65 74 4 0 9 0.00 0.0 0 M M M M M M M M
4 89 64 77 7 0 12 0.00 0.0 0 M M M M M M M M
5 88 71 80 10 0 15 T 0.0 0 M M M M M M 3 M M
6 89 71 80 10 0 15 0.00 0.0 0 M M M M M M M M
7 94 73 84 14 0 19 0.01 0.0 0 M M M M M M M M
8 89 62 76 6 0 11 0.37 0.0 0 M M M M M M M M
9 80 62 71 2 0 6 0.11 0.0 0 M M M M M M M M
10 70 61 66 -3 0 1 0.03 0.0 0 M M M M M M M M
11 74 60 67 -2 0 2 0.22 0.0 0 M M M M M M M M
12 77 59 68 -1 0 3 T 0.0 0 M M M M M M M M
13 74 56 65 -4 0 0 0.00 0.0 0 M M M M M M M M
14 82 60 71 2 0 6 0.00 0.0 0 M M M M M M M M
15 83 58 71 2 0 6 0.00 0.0 0 M M M M M M M M
16 82 57 70 1 0 5 0.00 0.0 0 M M M M M M 1 M M
17 67 58 63 -6 2 0 0.49 0.0 0 M M M M M M M M
18 70 58 64 -5 1 0 0.24 0.0 0 M M M M M M M M
19 86 60 73 5 0 8 0.00 0.0 0 M M M M M M M M
20 86 61 74 6 0 9 0.00 0.0 0 M M M M M M M M
21 84 62 73 5 0 8 0.00 0.0 0 M M M M M M M M
22 76 61 69 1 0 4 0.55 0.0 0 M M M M M M M M
23 79 65 72 4 0 7 T 0.0 0 M M M M M M M M
24 80 64 72 4 0 7 0.24 0.0 0 M M M M M M 1 M M
25 84 64 74 6 0 9 T 0.0 0 M M M M M M M M
26 73 60 67 0 0 2 0.26 0.0 0 M M M M M M 1 M M
27 73 61 67 0 0 2 T 0.0 0 M M M M M M 1 M M
28 75 60 68 1 0 3 0.00 0.0 0 M M M M M M 1 M M
29 82 59 71 4 0 6 0.00 0.0 0 M M M M M M M M
30 85 67 76 10 0 11 0.00 0.0 0 M M M M M M M M
31 80 60 70 4 0 5 1.73 0.0 0 M M M M M M M M
================================================================================
SM 2503 1924 3 209 4.25 0.0 M M M
================================================================================
AV 80.7 62.1 M FASTST M M M MAX(MPH)
MISC ----> M M M M
================================================================================
NOTES:
# LAST OF SEVERAL OCCURRENCES
COLUMN 17 PEAK WIND IN M.P.H.
PRELIMINARY LOCAL CLIMATOLOGICAL DATA (WS FORM: F-6) , PAGE 2
STATION: GRAY ME
MONTH: AUGUST
YEAR: 2022
LATITUDE: 43 53 N
LONGITUDE: 70 15 W
[TEMPERATURE DATA] [PRECIPITATION DATA] SYMBOLS USED IN COLUMN 16
AVERAGE MONTHLY: 71.4 TOTAL FOR MONTH: 4.25 1 = FOG OR MIST
DPTR FM NORMAL: 2.8 DPTR FM NORMAL: 0.41 2 = FOG REDUCING VISIBILITY
HIGHEST: 94 ON 7 GRTST 24HR 1.73 ON 31-31 TO 1/4 MILE OR LESS
LOWEST: 56 ON 13 3 = THUNDER
SNOW, ICE PELLETS, HAIL 4 = ICE PELLETS
TOTAL MONTH: 0.0 INCH 5 = HAIL
GRTST 24HR 0.0 6 = FREEZING RAIN OR DRIZZLE
GRTST DEPTH: 0 7 = DUSTSTORM OR SANDSTORM:
VSBY 1/2 MILE OR LESS
8 = SMOKE OR HAZE
[NO. OF DAYS WITH] [WEATHER - DAYS WITH] 9 = BLOWING SNOW
X = TORNADO
MAX 32 OR BELOW: 0 0.01 INCH OR MORE: 11
MAX 90 OR ABOVE: 1 0.10 INCH OR MORE: 9
MIN 32 OR BELOW: 0 0.50 INCH OR MORE: 2
MIN 0 OR BELOW: 0 1.00 INCH OR MORE: 1
[HDD (BASE 65) ]
TOTAL THIS MO. 3 CLEAR (SCALE 0-3) 0
DPTR FM NORMAL -18 PTCLDY (SCALE 4-7) 0
TOTAL FM JUL 1 3 CLOUDY (SCALE 8-10) 31
DPTR FM NORMAL -28
[CDD (BASE 65) ]
TOTAL THIS MO. 209
DPTR FM NORMAL 78 [PRESSURE DATA]
TOTAL FM JAN 1 550 HIGHEST SLP M ON M
DPTR FM NORMAL 193 LOWEST SLP M ON M
[REMARKS]
#FINAL-08-22#