000
CXUS54 KJAN 022129
CF6HBG
PRELIMINARY LOCAL CLIMATOLOGICAL DATA (WS FORM: F-6)
STATION: HATTIESBURG
MONTH: SEPTEMBER
YEAR: 2023
LATITUDE: 31 16 N
LONGITUDE: 89 15 W
TEMPERATURE IN F: :PCPN: SNOW: WIND :SUNSHINE: SKY :PK WND
================================================================================
1 2 3 4 5 6A 6B 7 8 9 10 11 12 13 14 15 16 17 18
12Z AVG MX 2MIN
DY MAX MIN AVG DEP HDD CDD WTR SNW DPTH SPD SPD DIR MIN PSBL S-S WX SPD DR
================================================================================
1 94 73 84 4 0 19 0.05 0.0 0 3.3 14 110 M M 4 1 18 100
2 93 76 85 5 0 20 0.00 0.0 0 3.5 20 100 M M 6 28 100
3 96 76 86 6 0 21 0.00 0.0 0 5.2 15 160 M M 3 21 160
4 91 74 83 3 0 18 0.00 0.0 0 3.3 16 180 M M 2 20 170
5 97 74 86 6 0 21 0.00 0.0 0 3.4 13 130 M M 5 3 20 110
6 99 70 85 5 0 20 0.00 0.0 0 3.4 10 60 M M 1 16 50
7 102 73 88 8 0 23 0.53 0.0 0 5.1 25 270 M M 3 13 42 250
8 93 70 82 3 0 17 0.00 0.0 0 2.9 15 10 M M 1 1 22 360
9 93 66 80 1 0 15 0.00 0.0 0 3.0 14 20 M M 1 23 360
10 94 67 81 2 0 16 0.00 0.0 0 3.0 12 320 M M 1 16 320
11 96 66 81 2 0 16 0.00 0.0 0 2.9 12 150 M M 2 16 140
12 97 72 85 7 0 20 0.00 0.0 0 3.7 14 180 M M 1 1 18 180
13 96 73 85 7 0 20 0.00 0.0 0 4.1 14 20 M M 1 20 40
14 92 74 83 5 0 18 0.00 0.0 0 3.0 13 10 M M 5 19 20
15 94 72 83 5 0 18 0.00 0.0 0 2.6 10 320 M M 6 18 320
16 97 72 85 7 0 20 0.00 0.0 0 4.1 16 270 M M 2 22 320
17 94 66 80 3 0 15 0.00 0.0 0 5.2 17 10 M M 1 24 20
18 93 59 76 -1 0 11 0.00 0.0 0 2.6 13 280 M M 0 17 40
19 94 58 76 -1 0 11 0.00 0.0 0 3.7 13 140 M M 1 8 18 240
20 92 60 76 -1 0 11 0.00 0.0 0 4.1 16 130 M M 2 23 130
21 95 66 81 5 0 16 0.00 0.0 0 2.9 12 60 M M 2 18 60
22 94 67 81 5 0 16 0.00 0.0 0 3.1 13 40 M M 1 20 40
23 95 66 81 5 0 16 0.00 0.0 0 2.4 12 30 M M 2 16 30
24 96 69 83 8 0 18 0.00 0.0 0 3.7 18 320 M M 1 30 320
25 90 73 82 7 0 17 0.96 0.0 0 2.6 16 40 M M 6 13 21 50
26 92 72 82 7 0 17 0.00 0.0 0 2.8 10 350 M M 3 1 13 30
27 88 68 78 4 0 13 0.00 0.0 0 4.1 14 80 M M 1 1 20 80
28 80 66 73 -1 0 8 0.00 0.0 0 3.7 13 60 M M 5 1 16 60
29 90 62 76 2 0 11 0.00 0.0 0 2.8 12 50 M M 0 19 110
30 92 60 76 2 0 11 0.00 0.0 0 3.1 15 30 M M 0 22 60
================================================================================
SM 2809 2060 0 493 1.54 0.0 103.3 M 69
================================================================================
AV 93.6 68.7 3.4 FASTST M M 2 MAX(MPH)
MISC ----> 25 270 42 250
================================================================================
NOTES:
# LAST OF SEVERAL OCCURRENCES
COLUMN 17 PEAK WIND IN M.P.H.
PRELIMINARY LOCAL CLIMATOLOGICAL DATA (WS FORM: F-6) , PAGE 2
STATION: HATTIESBURG
MONTH: SEPTEMBER
YEAR: 2023
LATITUDE: 31 16 N
LONGITUDE: 89 15 W
[TEMPERATURE DATA] [PRECIPITATION DATA] SYMBOLS USED IN COLUMN 16
AVERAGE MONTHLY: 81.1 TOTAL FOR MONTH: 1.54 1 = FOG OR MIST
DPTR FM NORMAL: 3.7 DPTR FM NORMAL: -2.61 2 = FOG REDUCING VISIBILITY
HIGHEST: 102 ON 7 GRTST 24HR 0.96 ON 25-25 TO 1/4 MILE OR LESS
LOWEST: 58 ON 19 3 = THUNDER
SNOW, ICE PELLETS, HAIL 4 = ICE PELLETS
TOTAL MONTH: 0.0 INCH 5 = HAIL
GRTST 24HR 0.0 6 = FREEZING RAIN OR DRIZZLE
GRTST DEPTH: 0 7 = DUSTSTORM OR SANDSTORM:
VSBY 1/2 MILE OR LESS
8 = SMOKE OR HAZE
[NO. OF DAYS WITH] [WEATHER - DAYS WITH] 9 = BLOWING SNOW
X = TORNADO
MAX 32 OR BELOW: 0 0.01 INCH OR MORE: 3
MAX 90 OR ABOVE: 28 0.10 INCH OR MORE: 2
MIN 32 OR BELOW: 0 0.50 INCH OR MORE: 2
MIN 0 OR BELOW: 0 1.00 INCH OR MORE: 0
[HDD (BASE 65) ]
TOTAL THIS MO. 0 CLEAR (SCALE 0-3) 21
DPTR FM NORMAL -2 PTCLDY (SCALE 4-7) 9
TOTAL FM JUL 1 0 CLOUDY (SCALE 8-10) 0
DPTR FM NORMAL 0
[CDD (BASE 65) ]
TOTAL THIS MO. 493
DPTR FM NORMAL 118 [PRESSURE DATA]
TOTAL FM JAN 1 2995 HIGHEST SLP 30.12 ON 30
DPTR FM NORMAL 697 LOWEST SLP 29.82 ON 7
[REMARKS]
#FINAL-09-23#