000
CXUS54 KOUN 010810
CF6HBR
PRELIMINARY LOCAL CLIMATOLOGICAL DATA (WS FORM: F-6)
STATION: HOBART
MONTH: MARCH
YEAR: 2022
LATITUDE: 35 0 N
LONGITUDE: 99 3 W
TEMPERATURE IN F: :PCPN: SNOW: WIND :SUNSHINE: SKY :PK WND
================================================================================
1 2 3 4 5 6A 6B 7 8 9 10 11 12 13 14 15 16 17 18
12Z AVG MX 2MIN
DY MAX MIN AVG DEP HDD CDD WTR SNW DPTH SPD SPD DIR MIN PSBL S-S WX SPD DR
================================================================================
1 73 26 50 3 15 0 0.00 0.0 0 9.6 18 230 M M 0 26 220
2 75 31 53 6 12 0 0.00 0.0 0 9.3 24 220 M M 0 29 210
3 79 34 57 9 8 0 0.00 M M 10.3 20 210 M M 0 27 180
4 77 47 62 14 3 0 0.00 M M 19.0 31 200 M M 1 39 220
5 80 46 63 15 2 0 0.00 M M 20.3 37 250 M M 0 48 240
6 47 26 37 -12 28 0 0.00 M M 18.4 28 60 M M 0 18 33 60
7 44 22 33 -16 32 0 0.00 0.0 M 11.0 21 20 M M 0 8 26 360
8 49 23 36 -13 29 0 0.00 0.0 M 5.5 13 30 M M 0 15 30
9 56 19 38 -12 27 0 0.00 0.0 M 9.3 17 140 M M 0 25 200
10 44 26 35 -15 30 0 0.00 M M 16.8 26 30 M M 0 32 20
11 40 20 30 -20 35 0 T M M 15.0 28 20 M M 0 18 34 20
12 59 14 37 -14 28 0 0.00 M M 14.3 28 220 M M 0 36 230
13 70 31 51 0 14 0 0.00 M M 20.9 33 180 M M 0 8 41 190
14 71 44 58 7 7 0 0.00 0.0 0 18.4 30 180 M M 0 37 190
15 68 39 54 2 11 0 0.00 0.0 0 13.0 23 10 M M 0 28 340
16 82 36 59 7 6 0 0.00 M M 18.4 29 200 M M 0 38 220
17 75 41 58 6 7 0 T M M 20.9 40 340 M M 0 3 50 340
18 63 35 49 -4 16 0 0.00 M M 18.0 35 350 M M 0 43 350
19 74 28 51 -2 14 0 0.00 M M 10.1 24 230 M M 0 35 250
20 81 44 63 10 2 0 0.00 M M 20.6 38 200 M M 0 44 180
21 62 45 54 0 11 0 0.47 M M 14.9 28 170 M M 0 13 36 170
22 48 34 41 -13 24 0 0.00 M M 23.1 40 360 M M 0 50 10
23 57 32 45 -9 20 0 0.00 M M 14.6 29 340 M M 0 35 360
24 69 28 49 -5 16 0 0.00 M M 10.2 22 340 M M 0 32 320
25 77 35 56 1 9 0 0.00 M M 11.6 24 60 M M 0 8 31 50
26 74 39 57 2 8 0 0.00 M M 9.5 16 140 M M 0 20 130
27 78 42 60 5 5 0 0.00 M M 13.6 21 50 M M 0 26 50
28 86 38 62 6 3 0 0.00 M M 14.1 28 180 M M 0 33 180
29 85 61 73 17 0 8 0.03 M M 23.8 39 170 M M 0 48 170
30 66 41 54 -2 11 0 T M M 17.5 36 10 M M 5 45 360
31 66 30 48 -8 17 0 0.00 M M 9.9 26 340 M M 1 32 340
================================================================================
SM 2075 1057 450 8 0.50 0.0 461.9 M 7
================================================================================
AV 66.9 34.1 14.9 FASTST M M 0 MAX(MPH)
MISC ----> # 40 360 # 50 10
================================================================================
NOTES:
# LAST OF SEVERAL OCCURRENCES
COLUMN 17 PEAK WIND IN M.P.H.
PRELIMINARY LOCAL CLIMATOLOGICAL DATA (WS FORM: F-6) , PAGE 2
STATION: HOBART
MONTH: MARCH
YEAR: 2022
LATITUDE: 35 0 N
LONGITUDE: 99 3 W
[TEMPERATURE DATA] [PRECIPITATION DATA] SYMBOLS USED IN COLUMN 16
AVERAGE MONTHLY: 50.5 TOTAL FOR MONTH: 0.50 1 = FOG OR MIST
DPTR FM NORMAL: -1.4 DPTR FM NORMAL: -1.35 2 = FOG REDUCING VISIBILITY
HIGHEST: 86 ON 28 GRTST 24HR 0.47 ON 21-21 TO 1/4 MILE OR LESS
LOWEST: 14 ON 12 3 = THUNDER
SNOW, ICE PELLETS, HAIL 4 = ICE PELLETS
TOTAL MONTH: 0.0 INCH 5 = HAIL
GRTST 24HR 0.0 6 = FREEZING RAIN OR DRIZZLE
GRTST DEPTH: 0 7 = DUSTSTORM OR SANDSTORM:
VSBY 1/2 MILE OR LESS
8 = SMOKE OR HAZE
[NO. OF DAYS WITH] [WEATHER - DAYS WITH] 9 = BLOWING SNOW
X = TORNADO
MAX 32 OR BELOW: 0 0.01 INCH OR MORE: 2
MAX 90 OR ABOVE: 0 0.10 INCH OR MORE: 1
MIN 32 OR BELOW: 14 0.50 INCH OR MORE: 0
MIN 0 OR BELOW: 0 1.00 INCH OR MORE: 0
[HDD (BASE 65) ]
TOTAL THIS MO. 450 CLEAR (SCALE 0-3) 30
DPTR FM NORMAL 35 PTCLDY (SCALE 4-7) 1
TOTAL FM JUL 1 2920 CLOUDY (SCALE 8-10) 0
DPTR FM NORMAL -252
[CDD (BASE 65) ]
TOTAL THIS MO. 8
DPTR FM NORMAL -2 [PRESSURE DATA]
TOTAL FM JAN 1 8 HIGHEST SLP M ON M
DPTR FM NORMAL -3 LOWEST SLP 29.29 ON 29
[REMARKS]
#FINAL-03-22#