000
CXUS54 KOUN 190810
CF6HBR
PRELIMINARY LOCAL CLIMATOLOGICAL DATA (WS FORM: F-6)
STATION: HOBART
MONTH: APRIL
YEAR: 2024
LATITUDE: 35 0 N
LONGITUDE: 99 3 W
TEMPERATURE IN F: :PCPN: SNOW: WIND :SUNSHINE: SKY :PK WND
================================================================================
1 2 3 4 5 6A 6B 7 8 9 10 11 12 13 14 15 16 17 18
12Z AVG MX 2MIN
DY MAX MIN AVG DEP HDD CDD WTR SNW DPTH SPD SPD DIR MIN PSBL S-S WX SPD DR
================================================================================
1 76 49 63 6 2 0 0.07 M M 10.6 29 330 M M 3 138 37 330
2 65 37 51 -6 14 0 0.00 M M 16.0 29 360 M M 5 1 37 360
3 72 36 54 -3 11 0 0.00 M M 10.9 28 20 M M 0 8 34 20
4 80 40 60 3 5 0 0.00 M M 9.8 17 90 M M 0 25 90
5 84 42 63 5 2 0 M M M 13.0 28 170 M M 0 39 150
6 84 49 67 9 0 2 0.00 M M 21.5 36 270 M M 0 52 280
7 75 41 58 0 7 0 0.00 M M 12.0 26 290 M M 0 8 34 260
8 73 36 55 -3 10 0 0.00 M M 13.6 22 60 M M 0 29 60
9 62 41 52 -6 13 0 1.13 M M 19.6 36 350 M M 0 138 45 350
10 71 42 57 -2 8 0 0.02 M M 16.7 25 20 M M 0 38 350
11 71 46 59 0 6 0 0.00 M M 12.8 25 10 M M 0 35 10
12 79 42 61 2 4 0 0.00 M M 14.2 26 190 M M 0 35 210
13 85 53 69 10 0 4 0.00 M M 18.8 31 200 M M 0 37 190
14 94 58 76 16 0 11 0.00 0.0 M 15.2 22 170 M M 0 32 170
15 78 65 72 12 0 7 0.00 0.0 M 21.8 37 160 M M 2 3 50 170
16 85 51 68 8 0 3 0.00 0.0 M 13.7 30 200 M M 1 40 190
17 91 53 72 12 0 7 0.00 0.0 M 14.7 26 160 M M 1 18 38 160
18 70 49 60 -1 5 0 0.00 M M 20.3 33 350 M M 4 18 44 330
================================================================================
SM 1395 830 87 34 1.22 0.0 275.2 M 16
================================================================================
AV 77.5 46.1 15.3 FASTST M M 1 MAX(MPH)
MISC ----> 37 160 52 280
================================================================================
NOTES:
# LAST OF SEVERAL OCCURRENCES
COLUMN 17 PEAK WIND IN M.P.H.
PRELIMINARY LOCAL CLIMATOLOGICAL DATA (WS FORM: F-6) , PAGE 2
STATION: HOBART
MONTH: APRIL
YEAR: 2024
LATITUDE: 35 0 N
LONGITUDE: 99 3 W
[TEMPERATURE DATA] [PRECIPITATION DATA] SYMBOLS USED IN COLUMN 16
AVERAGE MONTHLY: 61.8 TOTAL FOR MONTH: 1.22 1 = FOG OR MIST
DPTR FM NORMAL: 3.2 DPTR FM NORMAL: -0.32 2 = FOG REDUCING VISIBILITY
HIGHEST: 94 ON 14 GRTST 24HR 1.13 ON 9- 9 TO 1/4 MILE OR LESS
LOWEST: 36 ON 8, 3 3 = THUNDER
SNOW, ICE PELLETS, HAIL 4 = ICE PELLETS
TOTAL MONTH: 0.0 INCH 5 = HAIL
GRTST 24HR 0.0 6 = FREEZING RAIN OR DRIZZLE
GRTST DEPTH: M ON M 7 = DUSTSTORM OR SANDSTORM:
VSBY 1/2 MILE OR LESS
8 = SMOKE OR HAZE
[NO. OF DAYS WITH] [WEATHER - DAYS WITH] 9 = BLOWING SNOW
X = TORNADO
MAX 32 OR BELOW: 0 0.01 INCH OR MORE: 3
MAX 90 OR ABOVE: 2 0.10 INCH OR MORE: 1
MIN 32 OR BELOW: 0 0.50 INCH OR MORE: 1
MIN 0 OR BELOW: 0 1.00 INCH OR MORE: 1
[HDD (BASE 65) ]
TOTAL THIS MO. 87 CLEAR (SCALE 0-3) 16
DPTR FM NORMAL -49 PTCLDY (SCALE 4-7) 2
TOTAL FM JUL 1 2924 CLOUDY (SCALE 8-10) 0
DPTR FM NORMAL -384
[CDD (BASE 65) ]
TOTAL THIS MO. 34
DPTR FM NORMAL 14 [PRESSURE DATA]
TOTAL FM JAN 1 40 HIGHEST SLP M ON M
DPTR FM NORMAL 9 LOWEST SLP 29.51 ON 1
[REMARKS]