000
CXUS53 KGID 011441 RRA
CF6HDE
PRELIMINARY LOCAL CLIMATOLOGICAL DATA (WS FORM: F-6)
STATION: HOLDREGE
MONTH: JULY
YEAR: 2020
LATITUDE: 40 27 N
LONGITUDE: 99 20 W
TEMPERATURE IN F: :PCPN: SNOW: WIND :SUNSHINE: SKY :PK WND
================================================================================
1 2 3 4 5 6A 6B 7 8 9 10 11 12 13 14 15 16 17 18
12Z AVG MX 2MIN
DY MAX MIN AVG DEP HDD CDD WTR SNW DPTH SPD SPD DIR MIN PSBL S-S WX SPD DR
================================================================================
1 89 61 75 1 0 10 0.00 M M 9.6 14 70 M M 0 17 50
2 89 65 77 3 0 12 0.17 M M 11.5 31 250 M M 5 13 39 250
3 87 64 76 2 0 11 0.01 M M 7.8 16 40 M M 1 16 140
4 88 64 76 1 0 11 0.00 M M 5.3 10 100 M M 1 M M
5 86 65 76 1 0 11 0.00 M M 3.1 8 110 M M 2 1 M M
6 91 67 79 4 0 14 0.00 M M 5.6 10 150 M M 0 1 16 150
7 92 68 80 5 0 15 0.00 M M 11.2 18 160 M M 1 25 170
8 94 64 79 4 0 14 0.68 M M 13.9 21 360 M M 2 38 44 270
9 83 61 72 -3 0 7 T M M 7.2 32 40 M M 2 13 45 40
10 90 65 78 3 0 13 T M M 8.5 20 40 M M 1 3 24 130
11 85 64 75 0 0 10 0.00 M M 8.1 14 20 M M 2 20 60
12 87 59 73 -2 0 8 T M M 4.7 14 130 M M 0 20 140
13 93 64 79 4 0 14 0.14 M M 10.9 20 200 M M 1 3 29 310
14 78 64 71 -4 0 6 T M M 9.9 22 150 M M 7 3 31 150
15 80 62 71 -4 0 6 0.00 M M 6.6 17 360 M M 2 23 10
16 89 64 77 2 0 12 0.00 M M 8.1 14 140 M M 2 1 22 140
17 93 72 83 8 0 18 0.00 M M 10.1 15 150 M M 0 21 160
18 97 73 85 10 0 20 0.00 M M 8.6 18 20 M M 1 3 23 20
19 87 67 77 2 0 12 0.00 M M 7.3 15 130 M M 2 13 18 130
20 85 65 75 0 0 10 0.77 M M 8.0 16 130 M M 7 3 16 100
21 82 63 73 -2 0 8 0.03 M M 5.8 10 70 M M 3 M M
22 87 67 77 2 0 12 0.03 M M 8.8 16 140 M M 4 22 150
23 88 71 80 5 0 15 0.00 M M 11.8 17 160 M M 0 25 160
24 91 74 83 8 0 18 0.00 M M 13.5 21 160 M M 3 31 160
25 93 74 84 9 0 19 0.00 M M 13.9 21 210 M M 1 3 30 210
26 85 71 78 3 0 13 T M M 7.6 15 20 M M 4 22 40
27 83 65 74 -1 0 9 0.00 M M 7.6 13 70 M M 6 18 M M
28 85 64 75 0 0 10 0.00 M M 4.2 9 170 M M 4 12 M M
29 87 66 77 2 0 12 0.78 M M 5.3 16 330 M M 5 123 24 20
30 73 64 69 -6 0 4 0.50 M M 7.8 20 60 M M 7 25 60
31 80 58 69 -6 0 4 0.00 M M 3.6 6 100 M M 1 M M
================================================================================
SM 2697 2035 0 358 3.11 M 255.9 M 77
================================================================================
AV 87.0 65.7 8.3 FASTST M M 2 MAX(MPH)
MISC ----> # 32 40 # M M
================================================================================
NOTES:
# LAST OF SEVERAL OCCURRENCES
COLUMN 17 PEAK WIND IN M.P.H.
PRELIMINARY LOCAL CLIMATOLOGICAL DATA (WS FORM: F-6) , PAGE 2
STATION: HOLDREGE
MONTH: JULY
YEAR: 2020
LATITUDE: 40 27 N
LONGITUDE: 99 20 W
[TEMPERATURE DATA] [PRECIPITATION DATA] SYMBOLS USED IN COLUMN 16
AVERAGE MONTHLY: 76.3 TOTAL FOR MONTH: 3.11 1 = FOG OR MIST
DPTR FM NORMAL: 1.3 DPTR FM NORMAL: -1.07 2 = FOG REDUCING VISIBILITY
HIGHEST: 97 ON 18 GRTST 24HR 0.78 ON 29-29 TO 1/4 MILE OR LESS
LOWEST: 58 ON 31 3 = THUNDER
SNOW, ICE PELLETS, HAIL 4 = ICE PELLETS
TOTAL MONTH: M 5 = HAIL
GRTST 24HR M ON M 6 = FREEZING RAIN OR DRIZZLE
GRTST DEPTH: M ON M 7 = DUSTSTORM OR SANDSTORM:
VSBY 1/2 MILE OR LESS
8 = SMOKE OR HAZE
[NO. OF DAYS WITH] [WEATHER - DAYS WITH] 9 = BLOWING SNOW
X = TORNADO
MAX 32 OR BELOW: 0 0.01 INCH OR MORE: 9
MAX 90 OR ABOVE: 9 0.10 INCH OR MORE: 6
MIN 32 OR BELOW: 0 0.50 INCH OR MORE: 4
MIN 0 OR BELOW: 0 1.00 INCH OR MORE: 0
[HDD (BASE 65) ]
TOTAL THIS MO. 0 CLEAR (SCALE 0-3) 22
DPTR FM NORMAL -3 PTCLDY (SCALE 4-7) 9
TOTAL FM JUL 1 0 CLOUDY (SCALE 8-10) 0
DPTR FM NORMAL -3
[CDD (BASE 65) ]
TOTAL THIS MO. 358
DPTR FM NORMAL 43 [PRESSURE DATA]
TOTAL FM JAN 1 721 HIGHEST SLP M ON M
DPTR FM NORMAL 171 LOWEST SLP M ON M
[REMARKS]
#FINAL-07-20#