000
CXUS51 KLWX 010815
CF6HGR
PRELIMINARY LOCAL CLIMATOLOGICAL DATA (WS FORM: F-6)
STATION: HAGERSTOWN MD
MONTH: SEPTEMBER
YEAR: 2023
LATITUDE: 39 42 N
LONGITUDE: 77 43 W
TEMPERATURE IN F: :PCPN: SNOW: WIND :SUNSHINE: SKY :PK WND
================================================================================
1 2 3 4 5 6A 6B 7 8 9 10 11 12 13 14 15 16 17 18
12Z AVG MX 2MIN
DY MAX MIN AVG DEP HDD CDD WTR SNW DPTH SPD SPD DIR MIN PSBL S-S WX SPD DR
================================================================================
1 81 53 67 -6 0 2 0.00 M M 4.6 10 250 M M 0 15 240
2 88 56 72 -1 0 7 0.00 M M 3.7 10 240 M M 0 16 250
3 94 66 80 8 0 15 0.00 M M 6.3 18 300 M M 0 24 290
4 97 74 86 14 0 21 0.00 M M 7.4 18 300 M M 0 23 320
5 96 70 83 11 0 18 0.00 M M 4.5 13 20 M M 0 18 340
6 96 69 83 11 0 18 0.00 M M 3.0 12 330 M M 1 16 320
7 91 M M M M M 0.25 M M 4.6 24 230 M M 4 13 33 220
8 84 67 76 5 0 11 0.03 M M 3.2 10 310 M M 6 1238 12 320
9 87 68 78 7 0 13 0.05 M M 3.5 30 140 M M 4 123 39 140
10 79 67 73 3 0 8 T M M 3.2 9 170 M M 5 1 13 170
11 85 66 76 6 0 11 0.14 M M 5.5 16 320 M M 5 128 21 360
12 86 59 73 3 0 8 0.23 M M 3.5 18 230 M M 2 1 23 240
13 81 64 73 3 0 8 0.00 M M 6.6 14 340 M M 7 1 19 330
14 76 56 66 -3 0 1 0.00 M M 7.0 15 330 M M 0 21 330
15 77 50 64 -5 1 0 0.00 M M 7.2 20 30 M M 0 26 20
16 81 49 65 -3 0 0 0.00 M M 4.2 12 250 M M 0 19 270
17 63 53 58 -10 7 0 0.89 0.0 0 4.3 10 10 M M 8 1 13 20
18 77 55 66 -2 0 1 0.08 M M 6.3 20 330 M M 5 12 27 330
19 75 54 65 -2 0 0 0.00 M M 6.8 20 290 M M 1 23 300
20 77 52 65 -2 0 0 0.00 M M 2.9 9 40 M M 3 14 60
21 78 54 66 -1 0 1 0.00 M M 3.5 12 340 M M 0 18 14 330
22 72 51 62 -4 3 0 0.00 M M 6.9 17 60 M M 2 21 60
23 62 55 59 -7 6 0 0.78 M M 14.7 22 40 M M 9 1 30 30
24 65 59 62 -3 3 0 0.83 M M 8.9 17 30 M M 10 1 24 20
25 69 58 64 -1 1 0 T M M 7.1 18 70 M M 10 1 23 80
26 61 56 59 -6 6 0 T M M 7.6 13 60 M M 10 1 17 60
27 69 54 62 -2 3 0 0.00 M M 5.8 13 60 M M 5 16 70
28 71 49 60 -4 5 0 T M M 6.2 14 80 M M 3 1 18 60
29 68 58 63 0 2 0 0.00 M M 6.2 12 20 M M 10 1 14 330
30 78 60 69 6 0 4 0.00 M M 6.3 16 30 M M 5 19 40
================================================================================
SM 2364 1702 37 147 3.28 0.0 171.5 M 115
================================================================================
AV 78.8 58.7 5.7 FASTST M M 4 MAX(MPH)
MISC ----> 30 140 39 140
================================================================================
NOTES:
# LAST OF SEVERAL OCCURRENCES
COLUMN 17 PEAK WIND IN M.P.H.
PRELIMINARY LOCAL CLIMATOLOGICAL DATA (WS FORM: F-6) , PAGE 2
STATION: HAGERSTOWN MD
MONTH: SEPTEMBER
YEAR: 2023
LATITUDE: 39 42 N
LONGITUDE: 77 43 W
[TEMPERATURE DATA] [PRECIPITATION DATA] SYMBOLS USED IN COLUMN 16
AVERAGE MONTHLY: 68.7 TOTAL FOR MONTH: 3.28 1 = FOG OR MIST
DPTR FM NORMAL: 0.3 DPTR FM NORMAL: -0.55 2 = FOG REDUCING VISIBILITY
HIGHEST: 97 ON 4 GRTST 24HR 1.33 ON 23-24 TO 1/4 MILE OR LESS
LOWEST: 49 ON 28,16 3 = THUNDER
SNOW, ICE PELLETS, HAIL 4 = ICE PELLETS
TOTAL MONTH: 0.0 INCH 5 = HAIL
GRTST 24HR 0.0 6 = FREEZING RAIN OR DRIZZLE
GRTST DEPTH: 0 7 = DUSTSTORM OR SANDSTORM:
VSBY 1/2 MILE OR LESS
8 = SMOKE OR HAZE
[NO. OF DAYS WITH] [WEATHER - DAYS WITH] 9 = BLOWING SNOW
X = TORNADO
MAX 32 OR BELOW: 0 0.01 INCH OR MORE: 9
MAX 90 OR ABOVE: 5 0.10 INCH OR MORE: 6
MIN 32 OR BELOW: 0 0.50 INCH OR MORE: 3
MIN 0 OR BELOW: 0 1.00 INCH OR MORE: 0
[HDD (BASE 65) ]
TOTAL THIS MO. 37 CLEAR (SCALE 0-3) 14
DPTR FM NORMAL -7 PTCLDY (SCALE 4-7) 11
TOTAL FM JUL 1 37 CLOUDY (SCALE 8-10) 5
DPTR FM NORMAL -8
[CDD (BASE 65) ]
TOTAL THIS MO. 147
DPTR FM NORMAL 2 [PRESSURE DATA]
TOTAL FM JAN 1 1142 HIGHEST SLP 30.38 ON 27
DPTR FM NORMAL -84 LOWEST SLP 29.79 ON 7
[REMARKS]
#FINAL-09-23#