000
CXUS54 KHGX 021158
CF6HGX
PRELIMINARY LOCAL CLIMATOLOGICAL DATA (WS FORM: F-6)
STATION: DICKINSON WFO
MONTH: FEBRUARY
YEAR: 2023
LATITUDE: 29 28 N
LONGITUDE: 95 5 W
TEMPERATURE IN F: :PCPN: SNOW: WIND :SUNSHINE: SKY :PK WND
================================================================================
1 2 3 4 5 6A 6B 7 8 9 10 11 12 13 14 15 16 17 18
12Z AVG MX 2MIN
DY MAX MIN AVG DEP HDD CDD WTR SNW DPTH SPD SPD DIR MIN PSBL S-S WX SPD DR
================================================================================
1 43 38 41 -15 24 0 0.12 0.0 0 M M M M M M 1 M M
2 42 39 41 -15 24 0 0.12 0.0 0 M M M M M M 1 M M
3 59 41 50 -6 15 0 0.00 0.0 0 M M M M M M 1 M M
4 63 38 51 -6 14 0 0.00 0.0 0 M M M M M M M M
5 73 49 61 4 4 0 0.00 0.0 0 M M M M M M M M
6 73 57 65 8 0 0 0.00 0.0 0 M M M M M M M M
7 77 63 70 13 0 5 0.04 0.0 0 M M M M M M M M
8 76 47 62 5 3 0 0.10 0.0 0 M M M M M M M M
9 71 42 57 -1 8 0 0.00 0.0 0 M M M M M M M M
10 64 45 55 -3 10 0 0.00 0.0 0 M M M M M M M M
11 54 39 47 -11 18 0 0.00 0.0 0 M M M M M M M M
12 65 38 52 -6 13 0 0.00 0.0 0 M M M M M M M M
13 72 44 58 0 7 0 0.00 0.0 0 M M M M M M M M
14 77 64 71 13 0 6 0.33 0.0 0 M M M M M M M M
15 76 65 71 12 0 6 0.01 0.0 0 M M M M M M 12 M M
16 71 49 60 1 5 0 0.05 0.0 0 M M M M M M M M
17 54 37 46 -13 19 0 0.00 0.0 0 M M M M M M M M
18 54 37 46 -13 19 0 0.00 0.0 0 M M M M M M M M
19 74 44 59 -1 6 0 0.00 0.0 0 M M M M M M M M
20 80 60 70 10 0 5 0.00 0.0 0 M M M M M M M M
21 79 69 74 14 0 9 0.00 0.0 0 M M M M M M M M
22 79 68 74 14 0 9 0.05 0.0 0 M M M M M M 1 M M
23 81 68 75 15 0 10 0.00 0.0 0 M M M M M M 12 M M
24 79 68 74 14 0 9 0.00 0.0 0 M M M M M M 12 M M
25 81 68 75 14 0 10 0.00 0.0 0 M M M M M M M M
26 79 69 74 13 0 9 0.00 0.0 0 M M M M M M M M
27 82 70 76 15 0 11 0.00 0.0 0 M M M M M M M M
28 83 66 75 14 0 10 0.00 0.0 0 M M M M M M M M
================================================================================
SM 1961 1482 189 99 0.82 0.0 M M M
================================================================================
AV 70.0 52.9 M FASTST M M M MAX(MPH)
MISC ----> M M M M
================================================================================
NOTES:
# LAST OF SEVERAL OCCURRENCES
COLUMN 17 PEAK WIND IN M.P.H.
PRELIMINARY LOCAL CLIMATOLOGICAL DATA (WS FORM: F-6) , PAGE 2
STATION: DICKINSON WFO
MONTH: FEBRUARY
YEAR: 2023
LATITUDE: 29 28 N
LONGITUDE: 95 5 W
[TEMPERATURE DATA] [PRECIPITATION DATA] SYMBOLS USED IN COLUMN 16
AVERAGE MONTHLY: 61.5 TOTAL FOR MONTH: 0.82 1 = FOG OR MIST
DPTR FM NORMAL: 2.9 DPTR FM NORMAL: -2.20 2 = FOG REDUCING VISIBILITY
HIGHEST: 83 ON 28 GRTST 24HR 0.33 ON 14-14 TO 1/4 MILE OR LESS
LOWEST: 37 ON 18,17 3 = THUNDER
SNOW, ICE PELLETS, HAIL 4 = ICE PELLETS
TOTAL MONTH: 0.0 INCH 5 = HAIL
GRTST 24HR 0.0 6 = FREEZING RAIN OR DRIZZLE
GRTST DEPTH: 0 7 = DUSTSTORM OR SANDSTORM:
VSBY 1/2 MILE OR LESS
8 = SMOKE OR HAZE
[NO. OF DAYS WITH] [WEATHER - DAYS WITH] 9 = BLOWING SNOW
X = TORNADO
MAX 32 OR BELOW: 0 0.01 INCH OR MORE: 8
MAX 90 OR ABOVE: 0 0.10 INCH OR MORE: 4
MIN 32 OR BELOW: 0 0.50 INCH OR MORE: 0
MIN 0 OR BELOW: 0 1.00 INCH OR MORE: 0
[HDD (BASE 65) ]
TOTAL THIS MO. 189 CLEAR (SCALE 0-3) 0
DPTR FM NORMAL -24 PTCLDY (SCALE 4-7) 0
TOTAL FM JUL 1 924 CLOUDY (SCALE 8-10) 28
DPTR FM NORMAL -84
[CDD (BASE 65) ]
TOTAL THIS MO. 99
DPTR FM NORMAL 65 [PRESSURE DATA]
TOTAL FM JAN 1 150 HIGHEST SLP M ON M
DPTR FM NORMAL 96 LOWEST SLP M ON M
[REMARKS]
#FINAL-02-23#