000
CXUS56 KLOX 011255
CF6HHR
PRELIMINARY LOCAL CLIMATOLOGICAL DATA (WS FORM: F-6)
STATION: HAWTHORNE AIRPORT CA
MONTH: NOVEMBER
YEAR: 2023
LATITUDE: 33 55 N
LONGITUDE: 118 20 W
TEMPERATURE IN F: :PCPN: SNOW: WIND :SUNSHINE: SKY :PK WND
================================================================================
1 2 3 4 5 6A 6B 7 8 9 10 11 12 13 14 15 16 17 18
12Z AVG MX 2MIN
DY MAX MIN AVG DEP HDD CDD WTR SNW DPTH SPD SPD DIR MIN PSBL S-S WX SPD DR
================================================================================
1 86 61 74 8 0 9 0.00 M M 2.7 13 260 M M 0 15 260
2 82 58 70 4 0 5 0.00 M M 2.3 10 260 M M 0 8 15 250
3 81 54 68 2 0 3 0.00 M M 2.5 13 250 M M 1 18 16 250
4 76 55 66 1 0 1 0.00 M M 1.9 12 260 M M 2 128 16 270
5 76 55 66 1 0 1 0.00 M M 2.4 12 250 M M 2 128 15 250
6 73 57 65 0 0 0 0.00 M M 2.9 13 250 M M 5 128 16 250
7 72 62 67 2 0 2 0.00 M M 4.8 16 260 M M 5 23 260
8 76 55 66 2 0 1 0.00 M M 2.5 13 260 M M 0 8 18 220
9 79 51 65 1 0 0 0.00 M M 2.1 12 240 M M 0 8 18 260
10 76 51 64 0 1 0 0.00 M M 1.8 10 260 M M 0 14 270
11 81 49 65 1 0 0 0.00 M M 1.8 10 260 M M 0 8 15 260
12 85 56 71 7 0 6 0.00 M M 2.6 12 240 M M 0 15 280
13 76 55 66 3 0 1 0.00 M M 2.0 13 250 M M 0 8 17 120
14 79 51 65 2 0 0 0.00 M M 1.7 13 260 M M 0 8 15 260
15 70 55 63 0 2 0 0.19 M M 4.2 13 100 M M 7 18 22 80
16 75 60 68 5 0 3 0.00 M M 3.0 13 260 M M 5 18 17 250
17 73 58 66 4 0 1 T M M 3.2 13 270 M M 2 8 20 290
18 70 62 66 4 0 1 0.01 M M 5.6 12 250 M M 8 8 17 150
19 73 57 65 3 0 0 0.00 M M 4.4 18 260 M M 2 30 310
20 74 53 64 2 1 0 0.00 M M 2.1 12 260 M M 0 15 250
21 84 52 68 7 0 3 0.00 M M 1.3 7 320 M M 0 11 350
22 85 58 72 11 0 7 0.00 M M 2.5 14 260 M M 0 19 270
23 69 58 64 3 1 0 0.00 M M 5.4 13 160 M M 2 8 19 170
24 70 57 64 3 1 0 0.00 M M 3.1 14 260 M M 4 21 150
25 71 54 63 3 2 0 0.00 M M 2.0 14 260 M M 1 17 250
26 72 50 61 1 4 0 0.00 M M 1.8 12 240 M M 0 17 80
27 74 52 63 3 2 0 0.00 M M 2.3 12 260 M M 0 14 80
28 73 53 63 3 2 0 0.00 M M 2.6 12 260 M M 0 8 15 260
29 66 52 59 -1 6 0 0.00 M M 3.1 14 250 M M 5 23 240
30 67 53 60 1 5 0 0.00 M M 3.1 15 250 M M 3 22 250
================================================================================
SM 2264 1654 27 44 0.20 M 83.7 M 54
================================================================================
AV 75.5 55.1 2.8 FASTST M M 2 MAX(MPH)
MISC ----> 18 260 30 310
================================================================================
NOTES:
# LAST OF SEVERAL OCCURRENCES
COLUMN 17 PEAK WIND IN M.P.H.
PRELIMINARY LOCAL CLIMATOLOGICAL DATA (WS FORM: F-6) , PAGE 2
STATION: HAWTHORNE AIRPORT CA
MONTH: NOVEMBER
YEAR: 2023
LATITUDE: 33 55 N
LONGITUDE: 118 20 W
[TEMPERATURE DATA] [PRECIPITATION DATA] SYMBOLS USED IN COLUMN 16
AVERAGE MONTHLY: 65.3 TOTAL FOR MONTH: 0.20 1 = FOG OR MIST
DPTR FM NORMAL: 2.7 DPTR FM NORMAL: -0.52 2 = FOG REDUCING VISIBILITY
HIGHEST: 86 ON 1 GRTST 24HR 0.19 ON 15-15 TO 1/4 MILE OR LESS
LOWEST: 49 ON 11 3 = THUNDER
SNOW, ICE PELLETS, HAIL 4 = ICE PELLETS
TOTAL MONTH: M 5 = HAIL
GRTST 24HR M ON M 6 = FREEZING RAIN OR DRIZZLE
GRTST DEPTH: M ON M 7 = DUSTSTORM OR SANDSTORM:
VSBY 1/2 MILE OR LESS
8 = SMOKE OR HAZE
[NO. OF DAYS WITH] [WEATHER - DAYS WITH] 9 = BLOWING SNOW
X = TORNADO
MAX 32 OR BELOW: 0 0.01 INCH OR MORE: 2
MAX 90 OR ABOVE: 0 0.10 INCH OR MORE: 1
MIN 32 OR BELOW: 0 0.50 INCH OR MORE: 0
MIN 0 OR BELOW: 0 1.00 INCH OR MORE: 0
[HDD (BASE 65) ]
TOTAL THIS MO. 27 CLEAR (SCALE 0-3) 23
DPTR FM NORMAL -78 PTCLDY (SCALE 4-7) 7
TOTAL FM JUL 1 29 CLOUDY (SCALE 8-10) 0
DPTR FM NORMAL -104
[CDD (BASE 65) ]
TOTAL THIS MO. 44
DPTR FM NORMAL 9 [PRESSURE DATA]
TOTAL FM JAN 1 1235 HIGHEST SLP 30.30 ON 21
DPTR FM NORMAL 314 LOWEST SLP 29.77 ON 23
[REMARKS]
#FINAL-11-23#