000
CXUS56 KHNX 021643
CLMHJO
CLIMATE REPORT
NATIONAL WEATHER SERVICE
943 AM PDT SUN JUL 02 2023
...................................
...THE HANFORD CA AIRPORT CLIMATE SUMMARY FOR THE MONTH OF JUNE 2023...
CLIMATE NORMAL PERIOD 1991 TO 2020
CLIMATE RECORD PERIOD 1898 TO 2023
WEATHER OBSERVED NORMAL DEPART LAST YEAR`S
VALUE DATE(S) VALUE FROM VALUE DATE(S)
NORMAL
................................................................
TEMPERATURE (F)
RECORD
HIGH 111 06/19/2021
06/18/2021
06/25/1964
LOW 36 06/13/1907
06/10/1901
HIGHEST 104 06/30 MM 106 06/26
06/27
LOWEST 53 06/02 MM 51 06/14
MEAN 74.8 76.0 -1.2
DAYS MAX >= 90 11 20.0 -9.0 25
DAYS MIN <= 32 0 0.0 0.0 0
PRECIPITATION (INCHES)
RECORD
MAXIMUM 1.12 1931
MINIMUM 0.00 2021
TOTALS 0.02 0.07 -0.05
DAYS >= .01 1 0.5 0.5 0
DAYS >= .10 0 0.2 -0.2 0
DAYS >= .50 0 0.0 0.0 0
DAYS >= 1.00 0 0.0 0.0 0
SNOWFALL (INCHES)
RECORDS
TOTAL 0.0 MM
TOTALS 0.0 MM
DEGREE DAYS
HEATING TOTAL 0 3 -3 0
SINCE 7/1 2554 2419 135 MM
COOLING TOTAL 301 333 -32 411
SINCE 1/1 561 540 21 MM
................................................................
WIND (MPH)
AVERAGE WIND SPEED 7.3
HIGHEST WIND SPEED/DIRECTION 21/330 DATE 06/20
HIGHEST GUST SPEED/DIRECTION 28/320 DATE 06/18
AVERAGE RH (PERCENT) 49
WEATHER CONDITIONS. NUMBER OF DAYS WITH
THUNDERSTORM 1 RAIN 0
HAIL 0 FOG 2
FOG W/VIS <= 1/4 MILE 0 HAZE 7
- INDICATES NEGATIVE NUMBERS.
R INDICATES RECORD WAS SET OR TIED.
MM INDICATES DATA IS MISSING.
T INDICATES TRACE AMOUNT.
$$