000
CXUS54 KJAN 012159
CF6HKS
PRELIMINARY LOCAL CLIMATOLOGICAL DATA (WS FORM: F-6)
STATION: JACKSON HAWKINS
MONTH: OCTOBER
YEAR: 2021
LATITUDE: 32 20 N
LONGITUDE: 90 14 W
TEMPERATURE IN F: :PCPN: SNOW: WIND :SUNSHINE: SKY :PK WND
================================================================================
1 2 3 4 5 6A 6B 7 8 9 10 11 12 13 14 15 16 17 18
12Z AVG MX 2MIN
DY MAX MIN AVG DEP HDD CDD WTR SNW DPTH SPD SPD DIR MIN PSBL S-S WX SPD DR
================================================================================
1 86 71 79 6 0 14 0.00 0.0 0 5.4 15 130 M M 6 20 130
2 85 71 78 5 0 13 0.04 0.0 0 4.2 15 200 M M 3 1 20 180
3 88 71 80 8 0 15 T 0.0 0 3.9 13 300 M M 6 1 15 310
4 86 68 77 5 0 12 0.00 0.0 0 3.1 13 340 M M 6 12 18 340
5 83 62 73 1 0 8 0.22 0.0 0 2.5 12 160 M M 3 13 16 150
6 84 60 72 1 0 7 0.00 0.0 0 1.6 8 20 M M 4 12 11 10
7 87 61 74 3 0 9 0.00 0.0 0 1.4 8 20 M M 1 18 12 310
8 89 61 75 5 0 10 0.00 0.0 0 2.2 10 300 M M 0 1 13 290
9 88 63 76 6 0 11 0.00 0.0 0 1.5 9 160 M M 0 1 14 170
10 88 65 77 7 0 12 0.00 0.0 0 6.7 16 170 M M 0 1 22 170
11 87 67 77 8 0 12 0.00 0.0 0 9.1 18 200 M M 5 1 31 170
12 88 73 81 12 0 16 0.00 0.0 0 6.2 10 190 M M 6 15 170
13 87 68 78 10 0 13 0.00 0.0 0 6.9 17 190 M M 3 1 24 200
14 89 69 79 11 0 14 0.04 0.0 0 6.0 16 160 M M 5 128 22 160
15 90 69 80 12 0 15 0.24 0.0 0 5.8 21 290 M M 2 12 28 320
16 72 50 61 -6 4 0 0.00 0.0 0 7.0 16 340 M M 0 30 340
17 74 45 60 -7 5 0 0.00 0.0 0 2.8 13 60 M M 0 21 60
18 75 45 60 -6 5 0 0.00 0.0 0 2.7 12 150 M M 0 18 80
19 79 47 63 -3 2 0 0.00 0.0 0 3.5 8 110 M M 0 12 130
20 83 58 71 6 0 6 T 0.0 0 5.3 16 190 M M 7 1 22 180
21 88 66 77 12 0 12 0.00 0.0 0 4.2 10 290 M M 6 1 16 250
22 84 56 70 5 0 5 0.00 0.0 0 2.8 9 300 M M 0 15 290
23 86 53 70 6 0 5 0.00 0.0 0 5.9 13 160 M M 2 18 190
24 84 65 75 11 0 10 0.00 0.0 0 7.0 15 160 M M 1 1 21 160
25 86 63 75 12 0 10 T 0.0 0 7.2 15 300 M M 4 1 21 260
26 78 56 67 4 0 2 0.00 0.0 0 4.2 10 70 M M 0 16 80
27 74 60 67 5 0 2 1.13 0.0 0 9.3 24 270 M M 5 13 35 230
28 66 55 61 -1 4 0 0.03 0.0 0 11.9 22 240 M M 9 1 34 240
29 57 53 55 -7 10 0 T 0.0 0 11.5 21 290 M M 10 1 30 290
30 64 48 56 -5 9 0 0.00 0.0 0 5.7 15 280 M M 7 1 20 280
31 77 46 62 1 3 0 0.00 0.0 0 1.8 9 310 M M 0 1 13 290
================================================================================
SM 2532 1865 42 233 1.70 0.0 159.3 M 101
================================================================================
AV 81.7 60.2 5.1 FASTST M M 3 MAX(MPH)
MISC ----> 24 270 35 230
================================================================================
NOTES:
# LAST OF SEVERAL OCCURRENCES
COLUMN 17 PEAK WIND IN M.P.H.
PRELIMINARY LOCAL CLIMATOLOGICAL DATA (WS FORM: F-6) , PAGE 2
STATION: JACKSON HAWKINS
MONTH: OCTOBER
YEAR: 2021
LATITUDE: 32 20 N
LONGITUDE: 90 14 W
[TEMPERATURE DATA] [PRECIPITATION DATA] SYMBOLS USED IN COLUMN 16
AVERAGE MONTHLY: 70.9 TOTAL FOR MONTH: 1.70 1 = FOG OR MIST
DPTR FM NORMAL: 3.9 DPTR FM NORMAL: -1.87 2 = FOG REDUCING VISIBILITY
HIGHEST: 90 ON 15 GRTST 24HR 1.13 ON 27-27 TO 1/4 MILE OR LESS
LOWEST: 45 ON 18,17 3 = THUNDER
SNOW, ICE PELLETS, HAIL 4 = ICE PELLETS
TOTAL MONTH: 0.0 INCH 5 = HAIL
GRTST 24HR 0.0 6 = FREEZING RAIN OR DRIZZLE
GRTST DEPTH: 0 7 = DUSTSTORM OR SANDSTORM:
VSBY 1/2 MILE OR LESS
8 = SMOKE OR HAZE
[NO. OF DAYS WITH] [WEATHER - DAYS WITH] 9 = BLOWING SNOW
X = TORNADO
MAX 32 OR BELOW: 0 0.01 INCH OR MORE: 6
MAX 90 OR ABOVE: 1 0.10 INCH OR MORE: 3
MIN 32 OR BELOW: 0 0.50 INCH OR MORE: 1
MIN 0 OR BELOW: 0 1.00 INCH OR MORE: 1
[HDD (BASE 65) ]
TOTAL THIS MO. 42 CLEAR (SCALE 0-3) 16
DPTR FM NORMAL -33 PTCLDY (SCALE 4-7) 13
TOTAL FM JUL 1 42 CLOUDY (SCALE 8-10) 2
DPTR FM NORMAL -36
[CDD (BASE 65) ]
TOTAL THIS MO. 233
DPTR FM NORMAL 94 [PRESSURE DATA]
TOTAL FM JAN 1 2553 HIGHEST SLP 30.29 ON 17
DPTR FM NORMAL 59 LOWEST SLP 29.50 ON 28
[REMARKS]
#FINAL-10-21#