000
CXUS54 KJAN 011910
CF6HKS
PRELIMINARY LOCAL CLIMATOLOGICAL DATA (WS FORM: F-6)
STATION: JACKSON HAWKINS
MONTH: OCTOBER
YEAR: 2023
LATITUDE: 32 20 N
LONGITUDE: 90 14 W
TEMPERATURE IN F: :PCPN: SNOW: WIND :SUNSHINE: SKY :PK WND
================================================================================
1 2 3 4 5 6A 6B 7 8 9 10 11 12 13 14 15 16 17 18
12Z AVG MX 2MIN
DY MAX MIN AVG DEP HDD CDD WTR SNW DPTH SPD SPD DIR MIN PSBL S-S WX SPD DR
================================================================================
1 93 64 79 6 0 14 0.00 0.0 0 3.5 13 70 M M 2 19 50
2 91 62 77 4 0 12 0.00 0.0 0 4.8 17 120 M M 0 24 120
3 91 61 76 4 0 11 0.00 0.0 0 5.8 14 150 M M 0 20 140
4 89 63 76 4 0 11 0.00 0.0 0 6.8 14 110 M M 0 20 140
5 83 68 76 4 0 11 0.02 0.0 0 5.4 20 140 M M 4 18 26 130
6 82 67 75 4 0 10 0.04 0.0 0 5.6 10 10 M M 5 1 17 350
7 73 49 61 -10 4 0 0.00 0.0 0 7.0 16 360 M M 0 28 350
8 75 42 59 -11 6 0 0.00 0.0 0 2.8 14 300 M M 0 19 290
9 84 44 64 -6 1 0 0.00 0.0 0 4.0 14 240 M M 0 20 220
10 84 54 69 -1 0 4 0.00 0.0 0 2.3 10 210 M M 0 15 210
11 68 60 64 -5 1 0 0.24 0.0 0 4.9 15 100 M M 2 27 100
12 72 58 65 -4 0 0 0.02 0.0 0 3.7 9 130 M M 10 1 15 70
13 84 65 75 7 0 10 0.00 0.0 0 3.8 9 170 M M 5 12 250
14 73 56 65 -3 0 0 0.00 0.0 0 8.1 17 310 M M 2 25 310
15 66 50 58 -10 7 0 T 0.0 0 8.2 16 310 M M 9 25 320
16 67 46 57 -10 8 0 0.00 0.0 0 6.1 21 310 M M 1 27 300
17 73 43 58 -9 7 0 0.00 0.0 0 1.7 9 300 M M 0 14 260
18 79 44 62 -4 3 0 0.00 0.0 0 5.2 15 170 M M 0 24 160
19 83 51 67 1 0 2 0.00 0.0 0 6.0 15 210 M M 3 1 20 220
20 88 59 74 9 0 9 0.00 0.0 0 6.9 21 280 M M 0 28 240
21 89 49 69 4 0 4 0.00 0.0 0 3.0 12 210 M M 0 17 200
22 90 58 74 9 0 9 0.00 0.0 0 1.5 8 160 M M 0 11 180
23 92 62 77 13 0 12 0.00 0.0 0 4.1 13 170 M M 0 19 150
24 88 63 76 12 0 11 0.00 0.0 0 9.2 17 140 M M 0 22 160
25 86 63 75 12 0 10 0.00 0.0 0 9.3 18 150 M M 1 26 140
26 86 60 73 10 0 8 0.00 0.0 0 8.9 18 150 M M 3 26 160
27 88 68 78 16 0 13 0.00 0.0 0 6.1 14 150 M M 4 20 150
28 88 65 77 15 0 12 0.00 0.0 0 6.8 16 150 M M 2 22 160
29 86 63 75 13 0 10 0.00 0.0 0 4.3 15 320 M M 4 21 310
30 67 44 56 -5 9 0 T 0.0 0 9.5 15 350 M M 10 1 24 350
31 57 39 48 -13 17 0 0.00 0.0 0 8.1 18 310 M M 2 25 340
================================================================================
SM 2515 1740 63 183 0.32 0.0 173.4 M 69
================================================================================
AV 81.1 56.1 5.6 FASTST M M 2 MAX(MPH)
MISC ----> # 21 310 # 28 350
================================================================================
NOTES:
# LAST OF SEVERAL OCCURRENCES
COLUMN 17 PEAK WIND IN M.P.H.
PRELIMINARY LOCAL CLIMATOLOGICAL DATA (WS FORM: F-6) , PAGE 2
STATION: JACKSON HAWKINS
MONTH: OCTOBER
YEAR: 2023
LATITUDE: 32 20 N
LONGITUDE: 90 14 W
[TEMPERATURE DATA] [PRECIPITATION DATA] SYMBOLS USED IN COLUMN 16
AVERAGE MONTHLY: 68.6 TOTAL FOR MONTH: 0.32 1 = FOG OR MIST
DPTR FM NORMAL: 1.6 DPTR FM NORMAL: -3.25 2 = FOG REDUCING VISIBILITY
HIGHEST: 93 ON 1 GRTST 24HR 0.24 ON 11-11 TO 1/4 MILE OR LESS
LOWEST: 39 ON 31 3 = THUNDER
SNOW, ICE PELLETS, HAIL 4 = ICE PELLETS
TOTAL MONTH: 0.0 INCH 5 = HAIL
GRTST 24HR 0.0 6 = FREEZING RAIN OR DRIZZLE
GRTST DEPTH: 0 7 = DUSTSTORM OR SANDSTORM:
VSBY 1/2 MILE OR LESS
8 = SMOKE OR HAZE
[NO. OF DAYS WITH] [WEATHER - DAYS WITH] 9 = BLOWING SNOW
X = TORNADO
MAX 32 OR BELOW: 0 0.01 INCH OR MORE: 4
MAX 90 OR ABOVE: 5 0.10 INCH OR MORE: 1
MIN 32 OR BELOW: 0 0.50 INCH OR MORE: 0
MIN 0 OR BELOW: 0 1.00 INCH OR MORE: 0
[HDD (BASE 65) ]
TOTAL THIS MO. 63 CLEAR (SCALE 0-3) 23
DPTR FM NORMAL -12 PTCLDY (SCALE 4-7) 5
TOTAL FM JUL 1 63 CLOUDY (SCALE 8-10) 3
DPTR FM NORMAL -15
[CDD (BASE 65) ]
TOTAL THIS MO. 183
DPTR FM NORMAL 44 [PRESSURE DATA]
TOTAL FM JAN 1 2839 HIGHEST SLP 30.33 ON 31
DPTR FM NORMAL 345 LOWEST SLP 29.69 ON 12
[REMARKS]
#FINAL-10-23#