000
CXUS53 KFSD 020158
CF6HON
PRELIMINARY LOCAL CLIMATOLOGICAL DATA (WS FORM: F-6)
STATION: HURON
MONTH: JUNE
YEAR: 2023
LATITUDE: 44 22 N
LONGITUDE: 98 13 W
TEMPERATURE IN F: :PCPN: SNOW: WIND :SUNSHINE: SKY :PK WND
================================================================================
1 2 3 4 5 6A 6B 7 8 9 10 11 12 13 14 15 16 17 18
12Z AVG MX 2MIN
DY MAX MIN AVG DEP HDD CDD WTR SNW DPTH SPD SPD DIR MIN PSBL S-S WX SPD DR
================================================================================
1 92 64 78 14 0 13 T 0.0 0 10.3 21 130 M M 1 32 120
2 89 68 79 15 0 14 0.00 0.0 0 11.7 22 130 M M 1 32 130
3 90 64 77 12 0 12 0.00 0.0 0 9.4 21 140 M M 1 1 28 140
4 91 60 76 11 0 11 T 0.0 0 5.1 18 140 M M 1 28 130
5 93 58 76 11 0 11 0.00 0.0 0 5.4 17 70 M M 0 1 23 70
6 94 62 78 12 0 13 T 0.0 0 4.5 12 190 M M 0 17 190
7 97 59 78 12 0 13 0.28 0.0 0 4.2 33 80 M M 2 3 50 70
8 92 68 80 14 0 15 0.00 0.0 0 7.4 14 120 M M 1 138 22 120
9 83 66 75 8 0 10 0.42 0.0 0 6.9 17 150 M M 4 13 26 150
10 75 63 69 2 0 4 0.75 0.0 0 9.2 23 130 M M 6 123 34 90
11 75 54 65 -2 0 0 0.00 0.0 0 7.4 18 50 M M 0 24 40
12 81 48 65 -3 0 0 0.00 0.0 0 4.5 13 340 M M 0 19 290
13 85 50 68 0 0 3 0.00 0.0 0 4.2 15 340 M M 0 25 300
14 88 54 71 3 0 6 0.00 0.0 0 4.1 12 170 M M 1 1 15 150
15 90 59 75 7 0 10 0.00 0.0 0 8.1 18 120 M M 1 8 29 120
16 82 63 73 4 0 8 0.00 0.0 0 9.0 22 310 M M 2 38 28 320
17 80 57 69 0 0 4 0.00 0.0 0 5.9 14 310 M M 3 1 17 310
18 85 52 69 0 0 4 0.00 0.0 0 4.9 12 140 M M 0 1 17 120
19 99 63 81 11 0 16 0.00 0.0 0 14.4 23 170 M M 0 33 180
20 94 71 83 13 0 18 0.00 0.0 0 16.2 29 160 M M 0 40 180
21 85 69 77 7 0 12 0.00 0.0 0 6.2 18 280 M M 1 25 280
22 90 65 78 8 0 13 1.35 0.0 0 10.0 28 10 M M 4 13 40 10
23 83 65 74 4 0 9 0.00 0.0 0 8.5 16 130 M M 4 3 24 150
24 78 60 69 -2 0 4 0.88 0.0 0 16.9 33 290 M M 7 13 47 290
25 80 56 68 -3 0 3 0.00 0.0 0 20.0 39 310 M M 6 8 55 310
26 83 52 68 -3 0 3 0.00 0.0 0 5.5 12 10 M M 0 16 50
27 80 62 71 0 0 6 0.10 0.0 0 11.1 23 170 M M 4 138 34 150
28 85 61 73 1 0 8 0.00 0.0 0 6.3 16 320 M M 2 1 21 320
29 90 65 78 6 0 13 0.00 0.0 0 4.5 13 10 M M 1 1 19 340
30 82 65 74 2 0 9 0.01 0.0 0 2.3 8 160 M M 4 1 11 230
================================================================================
SM 2591 1823 0 265 3.79 0.0 244.1 M 57
================================================================================
AV 86.4 60.8 8.1 FASTST M M 2 MAX(MPH)
MISC ----> 39 310 55 310
================================================================================
NOTES:
# LAST OF SEVERAL OCCURRENCES
-COLUMN 17 PEAK WIND IN M.P.H.
-PRECIPITATION AMOUNTS IN COLUMNS 7,8 AND 9 ARE THE OFFICIAL
PRECIPITATION AMOUNTS FOR HURON, SD.
-SNOW DEPTH IN COLUMN 9 IS RECORDED AT 6 AM CST (12Z).
PRELIMINARY LOCAL CLIMATOLOGICAL DATA (WS FORM: F-6) , PAGE 2
STATION: HURON
MONTH: JUNE
YEAR: 2023
LATITUDE: 44 22 N
LONGITUDE: 98 13 W
[TEMPERATURE DATA] [PRECIPITATION DATA] SYMBOLS USED IN COLUMN 16
AVERAGE MONTHLY: 73.6 TOTAL FOR MONTH: 3.79 1 = FOG OR MIST
DPTR FM NORMAL: 5.3 DPTR FM NORMAL: -0.10 2 = FOG REDUCING VISIBILITY
HIGHEST: 99 ON 19 GRTST 24HR 1.35 ON 22-22 TO 1/4 MILE OR LESS
LOWEST: 48 ON 12 3 = THUNDER
SNOW, ICE PELLETS, HAIL 4 = ICE PELLETS
TOTAL MONTH: 0.0 INCH 5 = HAIL
GRTST 24HR 0.0 6 = FREEZING RAIN OR DRIZZLE
GRTST DEPTH: 0 7 = DUSTSTORM OR SANDSTORM:
VSBY 1/2 MILE OR LESS
8 = SMOKE OR HAZE
[NO. OF DAYS WITH] [WEATHER - DAYS WITH] 9 = BLOWING SNOW
X = TORNADO
MAX 32 OR BELOW: 0 0.01 INCH OR MORE: 7
MAX 90 OR ABOVE: 12 0.10 INCH OR MORE: 6
MIN 32 OR BELOW: 0 0.50 INCH OR MORE: 3
MIN 0 OR BELOW: 0 1.00 INCH OR MORE: 1
[HDD (BASE 65) ]
TOTAL THIS MO. 0 CLEAR (SCALE 0-3) 22
DPTR FM NORMAL -44 PTCLDY (SCALE 4-7) 8
TOTAL FM JUL 1 7947 CLOUDY (SCALE 8-10) 0
DPTR FM NORMAL 264
[CDD (BASE 65) ]
TOTAL THIS MO. 265
DPTR FM NORMAL 120 [PRESSURE DATA]
TOTAL FM JAN 1 365 HIGHEST SLP 30.10 ON 11
DPTR FM NORMAL 185 LOWEST SLP 29.59 ON 24
[REMARKS]
RECORD WARM DAILY MINIMUM TEMPERATURE WAS TIED ON THE 2ND WITH 68 DEGREES.
THE RECORD WAS PREVIOUSLY ESTABLISHED IN 1934.
RECORD WARM DAILY MAXIMUM TEMPERATURE WAS TIED ON THE 7TH WITH 97 DEGREES.
THE RECORD WAS PREVIOUSLY ESTABLISHED IN 2021
MONTHLY AVERAGE TEMPERATURE OF 73.6 DEGREES IS TIED WITH 2021 FOR THE
6TH HIGHEST ON RECORD.
#FINAL-06-23#