000
CXUS53 KFSD 011654
CF6HON
PRELIMINARY LOCAL CLIMATOLOGICAL DATA (WS FORM: F-6)
STATION: HURON
MONTH: MARCH
YEAR: 2024
LATITUDE: 44 22 N
LONGITUDE: 98 13 W
TEMPERATURE IN F: :PCPN: SNOW: WIND :SUNSHINE: SKY :PK WND
================================================================================
1 2 3 4 5 6A 6B 7 8 9 10 11 12 13 14 15 16 17 18
12Z AVG MX 2MIN
DY MAX MIN AVG DEP HDD CDD WTR SNW DPTH SPD SPD DIR MIN PSBL S-S WX SPD DR
================================================================================
1 70 32 51 25 14 0 0.00 0.0 0 9.8 16 180 M M 0 23 160
2 59 29 44 18 21 0 0.00 0.0 0 8.3 17 360 M M 0 1 24 350
3 51 28 40 13 25 0 T 0.0 0 15.6 36 290 M M 3 1 50 300
4 41 22 32 5 33 0 0.00 0.0 0 8.2 16 330 M M 4 22 330
5 52 19 36 8 29 0 0.00 0.0 0 10.7 23 270 M M 2 31 290
6 63 18 41 13 24 0 0.02 T 0 15.1 38 200 M M 6 16 55 180
7 33 21 27 -2 38 0 0.00 0.0 T 10.9 20 10 M M 7 27 10
8 44 18 31 2 34 0 0.00 0.0 0 8.3 15 350 M M 3 22 10
9 49 16 33 3 32 0 0.00 0.0 0 6.2 12 140 M M 0 16 360
10 69 27 48 18 17 0 0.00 0.0 0 10.9 20 150 M M 0 27 150
11 73 25 49 18 16 0 0.00 0.0 0 8.4 20 270 M M 0 27 250
12 68 24 46 15 19 0 0.00 0.0 0 4.8 14 130 M M 0 19 130
13 63 44 54 22 11 0 0.00 0.0 0 10.5 23 80 M M 2 36 70
14 59 34 47 15 18 0 0.00 0.0 0 14.1 24 350 M M 4 31 360
15 59 26 43 11 22 0 0.00 0.0 0 10.8 20 250 M M 5 1 29 270
16 52 27 40 7 25 0 0.00 0.0 0 19.1 33 320 M M 3 45 320
17 34 22 28 -6 37 0 T T 0 17.5 30 350 M M 8 38 350
18 47 7 27 -7 38 0 0.00 0.0 0 9.6 18 220 M M 1 26 210
19 62 30 46 12 19 0 0.00 0.0 0 12.3 22 340 M M 3 29 310
20 35 16 26 -9 39 0 0.00 0.0 0 11.1 23 20 M M 4 32 10
21 43 22 33 -2 32 0 0.00 0.0 0 14.1 22 90 M M 6 30 80
22 37 20 29 -7 36 0 0.00 0.0 0 11.3 20 20 M M 6 29 360
23 28 16 22 -14 43 0 0.08 0.8 0 9.3 17 120 M M 8 1 25 160
24 32 26 29 -8 36 0 0.22 2.0 1 15.5 24 20 M M 10 126 33 20
25 28 22 25 -12 40 0 0.07 1.0 3 26.8 33 350 M M 10 19 47 10
26 27 12 20 -18 45 0 T T 3 21.1 32 320 M M 7 19 44 330
27 32 4 18 -20 47 0 0.00 0.0 2 7.6 15 300 M M 0 19 300
28 43 13 28 -10 37 0 0.00 0.0 2 8.9 21 110 M M 0 26 120
29 51 32 42 3 23 0 0.00 0.0 T 14.0 23 350 M M 3 29 330
30 41 35 38 -1 27 0 0.00 0.0 0 8.4 18 330 M M 10 25 340
31 44 33 39 -1 26 0 0.01 T 0 9.0 18 40 M M 10 1 23 40
================================================================================
SM 1489 720 903 0 0.40 3.8 368.2 M 125
================================================================================
AV 48.0 23.2 11.9 FASTST M M 4 MAX(MPH)
MISC ----> 38 200 55 180
================================================================================
NOTES:
# LAST OF SEVERAL OCCURRENCES
-COLUMN 17 PEAK WIND IN M.P.H.
-PRECIPITATION AMOUNTS IN COLUMNS 7,8 AND 9 ARE THE OFFICIAL
PRECIPITATION AMOUNTS FOR HURON, SD.
-SNOW DEPTH IN COLUMN 9 IS RECORDED AT 6 AM CST (12Z).
PRELIMINARY LOCAL CLIMATOLOGICAL DATA (WS FORM: F-6) , PAGE 2
STATION: HURON
MONTH: MARCH
YEAR: 2024
LATITUDE: 44 22 N
LONGITUDE: 98 13 W
[TEMPERATURE DATA] [PRECIPITATION DATA] SYMBOLS USED IN COLUMN 16
AVERAGE MONTHLY: 35.6 TOTAL FOR MONTH: 0.40 1 = FOG OR MIST
DPTR FM NORMAL: 2.7 DPTR FM NORMAL: -0.75 2 = FOG REDUCING VISIBILITY
HIGHEST: 73 ON 11 GRTST 24HR 0.28 ON 23-24 TO 1/4 MILE OR LESS
LOWEST: 4 ON 27 3 = THUNDER
SNOW, ICE PELLETS, HAIL 4 = ICE PELLETS
TOTAL MONTH: 3.8 INCHES 5 = HAIL
GRTST 24HR 2.8 ON 23-24 6 = FREEZING RAIN OR DRIZZLE
GRTST DEPTH: 3 ON 26,25 7 = DUSTSTORM OR SANDSTORM:
VSBY 1/2 MILE OR LESS
8 = SMOKE OR HAZE
[NO. OF DAYS WITH] [WEATHER - DAYS WITH] 9 = BLOWING SNOW
X = TORNADO
MAX 32 OR BELOW: 5 0.01 INCH OR MORE: 5
MAX 90 OR ABOVE: 0 0.10 INCH OR MORE: 1
MIN 32 OR BELOW: 27 0.50 INCH OR MORE: 0
MIN 0 OR BELOW: 0 1.00 INCH OR MORE: 0
[HDD (BASE 65) ]
TOTAL THIS MO. 903 CLEAR (SCALE 0-3) 13
DPTR FM NORMAL -93 PTCLDY (SCALE 4-7) 12
TOTAL FM JUL 1 5806 CLOUDY (SCALE 8-10) 6
DPTR FM NORMAL -1000
[CDD (BASE 65) ]
TOTAL THIS MO. 0
DPTR FM NORMAL 0 [PRESSURE DATA]
TOTAL FM JAN 1 0 HIGHEST SLP 30.44 ON 22
DPTR FM NORMAL 0 LOWEST SLP 29.25 ON 3
[REMARKS]
RECORD WARM DAILY MINIMUM TEMPERATURE WAS TIED ON THE 13TH WITH 44
DEGREES. THE PREVIOUS READING OF 44 DEGREES WAS RECORDED IN 2016.
#FINAL-03-24#