000
CXUS54 KLZK 011130
CF6HOT
PRELIMINARY LOCAL CLIMATOLOGICAL DATA (WS FORM: F-6)
STATION: HOT SPRINGS MEMORIAL FIELD
MONTH: JUNE
YEAR: 2021
LATITUDE: 34 28 N
LONGITUDE: 93 6 W
TEMPERATURE IN F: :PCPN: SNOW: WIND :SUNSHINE: SKY :PK WND
================================================================================
1 2 3 4 5 6A 6B 7 8 9 10 11 12 13 14 15 16 17 18
12Z AVG MX 2MIN
DY MAX MIN AVG DEP HDD CDD WTR SNW DPTH SPD SPD DIR MIN PSBL S-S WX SPD DR
================================================================================
1 74 64 69 -7 0 4 0.90 M M 4.6 12 110 M M 9 123 15 110
2 78 64 71 -5 0 6 0.00 M M 4.0 10 260 M M 8 1 14 270
3 84 61 73 -3 0 8 0.00 M M 2.4 9 60 M M 2 13 360
4 85 61 73 -4 0 8 0.00 M M 1.9 10 150 M M 0 13 150
5 76 66 71 -6 0 6 0.30 M M 5.0 17 80 M M 8 1 22 80
6 83 69 76 -1 0 11 0.09 M M 5.4 10 90 M M 6 13 14 80
7 79 68 74 -3 0 9 0.64 M M 5.6 14 80 M M 7 13 19 190
8 78 69 74 -4 0 9 0.16 M M 3.6 10 50 M M 8 13 12 50
9 90 72 81 3 0 16 0.56 M M 3.9 13 230 M M 6 13 16 230
10 92 74 83 5 0 18 T 0.0 0 3.8 13 230 M M 4 13 19 190
11 91 72 82 4 0 17 0.00 0.0 0 4.4 13 230 M M 2 1 17 230
12 94 74 84 5 0 19 0.00 0.0 0 2.6 13 230 M M 1 19 230
13 95 76 86 7 0 21 0.00 0.0 0 4.5 14 60 M M 1 1 17 50
14 93 69 81 2 0 16 0.00 0.0 0 2.7 12 50 M M 0 16 50
15 95 67 81 2 0 16 0.00 0.0 0 2.9 9 110 M M 0 M M
16 92 71 82 3 0 17 0.00 M M 2.8 9 150 M M 0 13 130
17 92 71 82 2 0 17 0.00 M M 3.3 9 180 M M 1 12 160
18 91 71 81 1 0 16 0.00 M M 3.5 10 130 M M 1 15 140
19 91 67 79 -1 0 14 0.00 M M 1.8 10 210 M M 0 14 240
20 94 70 82 2 0 17 0.00 0.0 0 6.4 18 180 M M 2 26 150
21 90 67 79 -1 0 14 T 0.0 0 7.7 20 360 M M 6 3 28 350
22 83 58 71 -9 0 6 0.00 0.0 0 5.2 15 70 M M 0 20 40
23 86 57 72 -9 0 7 0.00 0.0 0 3.5 9 150 M M 2 14 140
24 94 76 85 4 0 20 0.00 0.0 0 5.9 9 210 M M 8 8 M M
25 93 78 86 5 0 21 0.00 0.0 0 M M M M M M M M
26 91 77 84 3 0 19 T 0.0 0 M M M M M M M M
27 92 78 85 4 0 20 0.00 0.0 0 M M M M M M M M
28 91 70 81 0 0 16 T 0.0 0 M M M M M M M M
29 M M M M M M 0.00 M M M M M M M M M M
30 93 73 83 1 0 18 T M M 3.7 10 210 M M 2 15 200
================================================================================
SM 2560 2010 0 406 2.65 0.0 101.1 M 84
================================================================================
AV 88.3 69.3 4.0 FASTST M M 3 MAX(MPH)
MISC ----> 20 360 28 350
================================================================================
NOTES:
# LAST OF SEVERAL OCCURRENCES
COLUMN 17 PEAK WIND IN M.P.H.
PRELIMINARY LOCAL CLIMATOLOGICAL DATA (WS FORM: F-6) , PAGE 2
STATION: HOT SPRINGS MEMORIAL FIELD
MONTH: JUNE
YEAR: 2021
LATITUDE: 34 28 N
LONGITUDE: 93 6 W
[TEMPERATURE DATA] [PRECIPITATION DATA] SYMBOLS USED IN COLUMN 16
AVERAGE MONTHLY: 78.8 TOTAL FOR MONTH: 2.65 1 = FOG OR MIST
DPTR FM NORMAL: -0.3 DPTR FM NORMAL: -1.89 2 = FOG REDUCING VISIBILITY
HIGHEST: 95 ON 15,13 GRTST 24HR 0.90 ON 1- 1 TO 1/4 MILE OR LESS
LOWEST: 57 ON 23 3 = THUNDER
SNOW, ICE PELLETS, HAIL 4 = ICE PELLETS
TOTAL MONTH: 0.0 INCH 5 = HAIL
GRTST 24HR 0.0 6 = FREEZING RAIN OR DRIZZLE
GRTST DEPTH: 0 7 = DUSTSTORM OR SANDSTORM:
VSBY 1/2 MILE OR LESS
8 = SMOKE OR HAZE
[NO. OF DAYS WITH] [WEATHER - DAYS WITH] 9 = BLOWING SNOW
X = TORNADO
MAX 32 OR BELOW: 0 0.01 INCH OR MORE: 6
MAX 90 OR ABOVE: 19 0.10 INCH OR MORE: 5
MIN 32 OR BELOW: 0 0.50 INCH OR MORE: 3
MIN 0 OR BELOW: 0 1.00 INCH OR MORE: 0
[HDD (BASE 65) ]
TOTAL THIS MO. 0 CLEAR (SCALE 0-3) 15
DPTR FM NORMAL 0 PTCLDY (SCALE 4-7) 7
TOTAL FM JUL 1 2975 CLOUDY (SCALE 8-10) 8
DPTR FM NORMAL 116
[CDD (BASE 65) ]
TOTAL THIS MO. 406
DPTR FM NORMAL -17 [PRESSURE DATA]
TOTAL FM JAN 1 612 HIGHEST SLP 30.14 ON 29
DPTR FM NORMAL -103 LOWEST SLP 29.73 ON 20
[REMARKS]
#FINAL-06-21#