000
CXUS54 KHGX 011410
CF6HOU
PRELIMINARY LOCAL CLIMATOLOGICAL DATA (WS FORM: F-6)
STATION: HOUSTON/HOBBY AIRPORT
MONTH: MAY
YEAR: 2023
LATITUDE: 29 38 N
LONGITUDE: 95 17 W
TEMPERATURE IN F: :PCPN: SNOW: WIND :SUNSHINE: SKY :PK WND
================================================================================
1 2 3 4 5 6A 6B 7 8 9 10 11 12 13 14 15 16 17 18
12Z AVG MX 2MIN
DY MAX MIN AVG DEP HDD CDD WTR SNW DPTH SPD SPD DIR MIN PSBL S-S WX SPD DR
================================================================================
1 85 61 73 -1 0 8 0.00 0.0 0 5.7 15 90 M M 4 21 120
2 82 67 75 1 0 10 0.00 0.0 0 5.5 15 140 M M 7 22 90
3 85 66 76 2 0 11 0.00 0.0 0 6.4 17 100 M M 7 22 100
4 83 68 76 1 0 11 0.00 0.0 0 8.7 18 130 M M 8 23 140
5 92 76 84 9 0 19 T 0.0 0 10.1 17 160 M M 6 24 150
6 90 70 80 5 0 15 0.04 0.0 0 12.8 21 140 M M 7 3 28 140
7 79 76 78 3 0 13 0.27 0.0 0 10.3 21 160 M M 9 13 30 150
8 86 72 79 3 0 14 T 0.0 0 11.6 30 20 M M 9 41 10
9 79 69 74 -2 0 9 0.22 0.0 0 7.3 25 250 M M M 3 30 50
10 77 67 72 -4 0 7 2.06 0.0 0 8.9 21 220 M M 9 13 28 220
11 87 76 82 6 0 17 0.00 0.0 0 12.4 18 150 M M 8 25 140
12 88 78 83 6 0 18 0.02 0.0 0 13.6 22 130 M M 8 1 32 150
13 85 72 79 2 0 14 0.15 0.0 0 10.8 21 100 M M 10 3 27 130
14 85 69 77 0 0 12 2.45 0.0 0 10.4 35 190 M M 8 138 50 170
15 89 73 81 4 0 16 0.00 0.0 0 5.7 15 180 M M 7 19 190
16 90 70 80 2 0 15 T 0.0 0 6.3 24 120 M M 6 3 32 120
17 87 68 78 0 0 13 0.00 0.0 0 4.4 12 10 M M 4 18 350
18 91 71 81 3 0 16 0.00 0.0 0 5.9 13 180 M M 3 17 180
19 92 73 83 5 0 18 0.00 0.0 0 6.4 18 190 M M 4 23 180
20 92 74 83 4 0 18 0.03 0.0 0 7.0 20 290 M M 7 26 300
21 81 71 76 -3 0 11 T 0.0 0 7.2 14 10 M M 9 8 20 20
22 86 72 79 0 0 14 0.00 0.0 0 5.0 13 180 M M 8 15 180
23 91 72 82 3 0 17 0.00 0.0 0 4.9 15 40 M M 7 19 60
24 90 71 81 1 0 16 0.00 0.0 0 7.4 17 60 M M 7 23 60
25 89 71 80 0 0 15 0.00 0.0 0 7.2 14 50 M M 4 20 40
26 92 72 82 2 0 17 0.00 0.0 0 6.8 16 40 M M 3 8 24 40
27 90 73 82 2 0 17 T 0.0 0 3.7 14 100 M M 7 19 110
28 89 72 81 1 0 16 0.00 0.0 0 6.4 16 180 M M 8 27 130
29 87 74 81 0 0 16 0.10 0.0 0 6.3 16 100 M M 9 1 21 110
30 90 71 81 0 0 16 0.00 0.0 0 7.4 16 120 M M 5 22 180
31 88 74 81 0 0 16 0.03 0.0 0 5.6 15 190 M M 4 3 21 90
================================================================================
SM 2697 2209 0 445 5.37 0.0 238.1 M 202
================================================================================
AV 87.0 71.3 7.7 FASTST M M 7 MAX(MPH)
MISC ----> 35 190 50 170
================================================================================
NOTES:
# LAST OF SEVERAL OCCURRENCES
COLUMN 17 PEAK WIND IN M.P.H.
PRELIMINARY LOCAL CLIMATOLOGICAL DATA (WS FORM: F-6) , PAGE 2
STATION: HOUSTON/HOBBY AIRPORT
MONTH: MAY
YEAR: 2023
LATITUDE: 29 38 N
LONGITUDE: 95 17 W
[TEMPERATURE DATA] [PRECIPITATION DATA] SYMBOLS USED IN COLUMN 16
AVERAGE MONTHLY: 79.1 TOTAL FOR MONTH: 5.37 1 = FOG OR MIST
DPTR FM NORMAL: 1.5 DPTR FM NORMAL: -0.05 2 = FOG REDUCING VISIBILITY
HIGHEST: 92 ON 26,20 GRTST 24HR 2.51 ON 13-14 TO 1/4 MILE OR LESS
LOWEST: 61 ON 1 3 = THUNDER
SNOW, ICE PELLETS, HAIL 4 = ICE PELLETS
TOTAL MONTH: 0.0 INCH 5 = HAIL
GRTST 24HR 0.0 6 = FREEZING RAIN OR DRIZZLE
GRTST DEPTH: 0 7 = DUSTSTORM OR SANDSTORM:
VSBY 1/2 MILE OR LESS
8 = SMOKE OR HAZE
[NO. OF DAYS WITH] [WEATHER - DAYS WITH] 9 = BLOWING SNOW
X = TORNADO
MAX 32 OR BELOW: 0 0.01 INCH OR MORE: 10
MAX 90 OR ABOVE: 11 0.10 INCH OR MORE: 6
MIN 32 OR BELOW: 0 0.50 INCH OR MORE: 2
MIN 0 OR BELOW: 0 1.00 INCH OR MORE: 2
[HDD (BASE 65) ]
TOTAL THIS MO. 0 CLEAR (SCALE 0-3) 2
DPTR FM NORMAL -1 PTCLDY (SCALE 4-7) 20
TOTAL FM JUL 1 874 CLOUDY (SCALE 8-10) 9
DPTR FM NORMAL -224
[CDD (BASE 65) ]
TOTAL THIS MO. 445
DPTR FM NORMAL 54 [PRESSURE DATA]
TOTAL FM JAN 1 1007 HIGHEST SLP 30.18 ON 15
DPTR FM NORMAL 285 LOWEST SLP 29.80 ON 17
[REMARKS]
#FINAL-05-23#