000
CXUS54 KLZK 011130
CF6HRO
PRELIMINARY LOCAL CLIMATOLOGICAL DATA (WS FORM: F-6)
STATION: HARRISON
MONTH: MARCH
YEAR: 2022
LATITUDE: 36 15 N
LONGITUDE: 93 9 W
TEMPERATURE IN F: :PCPN: SNOW: WIND :SUNSHINE: SKY :PK WND
================================================================================
1 2 3 4 5 6A 6B 7 8 9 10 11 12 13 14 15 16 17 18
12Z AVG MX 2MIN
DY MAX MIN AVG DEP HDD CDD WTR SNW DPTH SPD SPD DIR MIN PSBL S-S WX SPD DR
================================================================================
1 72 50 61 17 4 0 0.00 0.0 0 7.3 15 260 M M 0 20 270
2 79 56 68 23 0 3 0.00 0.0 0 7.8 13 250 M M 0 19 270
3 80 52 66 21 0 1 0.00 0.0 0 7.0 12 100 M M 0 18 280
4 73 41 57 12 8 0 0.00 0.0 0 9.0 21 170 M M 0 26 180
5 66 57 62 16 3 0 T 0.0 0 12.1 21 180 M M 6 31 170
6 68 41 55 9 10 0 0.34 0.0 0 8.8 22 170 M M 8 13 32 310
7 41 30 36 -10 29 0 0.04 T 0 10.7 21 310 M M 10 14 30 310
8 40 29 35 -12 30 0 0.00 0.0 0 3.5 10 100 M M 8 15 120
9 53 29 41 -6 24 0 0.00 0.0 0 4.0 10 40 M M 2 14 360
10 59 30 45 -2 20 0 0.00 0.0 0 6.8 16 120 M M 0 22 120
11 33 23 28 -20 37 0 0.25 3.0 0 8.8 16 270 M M 8 12 26 230
12 41 15 28 -20 37 0 0.00 0.0 2 6.2 13 340 M M 0 17 180
13 65 34 50 2 15 0 0.00 0.0 0 9.6 20 250 M M 0 26 250
14 59 44 52 4 13 0 0.00 0.0 0 12.4 20 150 M M 6 1 25 190
15 66 46 56 7 9 0 0.02 0.0 0 3.5 12 140 M M 7 1 17 130
16 74 40 57 8 8 0 0.00 0.0 0 5.7 15 170 M M 0 1 20 150
17 76 45 61 11 4 0 0.10 0.0 0 10.9 22 160 M M 1 1 27 160
18 58 40 49 -1 16 0 0.62 0.0 0 11.5 24 270 M M 9 13 33 270
19 65 39 52 2 13 0 0.00 0.0 0 8.5 17 280 M M 1 26 280
20 76 40 58 8 7 0 0.00 0.0 0 4.6 17 170 M M 0 24 160
21 66 49 58 7 7 0 1.06 0.0 0 13.5 32 160 M M 4 13 41 140
22 61 42 52 1 13 0 0.16 0.0 0 11.7 29 140 M M 8 1 37 140
23 42 38 40 -12 25 0 0.02 0.0 0 10.7 23 290 M M 10 1 30 270
24 46 36 41 -11 24 0 0.01 T 0 6.7 14 270 M M 10 20 270
25 61 35 48 -4 17 0 0.00 0.0 0 8.8 18 320 M M 4 27 320
26 61 39 50 -2 15 0 0.00 0.0 0 5.6 15 310 M M 1 19 310
27 59 38 49 -4 16 0 0.00 0.0 0 5.5 12 100 M M 0 15 80
28 66 37 52 -1 13 0 0.00 0.0 0 13.3 21 120 M M 0 28 130
29 74 43 59 6 6 0 0.00 0.0 0 15.1 30 170 M M 1 46 190
30 68 37 53 -1 12 0 1.67 0.0 0 10.4 21 280 M M 9 13 31 280
31 42 30 36 -18 29 0 0.01 T 0 8.1 17 250 M M 7 24 300
================================================================================
SM 1890 1205 464 4 4.30 3.0 268.1 M 120
================================================================================
AV 61.0 38.9 8.6 FASTST M M 4 MAX(MPH)
MISC ----> 32 160 46 190
================================================================================
NOTES:
# LAST OF SEVERAL OCCURRENCES
COLUMN 17 PEAK WIND IN M.P.H.
PRELIMINARY LOCAL CLIMATOLOGICAL DATA (WS FORM: F-6) , PAGE 2
STATION: HARRISON
MONTH: MARCH
YEAR: 2022
LATITUDE: 36 15 N
LONGITUDE: 93 9 W
[TEMPERATURE DATA] [PRECIPITATION DATA] SYMBOLS USED IN COLUMN 16
AVERAGE MONTHLY: 49.9 TOTAL FOR MONTH: 4.30 1 = FOG OR MIST
DPTR FM NORMAL: 0.7 DPTR FM NORMAL: 0.39 2 = FOG REDUCING VISIBILITY
HIGHEST: 80 ON 3 GRTST 24HR 1.67 ON 30-30 TO 1/4 MILE OR LESS
LOWEST: 15 ON 12 3 = THUNDER
SNOW, ICE PELLETS, HAIL 4 = ICE PELLETS
TOTAL MONTH: 3.0 INCHES 5 = HAIL
GRTST 24HR 3.0 ON 11-11 6 = FREEZING RAIN OR DRIZZLE
GRTST DEPTH: 2 ON 12 7 = DUSTSTORM OR SANDSTORM:
VSBY 1/2 MILE OR LESS
8 = SMOKE OR HAZE
[NO. OF DAYS WITH] [WEATHER - DAYS WITH] 9 = BLOWING SNOW
X = TORNADO
MAX 32 OR BELOW: 0 0.01 INCH OR MORE: 12
MAX 90 OR ABOVE: 0 0.10 INCH OR MORE: 7
MIN 32 OR BELOW: 7 0.50 INCH OR MORE: 3
MIN 0 OR BELOW: 0 1.00 INCH OR MORE: 2
[HDD (BASE 65) ]
TOTAL THIS MO. 464 CLEAR (SCALE 0-3) 16
DPTR FM NORMAL -33 PTCLDY (SCALE 4-7) 8
TOTAL FM JUL 1 3149 CLOUDY (SCALE 8-10) 7
DPTR FM NORMAL -424
[CDD (BASE 65) ]
TOTAL THIS MO. 4
DPTR FM NORMAL -4 [PRESSURE DATA]
TOTAL FM JAN 1 4 HIGHEST SLP 30.46 ON 12
DPTR FM NORMAL -5 LOWEST SLP 29.27 ON 30
[REMARKS]
#FINAL-03-22#