000
CXUS53 KGID 011438
CF6HSI
PRELIMINARY LOCAL CLIMATOLOGICAL DATA (WS FORM: F-6)
STATION: HASTINGS NE
MONTH: FEBRUARY
YEAR: 2023
LATITUDE: 40 35 N
LONGITUDE: 98 26 W
TEMPERATURE IN F: :PCPN: SNOW: WIND :SUNSHINE: SKY :PK WND
================================================================================
1 2 3 4 5 6A 6B 7 8 9 10 11 12 13 14 15 16 17 18
12Z AVG MX 2MIN
DY MAX MIN AVG DEP HDD CDD WTR SNW DPTH SPD SPD DIR MIN PSBL S-S WX SPD DR
================================================================================
1 28 5 17 -10 48 0 0.00 0.0 4 7.0 13 220 M M 0 19 190
2 30 4 17 -10 48 0 0.00 0.0 4 10.6 29 360 M M 0 38 360
3 29 2 16 -11 49 0 0.00 0.0 4 7.6 17 200 M M 1 24 200
4 42 22 32 4 33 0 0.00 0.0 4 9.2 18 320 M M 0 24 320
5 43 25 34 6 31 0 0.00 0.0 2 5.7 13 290 M M 0 16 290
6 40 28 34 6 31 0 0.00 0.0 2 8.9 17 300 M M 2 23 280
7 44 24 34 6 31 0 0.00 0.0 1 7.5 17 300 M M 0 25 300
8 45 23 34 6 31 0 0.00 0.0 1 4.2 9 330 M M 0 14 230
9 36 25 31 3 34 0 0.00 0.0 1 21.7 35 340 M M 3 45 330
10 38 16 27 -2 38 0 0.00 0.0 T 7.5 17 350 M M 0 23 360
11 51 26 39 10 26 0 0.00 0.0 T 10.4 16 210 M M 0 22 210
12 44 24 34 5 31 0 0.00 0.0 T 10.2 17 360 M M M 24 360
13 57 28 43 14 22 0 T 0.0 T 9.3 23 200 M M 0 35 160
14 47 33 40 10 25 0 0.08 T 0 15.4 33 330 M M 8 12 43 320
15 34 16 25 -5 40 0 0.18 2.4 0 21.6 32 340 M M 10 1 43 350
16 30 12 21 -9 44 0 0.33 4.1 6 15.5 31 350 M M 4 1 40 350
17 37 8 23 -7 42 0 0.00 0.0 6 7.7 15 210 M M 0 24 230
18 44 21 33 2 32 0 0.00 0.0 4 7.1 18 200 M M 0 29 210
19 46 25 36 5 29 0 0.00 0.0 2 5.9 14 330 M M 0 17 340
20 51 30 41 10 24 0 0.00 0.0 T 10.2 18 290 M M 1 23 300
21 59 28 44 12 21 0 0.00 0.0 T 9.7 22 150 M M 1 33 140
22 36 7 22 -10 43 0 0.03 1.0 0 22.9 33 30 M M 9 18 45 20
23 13 -2 6 -26 59 0 T T 1 18.1 30 310 M M 2 8 37 310
24 17 0 9 -24 56 0 0.12 2.3 3 5.9 17 20 M M 5 18 22 30
25 49 8 29 -4 36 0 0.00 0.0 2 8.2 20 210 M M 0 29 250
26 58 29 44 11 21 0 0.33 0.0 0 9.7 21 360 M M 2 13 28 160
27 55 29 42 8 23 0 0.02 0.0 0 17.0 32 320 M M 2 1 45 300
28 52 27 40 6 25 0 T T 0 6.7 14 130 M M 4 18 130
================================================================================
SM 1155 523 973 0 1.09 9.8 301.4 M 54
================================================================================
AV 41.3 18.7 10.8 FASTST M M 2 MAX(MPH)
MISC ----> 35 340 # 45 330
================================================================================
NOTES:
# LAST OF SEVERAL OCCURRENCES
COLUMN 17 PEAK WIND IN M.P.H.
PRELIMINARY LOCAL CLIMATOLOGICAL DATA (WS FORM: F-6) , PAGE 2
STATION: HASTINGS NE
MONTH: FEBRUARY
YEAR: 2023
LATITUDE: 40 35 N
LONGITUDE: 98 26 W
[TEMPERATURE DATA] [PRECIPITATION DATA] SYMBOLS USED IN COLUMN 16
AVERAGE MONTHLY: 30.0 TOTAL FOR MONTH: 1.09 1 = FOG OR MIST
DPTR FM NORMAL: 0.0 DPTR FM NORMAL: 0.34 2 = FOG REDUCING VISIBILITY
HIGHEST: 59 ON 21 GRTST 24HR 0.35 ON 26-27 TO 1/4 MILE OR LESS
LOWEST: -2 ON 23 3 = THUNDER
SNOW, ICE PELLETS, HAIL 4 = ICE PELLETS
TOTAL MONTH: 9.8 INCHES 5 = HAIL
GRTST 24HR 6.5 ON 15-16 6 = FREEZING RAIN OR DRIZZLE
GRTST DEPTH: 6 ON 17,16 7 = DUSTSTORM OR SANDSTORM:
VSBY 1/2 MILE OR LESS
8 = SMOKE OR HAZE
[NO. OF DAYS WITH] [WEATHER - DAYS WITH] 9 = BLOWING SNOW
X = TORNADO
MAX 32 OR BELOW: 6 0.01 INCH OR MORE: 7
MAX 90 OR ABOVE: 0 0.10 INCH OR MORE: 4
MIN 32 OR BELOW: 27 0.50 INCH OR MORE: 0
MIN 0 OR BELOW: 2 1.00 INCH OR MORE: 0
[HDD (BASE 65) ]
TOTAL THIS MO. 973 CLEAR (SCALE 0-3) 20
DPTR FM NORMAL -5 PTCLDY (SCALE 4-7) 5
TOTAL FM JUL 1 4551 CLOUDY (SCALE 8-10) 3
DPTR FM NORMAL 37
[CDD (BASE 65) ]
TOTAL THIS MO. 0
DPTR FM NORMAL 0 [PRESSURE DATA]
TOTAL FM JAN 1 0 HIGHEST SLP 30.73 ON 24
DPTR FM NORMAL 0 LOWEST SLP 29.14 ON 14
[REMARKS]
#FINAL-02-23#