000
CXUS53 KGID 011952
CF6HSI
PRELIMINARY LOCAL CLIMATOLOGICAL DATA (WS FORM: F-6)
STATION: HASTINGS NE
MONTH: OCTOBER
YEAR: 2023
LATITUDE: 40 35 N
LONGITUDE: 98 26 W
TEMPERATURE IN F: :PCPN: SNOW: WIND :SUNSHINE: SKY :PK WND
================================================================================
1 2 3 4 5 6A 6B 7 8 9 10 11 12 13 14 15 16 17 18
12Z AVG MX 2MIN
DY MAX MIN AVG DEP HDD CDD WTR SNW DPTH SPD SPD DIR MIN PSBL S-S WX SPD DR
================================================================================
1 89 67 78 18 0 13 0.00 0.0 0 12.4 26 170 M M 1 42 190
2 88 63 76 16 0 11 0.00 0.0 0 11.7 22 160 M M 0 35 160
3 77 54 66 7 0 1 1.00 0.0 0 9.0 35 240 M M 3 13 52 250
4 71 50 61 2 4 0 0.00 0.0 0 7.1 16 290 M M 0 23 330
5 70 49 60 2 5 0 0.00 0.0 0 10.4 28 340 M M 1 36 350
6 56 36 46 -12 19 0 0.05 0.0 0 14.1 33 340 M M 3 46 340
7 66 33 50 -7 15 0 0.00 0.0 0 6.9 15 200 M M 0 22 190
8 77 43 60 3 5 0 0.00 0.0 0 6.8 18 340 M M 0 22 340
9 68 40 54 -2 11 0 0.00 0.0 0 4.4 12 40 M M 0 8 16 40
10 73 39 56 0 9 0 0.00 0.0 0 8.1 16 160 M M 0 24 180
11 80 45 63 7 2 0 0.02 0.0 0 9.6 20 140 M M 1 32 160
12 69 51 60 5 5 0 0.12 0.0 0 13.6 29 140 M M 7 13 42 150
13 51 45 48 -7 17 0 0.04 0.0 0 23.5 36 330 M M 9 1 49 320
14 51 45 48 -6 17 0 0.01 0.0 0 15.0 30 330 M M 10 1 40 340
15 49 36 43 -11 22 0 T 0.0 0 10.2 17 330 M M 10 22 340
16 62 32 47 -6 18 0 0.00 0.0 0 4.5 10 310 M M 0 14 290
17 77 41 59 6 6 0 0.00 0.0 0 8.1 18 190 M M 0 26 210
18 70 49 60 8 5 0 0.00 0.0 0 15.9 31 320 M M 0 43 260
19 80 46 63 11 2 0 0.00 0.0 0 9.6 24 320 M M 0 36 310
20 86 44 65 14 0 0 0.00 0.0 0 6.4 17 290 M M 0 25 280
21 72 44 58 7 7 0 0.00 0.0 0 8.1 16 30 M M 0 22 10
22 69 45 57 7 8 0 0.00 0.0 0 11.1 25 120 M M 0 36 110
23 82 40 61 11 4 0 0.00 0.0 0 7.4 17 170 M M 0 8 30 170
24 74 50 62 13 3 0 T 0.0 0 12.6 23 210 M M 6 1 37 210
25 62 50 56 7 9 0 0.07 0.0 0 7.1 18 120 M M 10 12 25 120
26 64 37 51 3 14 0 T 0.0 0 12.3 35 330 M M 10 1 44 340
27 40 26 33 -15 32 0 0.00 0.0 0 15.5 32 340 M M 4 44 340
28 31 25 28 -20 37 0 0.02 0.2 0 15.9 22 20 M M 9 1 30 30
29 34 19 27 -20 38 0 0.04 0.5 1 12.8 21 330 M M 6 1 26 360
30 45 16 31 -16 34 0 0.00 0.0 0 9.6 24 340 M M 0 32 360
31 36 17 27 -19 38 0 0.00 0.0 0 10.5 30 340 M M 0 40 340
================================================================================
SM 2019 1277 386 25 1.37 0.7 330.2 M 90
================================================================================
AV 65.1 41.2 10.7 FASTST M M 3 MAX(MPH)
MISC ----> 36 330 52 250
================================================================================
NOTES:
# LAST OF SEVERAL OCCURRENCES
COLUMN 17 PEAK WIND IN M.P.H.
PRELIMINARY LOCAL CLIMATOLOGICAL DATA (WS FORM: F-6) , PAGE 2
STATION: HASTINGS NE
MONTH: OCTOBER
YEAR: 2023
LATITUDE: 40 35 N
LONGITUDE: 98 26 W
[TEMPERATURE DATA] [PRECIPITATION DATA] SYMBOLS USED IN COLUMN 16
AVERAGE MONTHLY: 53.2 TOTAL FOR MONTH: 1.37 1 = FOG OR MIST
DPTR FM NORMAL: 0.0 DPTR FM NORMAL: -0.59 2 = FOG REDUCING VISIBILITY
HIGHEST: 89 ON 1 GRTST 24HR 1.00 ON 3- 3 TO 1/4 MILE OR LESS
LOWEST: 16 ON 30 3 = THUNDER
SNOW, ICE PELLETS, HAIL 4 = ICE PELLETS
TOTAL MONTH: 0.7 INCH 5 = HAIL
GRTST 24HR 0.5 ON 29-29 6 = FREEZING RAIN OR DRIZZLE
GRTST DEPTH: 1 ON 29 7 = DUSTSTORM OR SANDSTORM:
VSBY 1/2 MILE OR LESS
8 = SMOKE OR HAZE
[NO. OF DAYS WITH] [WEATHER - DAYS WITH] 9 = BLOWING SNOW
X = TORNADO
MAX 32 OR BELOW: 1 0.01 INCH OR MORE: 9
MAX 90 OR ABOVE: 0 0.10 INCH OR MORE: 2
MIN 32 OR BELOW: 6 0.50 INCH OR MORE: 1
MIN 0 OR BELOW: 0 1.00 INCH OR MORE: 1
[HDD (BASE 65) ]
TOTAL THIS MO. 386 CLEAR (SCALE 0-3) 21
DPTR FM NORMAL 4 PTCLDY (SCALE 4-7) 4
TOTAL FM JUL 1 400 CLOUDY (SCALE 8-10) 6
DPTR FM NORMAL -69
[CDD (BASE 65) ]
TOTAL THIS MO. 25
DPTR FM NORMAL 9 [PRESSURE DATA]
TOTAL FM JAN 1 1205 HIGHEST SLP 30.59 ON 31
DPTR FM NORMAL 70 LOWEST SLP 29.22 ON 12
[REMARKS]
#FINAL-10-23#