000
CXUS53 KAPX 011418
CF6HTL
PRELIMINARY LOCAL CLIMATOLOGICAL DATA (WS FORM: F-6)
STATION: HOUGHTON LAKE MI
MONTH: AUGUST
YEAR: 2020
LATITUDE: 44 22 N
LONGITUDE: 84 41 W
TEMPERATURE IN F: :PCPN: SNOW: WIND :SUNSHINE: SKY :PK WND
================================================================================
1 2 3 4 5 6A 6B 7 8 9 10 11 12 13 14 15 16 17 18
12Z AVG MX 2MIN
DY MAX MIN AVG DEP HDD CDD WTR SNW DPTH SPD SPD DIR MIN PSBL S-S WX SPD DR
================================================================================
1 84 50 67 0 0 2 0.00 0.0 0 2.7 10 350 M M 3 12 14 90
2 81 62 72 5 0 7 0.20 0.0 0 6.8 17 360 M M 5 1 23 340
3 63 55 59 -8 6 0 0.33 0.0 0 7.7 14 30 M M 10 1 20 20
4 70 50 60 -6 5 0 T 0.0 0 7.4 15 10 M M 8 20 30
5 73 49 61 -5 4 0 0.00 0.0 0 6.4 14 320 M M 2 1 20 310
6 79 45 62 -4 3 0 0.00 0.0 0 2.8 9 190 M M 3 1 13 250
7 81 51 66 0 0 1 0.00 0.0 0 3.2 10 310 M M 1 1 15 320
8 80 50 65 -1 0 0 0.13 0.0 0 7.1 16 200 M M 3 138 24 220
9 87 68 78 12 0 13 0.10 0.0 0 5.3 15 130 M M 4 3 23 280
10 88 68 78 12 0 13 0.26 0.0 0 7.4 22 180 M M 3 13 31 160
11 81 60 71 5 0 6 0.01 0.0 0 7.2 15 300 M M 1 21 260
12 88 50 69 3 0 4 0.00 0.0 0 3.9 10 350 M M 0 13 340
13 85 55 70 4 0 5 0.00 0.0 0 3.1 9 120 M M 1 14 130
14 86 53 70 5 0 5 0.00 0.0 0 6.5 20 90 M M 0 1 28 90
15 81 62 72 7 0 7 T 0.0 0 4.0 14 150 M M 4 22 150
16 80 57 69 4 0 4 0.07 0.0 0 6.3 14 360 M M 3 1 20 10
17 79 51 65 0 0 0 T 0.0 0 6.3 20 310 M M 1 28 310
18 74 46 60 -5 5 0 0.00 0.0 0 7.7 18 280 M M 2 27 300
19 76 39 58 -7 7 0 0.00 0.0 0 3.1 9 230 M M 3 1 16 220
20 84 61 73 8 0 8 T 0.0 0 10.8 17 240 M M 2 3 27 230
21 85 63 74 10 0 9 0.06 0.0 0 6.2 12 280 M M 3 16 280
22 88 56 72 8 0 7 0.00 0.0 0 5.4 12 220 M M 1 17 210
23 85 62 74 10 0 9 0.82 0.0 0 5.3 22 250 M M 4 123 34 260
24 86 57 72 8 0 7 0.00 0.0 0 5.6 15 280 M M 2 12 22 280
25 86 57 72 8 0 7 0.00 0.0 0 5.9 16 310 M M 1 24 310
26 83 56 70 6 0 5 0.46 0.0 0 8.0 16 180 M M 3 13 28 10
27 82 58 70 7 0 5 T 0.0 0 9.0 16 290 M M 2 24 240
28 71 55 63 0 2 0 0.01 0.0 0 5.2 13 230 M M 8 12 19 240
29 73 56 65 2 0 0 0.01 0.0 0 14.7 25 320 M M 8 1 36 310
30 70 50 60 -3 5 0 0.00 0.0 0 4.9 10 310 M M 8 16 290
31 75 50 63 1 2 0 0.00 0.0 0 7.2 16 180 M M 4 12 23 180
================================================================================
SM 2484 1702 39 124 2.46 0.0 193.1 M 103
================================================================================
AV 80.1 54.9 6.2 FASTST M M 3 MAX(MPH)
MISC ----> # 25 320 # 36 310
================================================================================
NOTES:
# LAST OF SEVERAL OCCURRENCES
COLUMN 17 PEAK WIND IN M.P.H.
PRELIMINARY LOCAL CLIMATOLOGICAL DATA (WS FORM: F-6) , PAGE 2
STATION: HOUGHTON LAKE MI
MONTH: AUGUST
YEAR: 2020
LATITUDE: 44 22 N
LONGITUDE: 84 41 W
[TEMPERATURE DATA] [PRECIPITATION DATA] SYMBOLS USED IN COLUMN 16
AVERAGE MONTHLY: 67.5 TOTAL FOR MONTH: 2.46 1 = FOG OR MIST
DPTR FM NORMAL: 2.5 DPTR FM NORMAL: -0.94 2 = FOG REDUCING VISIBILITY
HIGHEST: 88 ON 22,12 GRTST 24HR 0.82 ON 23-23 TO 1/4 MILE OR LESS
LOWEST: 39 ON 19 3 = THUNDER
SNOW, ICE PELLETS, HAIL 4 = ICE PELLETS
TOTAL MONTH: 0.0 INCH 5 = HAIL
GRTST 24HR 0.0 6 = FREEZING RAIN OR DRIZZLE
GRTST DEPTH: 0 7 = DUSTSTORM OR SANDSTORM:
VSBY 1/2 MILE OR LESS
8 = SMOKE OR HAZE
[NO. OF DAYS WITH] [WEATHER - DAYS WITH] 9 = BLOWING SNOW
X = TORNADO
MAX 32 OR BELOW: 0 0.01 INCH OR MORE: 12
MAX 90 OR ABOVE: 0 0.10 INCH OR MORE: 7
MIN 32 OR BELOW: 0 0.50 INCH OR MORE: 1
MIN 0 OR BELOW: 0 1.00 INCH OR MORE: 0
[HDD (BASE 65) ]
TOTAL THIS MO. 39 CLEAR (SCALE 0-3) 20
DPTR FM NORMAL -41 PTCLDY (SCALE 4-7) 10
TOTAL FM JUL 1 45 CLOUDY (SCALE 8-10) 1
DPTR FM NORMAL -82
[CDD (BASE 65) ]
TOTAL THIS MO. 124
DPTR FM NORMAL 46 [PRESSURE DATA]
TOTAL FM JAN 1 480 HIGHEST SLP M ON M
DPTR FM NORMAL 215 LOWEST SLP 29.49 ON 29
[REMARKS]
#FINAL-08-20#