000
CXUS53 KIND 010600
CF6HUF
PRELIMINARY LOCAL CLIMATOLOGICAL DATA (WS FORM: F-6)
STATION: TERRE HAUTE IN
MONTH: JULY
YEAR: 2021
LATITUDE: 39 27 N
LONGITUDE: 87 18 W
TEMPERATURE IN F: :PCPN: SNOW: WIND :SUNSHINE: SKY :PK WND
================================================================================
1 2 3 4 5 6A 6B 7 8 9 10 11 12 13 14 15 16 17 18
12Z AVG MX 2MIN
DY MAX MIN AVG DEP HDD CDD WTR SNW DPTH SPD SPD DIR MIN PSBL S-S WX SPD DR
================================================================================
1 85 63 74 -1 0 9 0.85 M M 7.1 18 10 M M 5 1 27 10
2 78 57 68 -7 0 3 0.00 M M 7.3 15 360 M M 1 22 340
3 80 55 68 -7 0 3 0.00 M M 4.1 10 360 M M 0 15 10
4 88 63 76 1 0 11 0.00 M M 3.3 9 250 M M 1 1 15 280
5 89 66 78 2 0 13 0.00 M M 3.2 10 250 M M 0 1 17 230
6 90 68 79 3 0 14 0.00 M M 3.0 12 250 M M 0 1 15 250
7 90 73 82 6 0 17 T M M 5.6 13 200 M M 2 13 17 200
8 86 68 77 1 0 12 0.18 M M 6.6 26 190 M M 4 3 36 190
9 78 60 69 -7 0 4 0.00 M M 3.6 10 10 M M 2 18 16 20
10 79 66 73 -3 0 8 0.68 M M 5.7 15 100 M M 6 1 23 90
11 80 69 75 -1 0 10 0.24 M M 4.9 14 190 M M 9 1 20 180
12 85 66 76 0 0 11 0.72 M M 6.4 25 160 M M 6 13 36 150
13 83 70 77 1 0 12 T M M 7.6 18 250 M M 8 1 24 270
14 87 64 76 0 0 11 0.00 M M 4.8 14 200 M M 1 1 19 180
15 90 70 80 4 0 15 1.24 M M 8.0 24 260 M M 3 123 41 260
16 78 69 74 -2 0 9 0.63 M M 5.8 13 190 M M 9 13 17 190
17 82 67 75 -1 0 10 T M M 3.0 10 350 M M 7 18 14 340
18 85 66 76 1 0 11 0.00 M M 4.3 13 80 M M 4 12 17 80
19 85 63 74 -1 0 9 0.00 M M 3.9 13 40 M M 0 1 17 60
20 86 63 75 0 0 10 T M M 2.6 10 340 M M 1 1 15 350
21 85 66 76 1 0 11 T M M 3.3 7 40 M M 2 18 M M
22 85 67 76 1 0 11 0.00 M M 3.0 9 140 M M 4 18 12 170
23 88 68 78 3 0 13 0.00 M M 3.7 12 190 M M 1 18 19 170
24 90 69 80 5 0 15 0.20 M M 8.0 30 360 M M 2 138 44 360
25 89 70 80 5 0 15 1.62 M M 3.7 20 60 M M 4 13 25 60
26 90 69 80 5 0 15 0.00 M M 2.6 9 60 M M 1 1 14 360
27 90 64 77 2 0 12 0.00 M M 1.1 8 20 M M 0 1 11 360
28 89 68 79 4 0 14 T M M 2.3 10 250 M M 1 128 14 240
29 89 73 81 6 0 16 0.16 M M 6.7 20 250 M M 2 138 29 250
30 81 64 73 -2 0 8 T M M 6.0 13 360 M M 0 1 19 40
31 70 60 65 -10 0 0 0.08 M M 2.5 9 250 M M 6 18 12 260
================================================================================
SM 2630 2044 0 332 6.60 M 143.7 M 92
================================================================================
AV 84.8 65.9 4.6 FASTST M M 3 MAX(MPH)
MISC ----> 30 360 44 360
================================================================================
NOTES:
# LAST OF SEVERAL OCCURRENCES
COLUMN 17 PEAK WIND IN M.P.H.
PRELIMINARY LOCAL CLIMATOLOGICAL DATA (WS FORM: F-6) , PAGE 2
STATION: TERRE HAUTE IN
MONTH: JULY
YEAR: 2021
LATITUDE: 39 27 N
LONGITUDE: 87 18 W
[TEMPERATURE DATA] [PRECIPITATION DATA] SYMBOLS USED IN COLUMN 16
AVERAGE MONTHLY: 75.4 TOTAL FOR MONTH: 6.60 1 = FOG OR MIST
DPTR FM NORMAL: 0.1 DPTR FM NORMAL: 2.26 2 = FOG REDUCING VISIBILITY
HIGHEST: 90 ON 27,26 GRTST 24HR 1.82 ON 24-25 TO 1/4 MILE OR LESS
LOWEST: 55 ON 3 3 = THUNDER
SNOW, ICE PELLETS, HAIL 4 = ICE PELLETS
TOTAL MONTH: M 5 = HAIL
GRTST 24HR M ON M 6 = FREEZING RAIN OR DRIZZLE
GRTST DEPTH: M ON M 7 = DUSTSTORM OR SANDSTORM:
VSBY 1/2 MILE OR LESS
8 = SMOKE OR HAZE
[NO. OF DAYS WITH] [WEATHER - DAYS WITH] 9 = BLOWING SNOW
X = TORNADO
MAX 32 OR BELOW: 0 0.01 INCH OR MORE: 11
MAX 90 OR ABOVE: 6 0.10 INCH OR MORE: 10
MIN 32 OR BELOW: 0 0.50 INCH OR MORE: 6
MIN 0 OR BELOW: 0 1.00 INCH OR MORE: 2
[HDD (BASE 65) ]
TOTAL THIS MO. 0 CLEAR (SCALE 0-3) 19
DPTR FM NORMAL -1 PTCLDY (SCALE 4-7) 10
TOTAL FM JUL 1 0 CLOUDY (SCALE 8-10) 2
DPTR FM NORMAL 0
[CDD (BASE 65) ]
TOTAL THIS MO. 332
DPTR FM NORMAL 10 [PRESSURE DATA]
TOTAL FM JAN 1 739 HIGHEST SLP M ON M
DPTR FM NORMAL 66 LOWEST SLP 29.78 ON 11
[REMARKS]
#FINAL-07-21#