699
CXUS56 KTFX 011110
CF6HVR
PRELIMINARY LOCAL CLIMATOLOGICAL DATA (WS FORM: F-6)
STATION: HAVRE MT
MONTH: JUNE
YEAR: 2020
LATITUDE: 48 32 N
LONGITUDE: 109 46 W
TEMPERATURE IN F: :PCPN: SNOW: WIND :SUNSHINE: SKY :PK WND
================================================================================
1 2 3 4 5 6A 6B 7 8 9 10 11 12 13 14 15 16 17 18
12Z AVG MX 2MIN
DY MAX MIN AVG DEP HDD CDD WTR SNW DPTH SPD SPD DIR MIN PSBL S-S WX SPD DR
================================================================================
1 79 46 63 4 2 0 0.00 0.0 0 12.6 26 280 M M 1 34 280
2 78 48 63 4 2 0 0.00 0.0 0 11.5 22 240 M M 0 31 280
3 77 50 64 5 1 0 0.00 0.0 0 13.7 32 290 M M 1 41 290
4 73 46 60 0 5 0 0.00 0.0 0 6.9 16 280 M M 4 23 290
5 82 42 62 2 3 0 0.00 0.0 0 16.0 38 90 M M 2 48 90
6 74 53 64 4 1 0 0.25 0.0 0 12.4 37 80 M M 4 1 45 90
7 68 50 59 -1 6 0 0.04 0.0 0 14.3 26 280 M M 7 35 270
8 54 46 50 -10 15 0 0.21 0.0 0 5.0 12 350 M M 10 1 14 350
9 69 45 57 -4 8 0 0.00 0.0 0 14.1 24 280 M M 3 31 270
10 76 44 60 -1 5 0 0.00 0.0 0 11.4 22 300 M M 3 28 300
11 83 45 64 3 1 0 0.00 0.0 0 9.2 22 250 M M 0 34 280
12 91 57 74 13 0 9 0.00 0.0 0 15.7 29 160 M M 0 37 160
13 93 59 76 14 0 11 T 0.0 0 12.1 32 200 M M 0 3 43 180
14 71 51 61 -1 4 0 T 0.0 0 16.3 30 210 M M 1 37 220
15 75 48 62 0 3 0 0.08 0.0 0 19.8 35 230 M M 3 43 230
16 65 49 57 -5 8 0 0.11 0.0 0 8.5 21 200 M M 9 26 200
17 64 51 58 -4 7 0 0.25 0.0 0 9.2 24 330 M M 10 1 30 330
18 65 46 56 -7 9 0 0.09 0.0 0 10.5 22 310 M M 6 1 27 320
19 73 42 58 -5 7 0 0.11 0.0 0 6.0 29 250 M M 3 34 240
20 82 48 65 2 0 0 0.09 0.0 0 11.5 31 260 M M 4 1 36 250
21 77 54 66 3 0 1 0.28 0.0 0 10.2 35 10 M M 5 138 45 20
22 82 49 66 2 0 1 0.00 0.0 0 4.8 14 280 M M 1 18 290
23 89 52 71 7 0 6 0.00 0.0 0 8.8 22 240 M M 0 27 240
24 91 58 75 11 0 10 0.03 0.0 0 8.2 24 350 M M 2 30 320
25 83 57 70 6 0 5 T 0.0 0 8.8 17 220 M M 4 21 230
26 92 51 72 7 0 7 0.00 0.0 0 8.7 20 260 M M 0 26 220
27 85 58 72 7 0 7 0.31 0.0 0 9.0 24 250 M M 4 3 43 230
28 71 53 62 -3 3 0 0.47 0.0 0 12.1 26 320 M M 6 13 33 320
29 62 54 58 -7 7 0 0.32 0.0 0 8.7 20 360 M M 10 1 24 360
30 73 54 64 -2 1 0 0.00 0.0 0 13.8 23 260 M M 5 1 29 210
================================================================================
SM 2297 1506 98 57 2.64 0.0 329.8 M 108
================================================================================
AV 76.6 50.2 11.0 FASTST M M 4 MAX(MPH)
MISC ----> 38 90 48 90
================================================================================
NOTES:
# LAST OF SEVERAL OCCURRENCES
COLUMN 17 PEAK WIND IN M.P.H.
PRELIMINARY LOCAL CLIMATOLOGICAL DATA (WS FORM: F-6) , PAGE 2
STATION: HAVRE MT
MONTH: JUNE
YEAR: 2020
LATITUDE: 48 32 N
LONGITUDE: 109 46 W
[TEMPERATURE DATA] [PRECIPITATION DATA] SYMBOLS USED IN COLUMN 16
AVERAGE MONTHLY: 63.4 TOTAL FOR MONTH: 2.64 1 = FOG OR MIST
DPTR FM NORMAL: 1.2 DPTR FM NORMAL: 0.45 2 = FOG REDUCING VISIBILITY
HIGHEST: 93 ON 13 GRTST 24HR 0.78 ON 27-28 TO 1/4 MILE OR LESS
LOWEST: 42 ON 19, 5 3 = THUNDER
SNOW, ICE PELLETS, HAIL 4 = ICE PELLETS
TOTAL MONTH: 0.0 INCH 5 = HAIL
GRTST 24HR 0.0 6 = FREEZING RAIN OR DRIZZLE
GRTST DEPTH: 0 7 = DUSTSTORM OR SANDSTORM:
VSBY 1/2 MILE OR LESS
8 = SMOKE OR HAZE
[NO. OF DAYS WITH] [WEATHER - DAYS WITH] 9 = BLOWING SNOW
X = TORNADO
MAX 32 OR BELOW: 0 0.01 INCH OR MORE: 14
MAX 90 OR ABOVE: 4 0.10 INCH OR MORE: 9
MIN 32 OR BELOW: 0 0.50 INCH OR MORE: 0
MIN 0 OR BELOW: 0 1.00 INCH OR MORE: 0
[HDD (BASE 65) ]
TOTAL THIS MO. 98 CLEAR (SCALE 0-3) 15
DPTR FM NORMAL -35 PTCLDY (SCALE 4-7) 11
TOTAL FM JUL 1 8332 CLOUDY (SCALE 8-10) 4
DPTR FM NORMAL 110
[CDD (BASE 65) ]
TOTAL THIS MO. 57
DPTR FM NORMAL 9 [PRESSURE DATA]
TOTAL FM JAN 1 70 HIGHEST SLP 30.17 ON 18
DPTR FM NORMAL 11 LOWEST SLP 29.35 ON 7
[REMARKS]
#FINAL-06-20#