000
CXUS52 KMFL 281910
CF6HWO
PRELIMINARY LOCAL CLIMATOLOGICAL DATA (WS FORM: F-6)
STATION: NORTH PERRY ARPT
MONTH: DECEMBER
YEAR: 2022
LATITUDE: 26 0 N
LONGITUDE: 80 14 W
TEMPERATURE IN F: :PCPN: SNOW: WIND :SUNSHINE: SKY :PK WND
================================================================================
1 2 3 4 5 6A 6B 7 8 9 10 11 12 13 14 15 16 17 18
12Z AVG MX 2MIN
DY MAX MIN AVG DEP HDD CDD WTR SNW DPTH SPD SPD DIR MIN PSBL S-S WX SPD DR
================================================================================
1 81 71 76 4 0 11 0.13 M M 11.4 23 30 M M 5 1 30 20
2 81 73 77 5 0 12 0.00 M M 13.1 22 50 M M 6 28 50
3 82 67 75 3 0 10 0.00 0.0 0 10.4 20 50 M M 9 25 30
4 82 64 73 1 0 8 0.00 0.0 0 5.3 16 30 M M 3 22 40
5 82 64 73 1 0 8 0.00 0.0 0 4.8 15 60 M M 3 19 60
6 83 67 75 3 0 10 0.00 0.0 0 6.2 15 60 M M 3 18 40
7 83 66 75 3 0 10 0.00 M M 7.0 16 60 M M 1 19 70
8 82 65 74 2 0 9 M 0.0 0 5.6 14 70 M M 1 20 50
9 82 66 74 2 0 9 0.00 0.0 0 4.9 13 330 M M 3 17 350
10 83 63 73 1 0 8 0.00 M M 5.2 12 350 M M 0 16 20
11 80 63 72 1 0 7 0.00 0.0 0 4.3 12 340 M M 0 1 15 320
12 80 63 72 1 0 7 0.00 0.0 0 4.7 10 330 M M 2 1 15 320
13 81 60 71 0 0 6 0.00 0.0 0 3.5 12 100 M M 1 1 14 100
14 82 65 74 3 0 9 T M M 6.9 17 140 M M 2 24 140
15 84 69 77 6 0 12 0.00 0.0 0 9.0 22 170 M M 3 28 160
16 77 68 73 2 0 8 T M M 5.3 15 330 M M 7 17 320
17 79 67 73 2 0 8 T M M 6.3 14 60 M M 8 3 16 80
18 80 65 73 3 0 8 0.05 0.0 0 8.0 17 360 M M 6 21 350
19 78 60 69 -1 0 4 0.00 0.0 0 9.7 17 70 M M 2 22 50
20 80 67 74 4 0 9 0.15 0.0 0 9.9 21 60 M M 4 25 80
21 81 68 75 5 0 10 0.00 0.0 0 6.5 13 30 M M 5 16 60
22 84 65 75 5 0 10 0.00 0.0 0 4.8 15 260 M M 0 1 19 240
23 82 55 69 -1 0 4 0.05 0.0 0 11.2 21 310 M M 3 3 29 220
24 55 45 50 -20 15 0 T 0.0 0 14.2 23 330 M M 2 30 340
25 49 43 46 -24 19 0 0.02 0.0 0 13.2 21 330 M M 9 27 340
26 56 47 52 -18 13 0 0.22 0.0 0 8.9 18 320 M M 10 22 320
27 73 55 64 -5 1 0 0.04 0.0 0 8.2 14 350 M M 5 17 320
28 77 56 67 -2 0 2 0.00 0.0 0 9.6 21 60 M M 4 26 70
29 80 69 75 6 0 10 T 0.0 0 12.3 21 60 M M 2 27 60
30 84 69 77 8 0 12 T 0.0 0 5.8 14 50 M M 4 19 60
31 84 66 75 6 0 10 0.00 0.0 0 4.9 18 140 M M 2 1 23 150
================================================================================
SM 2427 1951 48 231 0.66 0.0 241.1 M 115
================================================================================
AV 78.3 62.9 7.8 FASTST M M 4 MAX(MPH)
MISC ----> # 23 30 # 30 20
================================================================================
NOTES:
# LAST OF SEVERAL OCCURRENCES
COLUMN 17 PEAK WIND IN M.P.H.
PRELIMINARY LOCAL CLIMATOLOGICAL DATA (WS FORM: F-6) , PAGE 2
STATION: NORTH PERRY ARPT
MONTH: DECEMBER
YEAR: 2022
LATITUDE: 26 0 N
LONGITUDE: 80 14 W
[TEMPERATURE DATA] [PRECIPITATION DATA] SYMBOLS USED IN COLUMN 16
AVERAGE MONTHLY: 70.6 TOTAL FOR MONTH: 0.66 1 = FOG OR MIST
DPTR FM NORMAL: -0.1 DPTR FM NORMAL: -1.52 2 = FOG REDUCING VISIBILITY
HIGHEST: 84 ON 31,30 GRTST 24HR 0.26 ON 26-27 TO 1/4 MILE OR LESS
LOWEST: 43 ON 25 3 = THUNDER
SNOW, ICE PELLETS, HAIL 4 = ICE PELLETS
TOTAL MONTH: 0.0 INCH 5 = HAIL
GRTST 24HR 0.0 6 = FREEZING RAIN OR DRIZZLE
GRTST DEPTH: 0 7 = DUSTSTORM OR SANDSTORM:
VSBY 1/2 MILE OR LESS
8 = SMOKE OR HAZE
[NO. OF DAYS WITH] [WEATHER - DAYS WITH] 9 = BLOWING SNOW
X = TORNADO
MAX 32 OR BELOW: 0 0.01 INCH OR MORE: 7
MAX 90 OR ABOVE: 0 0.10 INCH OR MORE: 3
MIN 32 OR BELOW: 0 0.50 INCH OR MORE: 0
MIN 0 OR BELOW: 0 1.00 INCH OR MORE: 0
[HDD (BASE 65) ]
TOTAL THIS MO. 48 CLEAR (SCALE 0-3) 16
DPTR FM NORMAL 18 PTCLDY (SCALE 4-7) 12
TOTAL FM JUL 1 48 CLOUDY (SCALE 8-10) 3
DPTR FM NORMAL 13
[CDD (BASE 65) ]
TOTAL THIS MO. 231
DPTR FM NORMAL 23 [PRESSURE DATA]
TOTAL FM JAN 1 4815 HIGHEST SLP 30.31 ON 25
DPTR FM NORMAL 178 LOWEST SLP 29.92 ON 15
[REMARKS]
#FINAL-12-22#