000
CXUS53 KICT 042213
CF6ICT
PRELIMINARY LOCAL CLIMATOLOGICAL DATA (WS FORM: F-6)
STATION: WICHITA EISENHOWER NATIONAL
MONTH: JUNE
YEAR: 2022
LATITUDE: 37 39 N
LONGITUDE: 97 25 W
TEMPERATURE IN F: :PCPN: SNOW: WIND :SUNSHINE: SKY :PK WND
================================================================================
1 2 3 4 5 6A 6B 7 8 9 10 11 12 13 14 15 16 17 18
12Z AVG MX 2MIN
DY MAX MIN AVG DEP HDD CDD WTR SNW DPTH SPD SPD DIR MIN PSBL S-S WX SPD DR
================================================================================
1 67 54 61 -12 4 0 0.08 0.0 0 12.1 21 20 M M 9 18 28 10
2 76 52 64 -9 1 0 0.00 0.0 0 5.6 14 30 M M 5 20 40
3 79 56 68 -5 0 3 0.00 0.0 0 7.8 18 130 M M 5 24 120
4 83 61 72 -2 0 7 0.04 0.0 0 10.7 21 140 M M 8 28 140
5 82 62 72 -2 0 7 1.21 0.0 0 11.2 33 360 M M 7 13 47 280
6 87 63 75 1 0 10 0.03 0.0 0 4.3 16 330 M M 6 13 20 330
7 90 67 79 4 0 14 0.02 0.0 0 7.4 23 340 M M 7 29 300
8 78 62 70 -5 0 5 0.28 0.0 0 10.4 25 50 M M 7 13 35 40
9 80 56 68 -7 0 3 T 0.0 0 8.0 23 190 M M 5 3 31 190
10 89 62 76 0 0 11 0.38 0.0 0 4.9 45 360 M M 6 138 59 350
11 93 70 82 6 0 17 0.00 0.0 0 11.1 22 80 M M 2 29 110
12 94 75 85 9 0 20 0.00 0.0 0 13.2 21 120 M M 3 1 29 90
13 99 78 89 13 0 24 0.00 0.0 0 20.7 31 190 M M 3 8 43 180
14 93 77 85 8 0 20 0.00 0.0 0 22.1 31 170 M M 3 8 45 180
15 94 77 86 9 0 21 0.00 0.0 0 16.5 33 200 M M 5 8 44 180
16 98 74 86 9 0 21 0.00 0.0 0 12.1 21 170 M M 2 27 160
17 97 73 85 7 0 20 0.00 0.0 0 10.1 18 140 M M 3 18 24 140
18 94 70 82 4 0 17 0.00 0.0 0 10.7 21 140 M M 1 18 26 150
19 94 74 84 6 0 19 0.00 0.0 0 13.8 24 160 M M 2 1 30 150
20 97 73 85 7 0 20 0.00 0.0 0 16.2 28 170 M M 2 34 170
21 100 72 86 8 0 21 0.20 0.0 0 11.8 25 320 M M 5 138 33 200
22 88 70 79 0 0 14 1.42 0.0 0 9.1 26 190 M M 7 13 35 200
23 92 71 82 3 0 17 0.01 0.0 0 12.5 24 140 M M 7 34 140
24 100 79 90 11 0 25 0.00 0.0 0 17.5 26 180 M M 4 34 170
25 95 76 86 7 0 21 T 0.0 0 13.4 25 340 M M 6 3 35 360
26 77 58 68 -12 0 3 0.62 0.0 0 12.7 31 10 M M 8 13 44 20
27 76 62 69 -11 0 4 0.02 0.0 0 5.2 14 330 M M 9 18 330
28 85 61 73 -7 0 8 0.00 0.0 0 6.3 15 170 M M 2 22 160
29 89 60 75 -5 0 10 0.00 0.0 0 11.0 21 170 M M 1 28 150
30 94 62 78 -2 0 13 0.00 0.0 0 13.0 24 170 M M 2 31 170
================================================================================
SM 2660 2007 5 395 4.31 0.0 341.4 M 142
================================================================================
AV 88.7 66.9 11.4 FASTST M M 5 MAX(MPH)
MISC ----> 45 360 59 350
================================================================================
NOTES:
# LAST OF SEVERAL OCCURRENCES
COLUMN 17 PEAK WIND IN M.P.H.
PRELIMINARY LOCAL CLIMATOLOGICAL DATA (WS FORM: F-6) , PAGE 2
STATION: WICHITA EISENHOWER NATIONAL
MONTH: JUNE
YEAR: 2022
LATITUDE: 37 39 N
LONGITUDE: 97 25 W
[TEMPERATURE DATA] [PRECIPITATION DATA] SYMBOLS USED IN COLUMN 16
AVERAGE MONTHLY: 77.8 TOTAL FOR MONTH: 4.31 1 = FOG OR MIST
DPTR FM NORMAL: 0.9 DPTR FM NORMAL: -0.62 2 = FOG REDUCING VISIBILITY
HIGHEST: 100 ON 24,21 GRTST 24HR 3.96 ON 31- 1 TO 1/4 MILE OR LESS
LOWEST: 52 ON 2 3 = THUNDER
SNOW, ICE PELLETS, HAIL 4 = ICE PELLETS
TOTAL MONTH: T 5 = HAIL
GRTST 24HR 0.0 6 = FREEZING RAIN OR DRIZZLE
GRTST DEPTH: 0 7 = DUSTSTORM OR SANDSTORM:
VSBY 1/2 MILE OR LESS
8 = SMOKE OR HAZE
[NO. OF DAYS WITH] [WEATHER - DAYS WITH] 9 = BLOWING SNOW
X = TORNADO
MAX 32 OR BELOW: 0 0.01 INCH OR MORE: 12
MAX 90 OR ABOVE: 16 0.10 INCH OR MORE: 6
MIN 32 OR BELOW: 0 0.50 INCH OR MORE: 3
MIN 0 OR BELOW: 0 1.00 INCH OR MORE: 2
[HDD (BASE 65) ]
TOTAL THIS MO. 5 CLEAR (SCALE 0-3) 10
DPTR FM NORMAL 1 PTCLDY (SCALE 4-7) 17
TOTAL FM JUL 1 4082 CLOUDY (SCALE 8-10) 3
DPTR FM NORMAL -327
[CDD (BASE 65) ]
TOTAL THIS MO. 395
DPTR FM NORMAL 35 [PRESSURE DATA]
TOTAL FM JAN 1 635 HIGHEST SLP 30.35 ON 27
DPTR FM NORMAL 116 LOWEST SLP 29.56 ON 12
[REMARKS]
#FINAL-06-22#