057
CDUS43 KICT 230635
CLIICT

CLIMATE REPORT
NATIONAL WEATHER SERVICE WICHITA KS
134 AM CDT MON APR 23 2018


...................................

...THE WICHITA EISENHOWER NATIONAL CLIMATE SUMMARY FOR APRIL 22 2018...

CLIMATE NORMAL PERIOD 1981 TO 2010
CLIMATE RECORD PERIOD 1888 TO 2018


WEATHER ITEM   OBSERVED TIME   RECORD YEAR NORMAL DEPARTURE LAST
                VALUE   (LST)  VALUE       VALUE  FROM      YEAR
                                                  NORMAL
..................................................................
TEMPERATURE (F)
 YESTERDAY
  MAXIMUM         58    238 PM  91    2006  70    -12       61
                                      1955
  MINIMUM         44    440 AM  32    1959  47     -3       44
  AVERAGE         51                        58     -7       53

PRECIPITATION (IN)
  YESTERDAY        0.06          6.03 1944   0.10  -0.04      T
  MONTH TO DATE    1.36                      1.75  -0.39     5.61
  SINCE MAR 1      2.48                      4.44  -1.96     9.11
  SINCE JAN 1      2.96                      6.45  -3.49    12.73

SNOWFALL (IN)
  YESTERDAY        0.0           0.0  2007   0.0    0.0      0.0
                                      2001
  MONTH TO DATE    1.0                       0.2    0.8      0.0
  SINCE MAR 1      1.0                       2.5   -1.5       T
  SINCE JUL 1      2.0                      14.9  -12.9      2.0
  SNOW DEPTH       0

DEGREE DAYS
 HEATING
  YESTERDAY       14                         8      6       12
  MONTH TO DATE  388                       239    149      140
  SINCE MAR 1    870                       816     54      569
  SINCE JUL 1   4226                      4456   -230     3413

 COOLING
  YESTERDAY        0                         1     -1        0
  MONTH TO DATE    8                        15     -7       27
  SINCE MAR 1      8                        17     -9       45
  SINCE JAN 1      8                        17     -9       45
..................................................................


WIND (MPH)
  HIGHEST WIND SPEED    23   HIGHEST WIND DIRECTION     N (10)
  HIGHEST GUST SPEED    29   HIGHEST GUST DIRECTION     N (10)
  AVERAGE WIND SPEED    13.9


SKY COVER
  POSSIBLE SUNSHINE  MM
  AVERAGE SKY COVER 1.0


WEATHER CONDITIONS
 THE FOLLOWING WEATHER WAS RECORDED YESTERDAY.
  LIGHT RAIN
  FOG


RELATIVE HUMIDITY (PERCENT)
 HIGHEST   100          1200 AM
 LOWEST     61           800 PM
 AVERAGE    81

..........................................................


THE WICHITA EISENHOWER NATIONAL CLIMATE NORMALS FOR TODAY
                         NORMAL    RECORD    YEAR
 MAXIMUM TEMPERATURE (F)   70        94      2006
 MINIMUM TEMPERATURE (F)   47        32      2013


SUNRISE AND SUNSET
APRIL 23 2018.........SUNRISE   644 AM CDT   SUNSET   813 PM CDT
APRIL 24 2018.........SUNRISE   643 AM CDT   SUNSET   814 PM CDT


-  INDICATES NEGATIVE NUMBERS.
R  INDICATES RECORD WAS SET OR TIED.
MM INDICATES DATA IS MISSING.
T  INDICATES TRACE AMOUNT.




$$
