000
CDUS43 KICT 140636
CLIICT


CLIMATE REPORT
NATIONAL WEATHER SERVICE WICHITA KS
135 AM CDT SAT APR 14 2018


...................................

...THE WICHITA EISENHOWER NATIONAL CLIMATE SUMMARY FOR APRIL 13 2018...

CLIMATE NORMAL PERIOD 1981 TO 2010
CLIMATE RECORD PERIOD 1888 TO 2018


WEATHER ITEM   OBSERVED TIME   RECORD YEAR NORMAL DEPARTURE LAST
                VALUE   (LST)  VALUE       VALUE  FROM      YEAR
                                                  NORMAL
..................................................................
TEMPERATURE (F)
 YESTERDAY
  MAXIMUM         81   1022 AM  96    2006  67     14       72
  MINIMUM         37   1159 PM  21    1950  44     -7       58
  AVERAGE         59                        55      4       65

PRECIPITATION (IN)
  YESTERDAY        0.00          1.58 2007   0.08  -0.08     0.03
  MONTH TO DATE    0.14                      0.98  -0.84     1.75
  SINCE MAR 1      1.26                      3.67  -2.41     5.25
  SINCE JAN 1      1.74                      5.68  -3.94     8.87

SNOWFALL (IN)
  YESTERDAY        0.0           0.5  2007   0.0    0.0      0.0
  MONTH TO DATE    1.0                       0.2    0.8      0.0
  SINCE MAR 1      1.0                       2.5   -1.5       T
  SINCE JUL 1      2.0                      14.9  -12.9      2.0
  SNOW DEPTH       0

DEGREE DAYS
 HEATING
  YESTERDAY        6                        10     -4        0
  MONTH TO DATE  240                       158     82      115
  SINCE MAR 1    722                       735    -13      544
  SINCE JUL 1   4078                      4375   -297     3388

 COOLING
  YESTERDAY        0                         1     -1        0
  MONTH TO DATE    7                         6      1        7
  SINCE MAR 1      7                         8     -1       25
  SINCE JAN 1      7                         8     -1       25
..................................................................


WIND (MPH)
  HIGHEST WIND SPEED    36   HIGHEST WIND DIRECTION     S (180)
  HIGHEST GUST SPEED    44   HIGHEST GUST DIRECTION     S (180)
  AVERAGE WIND SPEED    22.6


SKY COVER
  POSSIBLE SUNSHINE  MM
  AVERAGE SKY COVER 0.6


WEATHER CONDITIONS
 THE FOLLOWING WEATHER WAS RECORDED YESTERDAY.
  NO SIGNIFICANT WEATHER WAS OBSERVED.


RELATIVE HUMIDITY (PERCENT)
 HIGHEST    84           600 AM
 LOWEST     25           400 PM
 AVERAGE    55

..........................................................


THE WICHITA EISENHOWER NATIONAL CLIMATE NORMALS FOR TODAY
                         NORMAL    RECORD    YEAR
 MAXIMUM TEMPERATURE (F)   67        93      1936
 MINIMUM TEMPERATURE (F)   44        25      1928


SUNRISE AND SUNSET
APRIL 14 2018.........SUNRISE   656 AM CDT   SUNSET   804 PM CDT
APRIL 15 2018.........SUNRISE   655 AM CDT   SUNSET   805 PM CDT


-  INDICATES NEGATIVE NUMBERS.
R  INDICATES RECORD WAS SET OR TIED.
MM INDICATES DATA IS MISSING.
T  INDICATES TRACE AMOUNT.




$$
