000
CDUS43 KICT 152204
CLIICT

CLIMATE REPORT
NATIONAL WEATHER SERVICE WICHITA KS
503 PM CDT SUN APR 15 2018


...................................

...THE WICHITA EISENHOWER NATIONAL CLIMATE SUMMARY FOR APRIL 15 2018...
VALID TODAY AS OF 0500 PM LOCAL TIME.

CLIMATE NORMAL PERIOD 1981 TO 2010
CLIMATE RECORD PERIOD 1888 TO 2018


WEATHER ITEM   OBSERVED TIME   RECORD YEAR NORMAL DEPARTURE LAST
                VALUE   (LST)  VALUE       VALUE  FROM      YEAR
                                                  NORMAL
..................................................................
TEMPERATURE (F)
 TODAY
  MAXIMUM         49    359 PM  95    2006  68    -19       80
  MINIMUM         26    456 AM  25    1983  44    -18       63
  AVERAGE         38                        56    -18       72

PRECIPITATION (IN)
  TODAY            0.00          1.80 1945   0.08  -0.08      T
  MONTH TO DATE    0.14                      1.14  -1.00     1.75
  SINCE MAR 1      1.26                      3.83  -2.57     5.25
  SINCE JAN 1      1.74                      5.84  -4.10     8.87

SNOWFALL (IN)
  TODAY            0.0           T    1947   0.0    0.0      0.0
  MONTH TO DATE    1.0                       0.2    0.8      0.0
  SINCE MAR 1      1.0                       2.5   -1.5       T
  SINCE JUL 1      2.0                      14.9  -12.9      2.0
  SNOW DEPTH       0

DEGREE DAYS
 HEATING
  TODAY           27                        10     17        0
  MONTH TO DATE  298                       178    120      115
  SINCE MAR 1    780                       755     25      544
  SINCE JUL 1   4136                      4395   -259     3388

 COOLING
  TODAY            0                         1     -1        7
  MONTH TO DATE    7                         8     -1       17
  SINCE MAR 1      7                        10     -3       35
  SINCE JAN 1      7                        10     -3       35
..................................................................


WIND (MPH)
  HIGHEST WIND SPEED    33   HIGHEST WIND DIRECTION    NW (320)
  HIGHEST GUST SPEED    41   HIGHEST GUST DIRECTION    NW (320)
  AVERAGE WIND SPEED    22.8


SKY COVER
  POSSIBLE SUNSHINE  MM
  AVERAGE SKY COVER 0.6


WEATHER CONDITIONS
 THE FOLLOWING WEATHER WAS RECORDED TODAY.
  NO SIGNIFICANT WEATHER WAS OBSERVED.


RELATIVE HUMIDITY (PERCENT)
 HIGHEST    75           600 AM
 LOWEST     34           300 PM
 AVERAGE    55

..........................................................


THE WICHITA EISENHOWER NATIONAL CLIMATE NORMALS FOR TOMORROW
                         NORMAL    RECORD    YEAR
 MAXIMUM TEMPERATURE (F)   68        89      2006
                                             1967
 MINIMUM TEMPERATURE (F)   45        29      1953
                                             1907


SUNRISE AND SUNSET
APRIL 15 2018.........SUNRISE   655 AM CDT   SUNSET   805 PM CDT
APRIL 16 2018.........SUNRISE   653 AM CDT   SUNSET   806 PM CDT


-  INDICATES NEGATIVE NUMBERS.
R  INDICATES RECORD WAS SET OR TIED.
MM INDICATES DATA IS MISSING.
T  INDICATES TRACE AMOUNT.




$$
