000
CDUS43 KICT 090624
CLIICT


CLIMATE REPORT
NATIONAL WEATHER SERVICE WICHITA KS
122 AM CDT MON APR 9 2018


...................................

...THE WICHITA EISENHOWER NATIONAL CLIMATE SUMMARY FOR APRIL 8 2018...

CLIMATE NORMAL PERIOD 1981 TO 2010
CLIMATE RECORD PERIOD 1888 TO 2018


WEATHER ITEM   OBSERVED TIME   RECORD YEAR NORMAL DEPARTURE LAST
                VALUE   (LST)  VALUE       VALUE  FROM      YEAR
                                                  NORMAL
..................................................................
TEMPERATURE (F)
 YESTERDAY
  MAXIMUM         51    614 PM  89    1905  65    -14       79
  MINIMUM         33    438 AM  22    2007  42     -9       56
  AVERAGE         42                        54    -12       68

PRECIPITATION (IN)
  YESTERDAY        0.04          1.78 1922   0.07  -0.03     0.00
  MONTH TO DATE    0.11                      0.60  -0.49     1.72
  SINCE MAR 1      1.23                      3.29  -2.06     5.22
  SINCE JAN 1      1.71                      5.30  -3.59     8.84

SNOWFALL (IN)
  YESTERDAY        T             3.9  1938   0.0    0.0      0.0
  MONTH TO DATE    1.0                       0.1    0.9      0.0
  SINCE MAR 1      1.0                       2.4   -1.4       T
  SINCE JUL 1      2.0                      14.8  -12.8      2.0
  SNOW DEPTH       0

DEGREE DAYS
 HEATING
  YESTERDAY       23                        12     11        0
  MONTH TO DATE  198                       103     95       94
  SINCE MAR 1    680                       680      0      523
  SINCE JUL 1   4036                      4320   -284     3367

 COOLING
  YESTERDAY        0                         1     -1        3
  MONTH TO DATE    0                         1     -1        3
  SINCE MAR 1      0                         3     -3       21
  SINCE JAN 1      0                         3     -3       21
..................................................................


WIND (MPH)
  HIGHEST WIND SPEED    26   HIGHEST WIND DIRECTION     S (170)
  HIGHEST GUST SPEED    32   HIGHEST GUST DIRECTION     S (190)
  AVERAGE WIND SPEED    12.2


SKY COVER
  POSSIBLE SUNSHINE  MM
  AVERAGE SKY COVER 0.6


WEATHER CONDITIONS
 THE FOLLOWING WEATHER WAS RECORDED YESTERDAY.
  LIGHT RAIN
  SLEET
  FOG


RELATIVE HUMIDITY (PERCENT)
 HIGHEST    85          1100 PM
 LOWEST     46          1200 PM
 AVERAGE    66

..........................................................


THE WICHITA EISENHOWER NATIONAL CLIMATE NORMALS FOR TODAY
                         NORMAL    RECORD    YEAR
 MAXIMUM TEMPERATURE (F)   66        91      1930
 MINIMUM TEMPERATURE (F)   42        25      2003


SUNRISE AND SUNSET
APRIL  9 2018.........SUNRISE   703 AM CDT   SUNSET   800 PM CDT
APRIL 10 2018.........SUNRISE   702 AM CDT   SUNSET   801 PM CDT


-  INDICATES NEGATIVE NUMBERS.
R  INDICATES RECORD WAS SET OR TIED.
MM INDICATES DATA IS MISSING.
T  INDICATES TRACE AMOUNT.




$$
