000
CDUS43 KICT 091245
CLIICT


CLIMATE REPORT
NATIONAL WEATHER SERVICE WICHITA KS
745 AM CDT WED MAY 9 2018


...................................

...THE WICHITA EISENHOWER NATIONAL CLIMATE SUMMARY FOR MAY 8 2018...

CLIMATE NORMAL PERIOD 1981 TO 2010
CLIMATE RECORD PERIOD 1888 TO 2018


WEATHER ITEM   OBSERVED TIME   RECORD YEAR NORMAL DEPARTURE LAST
                VALUE   (LST)  VALUE       VALUE  FROM      YEAR
                                                  NORMAL
..................................................................
TEMPERATURE (F)
 YESTERDAY
  MAXIMUM         91        MM  97    1989  74     17       83
  MINIMUM         69    500 AM  33    1984  53     16       56
  AVERAGE         80                        63     17       70

PRECIPITATION (IN)
  YESTERDAY        0.00          2.45 1940   0.14  -0.14     0.00
  MONTH TO DATE    1.09                      1.07   0.02     0.95
  SINCE MAR 1      3.97                      6.35  -2.38    11.73
  SINCE JAN 1      4.45                      8.36  -3.91    15.35

SNOWFALL (IN)
  YESTERDAY        0.0           0.0  2007   0.0    0.0      0.0
                                      2001
  MONTH TO DATE    0.0                       0.0    0.0      0.0
  SINCE MAR 1      1.0                       2.5   -1.5       T
  SINCE JUL 1      2.0                      14.9  -12.9      2.0
  SNOW DEPTH      MM

DEGREE DAYS
 HEATING
  YESTERDAY        0                         4     -4        0
  MONTH TO DATE    0                        35    -35       39
  SINCE MAR 1    921                       903     18      704
  SINCE JUL 1   4277                      4543   -266     3548

 COOLING
  YESTERDAY       15                         2     13        5
  MONTH TO DATE   54                        14     40       12
  SINCE MAR 1     73                        40     33       57
  SINCE JAN 1     73                        40     33       57
..................................................................


WIND (MPH)
  HIGHEST WIND SPEED    23   HIGHEST WIND DIRECTION     S (180)
  HIGHEST GUST SPEED    37   HIGHEST GUST DIRECTION    SW (210)
  AVERAGE WIND SPEED    14.4


SKY COVER
  POSSIBLE SUNSHINE  MM
  AVERAGE SKY COVER 0.5


WEATHER CONDITIONS
 THE FOLLOWING WEATHER WAS RECORDED YESTERDAY.
  NO SIGNIFICANT WEATHER WAS OBSERVED.


RELATIVE HUMIDITY (PERCENT)
 HIGHEST    68          1000 PM
 LOWEST     32           300 PM
 AVERAGE    50

..........................................................


THE WICHITA EISENHOWER NATIONAL CLIMATE NORMALS FOR TODAY
                         NORMAL    RECORD    YEAR
 MAXIMUM TEMPERATURE (F)   75       100      2011
 MINIMUM TEMPERATURE (F)   53        36      1980


SUNRISE AND SUNSET
MAY  9 2018...........SUNRISE   626 AM CDT   SUNSET   827 PM CDT
MAY 10 2018...........SUNRISE   625 AM CDT   SUNSET   828 PM CDT


-  INDICATES NEGATIVE NUMBERS.
R  INDICATES RECORD WAS SET OR TIED.
MM INDICATES DATA IS MISSING.
T  INDICATES TRACE AMOUNT.




$$
