000
CDUS43 KICT 052205
CLIICT

CLIMATE REPORT
NATIONAL WEATHER SERVICE WICHITA KS
505 PM CDT THU APR 5 2018


...................................

...THE WICHITA EISENHOWER NATIONAL CLIMATE SUMMARY FOR APRIL 5 2018...
VALID TODAY AS OF 0500 PM LOCAL TIME.

CLIMATE NORMAL PERIOD 1981 TO 2010
CLIMATE RECORD PERIOD 1888 TO 2018


WEATHER ITEM   OBSERVED TIME   RECORD YEAR NORMAL DEPARTURE LAST
                VALUE   (LST)  VALUE       VALUE  FROM      YEAR
                                                  NORMAL
..................................................................
TEMPERATURE (F)
 TODAY
  MAXIMUM         71    327 PM  89    1893  64      7       64
  MINIMUM         45    658 AM  21    1920  41      4       40
  AVERAGE         58                        53      5       52

PRECIPITATION (IN)
  TODAY            0.00          2.45 1928   0.07  -0.07     0.14
  MONTH TO DATE    T                         0.38  -0.38     1.72
  SINCE MAR 1      1.12                      3.07  -1.95     5.22
  SINCE JAN 1      1.60                      5.08  -3.48     8.84

SNOWFALL (IN)
  TODAY            0.0           0.6  1901   0.0    0.0      0.0
  MONTH TO DATE    0.0                       0.1   -0.1      0.0
  SINCE MAR 1      0.0                       2.4   -2.4       T
  SINCE JUL 1      1.0                      14.8  -13.8      2.0
  SNOW DEPTH       0

DEGREE DAYS
 HEATING
  TODAY            7                        13     -6       13
  MONTH TO DATE  110                        67     43       67
  SINCE MAR 1    592                       644    -52      496
  SINCE JUL 1   3948                      4284   -336     3340

 COOLING
  TODAY            0                         0      0        0
  MONTH TO DATE    0                         0      0        0
  SINCE MAR 1      0                         2     -2       18
  SINCE JAN 1      0                         2     -2       18
..................................................................


WIND (MPH)
  HIGHEST WIND SPEED    25   HIGHEST WIND DIRECTION     S (200)
  HIGHEST GUST SPEED    29   HIGHEST GUST DIRECTION     S (190)
  AVERAGE WIND SPEED    14.2


SKY COVER
  POSSIBLE SUNSHINE  MM
  AVERAGE SKY COVER 0.4


WEATHER CONDITIONS
 THE FOLLOWING WEATHER WAS RECORDED TODAY.
  NO SIGNIFICANT WEATHER WAS OBSERVED.


RELATIVE HUMIDITY (PERCENT)
 HIGHEST    53           700 AM
 LOWEST     30           200 PM
 AVERAGE    42

..........................................................


THE WICHITA EISENHOWER NATIONAL CLIMATE NORMALS FOR TOMORROW
                         NORMAL    RECORD    YEAR
 MAXIMUM TEMPERATURE (F)   65        98      1893
 MINIMUM TEMPERATURE (F)   41        21      1936


SUNRISE AND SUNSET
APRIL  5 2018.........SUNRISE   709 AM CDT   SUNSET   756 PM CDT
APRIL  6 2018.........SUNRISE   708 AM CDT   SUNSET   757 PM CDT


-  INDICATES NEGATIVE NUMBERS.
R  INDICATES RECORD WAS SET OR TIED.
MM INDICATES DATA IS MISSING.
T  INDICATES TRACE AMOUNT.




$$
