000
CDUS43 KICT 062208
CLIICT

CLIMATE REPORT
NATIONAL WEATHER SERVICE WICHITA KS
507 PM CDT FRI APR 6 2018


...................................

...THE WICHITA EISENHOWER NATIONAL CLIMATE SUMMARY FOR APRIL 6 2018...
VALID TODAY AS OF 0500 PM LOCAL TIME.

CLIMATE NORMAL PERIOD 1981 TO 2010
CLIMATE RECORD PERIOD 1888 TO 2018


WEATHER ITEM   OBSERVED TIME   RECORD YEAR NORMAL DEPARTURE LAST
                VALUE   (LST)  VALUE       VALUE  FROM      YEAR
                                                  NORMAL
..................................................................
TEMPERATURE (F)
 TODAY
  MAXIMUM         46    144 AM  98    1893  65    -19       63
  MINIMUM         32    354 PM  21    1936  41     -9       35
  AVERAGE         39                        53    -14       49

PRECIPITATION (IN)
  TODAY            0.01          1.03 1916   0.08  -0.07     0.00
  MONTH TO DATE    0.01                      0.46  -0.45     1.72
  SINCE MAR 1      1.13                      3.15  -2.02     5.22
  SINCE JAN 1      1.61                      5.16  -3.55     8.84

SNOWFALL (IN)
  TODAY            T   R         T    2007   0.0    0.0      0.0
                                      2003
                                      1939
  MONTH TO DATE    T                         0.1   -0.1      0.0
  SINCE MAR 1      T                         2.4   -2.4       T
  SINCE JUL 1      1.0                      14.8  -13.8      2.0
  SNOW DEPTH       0

DEGREE DAYS
 HEATING
  TODAY           26                        12     14       16
  MONTH TO DATE  136                        79     57       83
  SINCE MAR 1    618                       656    -38      512
  SINCE JUL 1   3974                      4296   -322     3356

 COOLING
  TODAY            0                         0      0        0
  MONTH TO DATE    0                         0      0        0
  SINCE MAR 1      0                         2     -2       18
  SINCE JAN 1      0                         2     -2       18
..................................................................


WIND (MPH)
  HIGHEST WIND SPEED    35   HIGHEST WIND DIRECTION    NE (30)
  HIGHEST GUST SPEED    42   HIGHEST GUST DIRECTION    NE (30)
  AVERAGE WIND SPEED    19.3


SKY COVER
  POSSIBLE SUNSHINE  MM
  AVERAGE SKY COVER 0.8


WEATHER CONDITIONS
 THE FOLLOWING WEATHER WAS RECORDED TODAY.
  RAIN
  SLEET
  FOG


RELATIVE HUMIDITY (PERCENT)
 HIGHEST    89           200 AM
 LOWEST     45           200 PM
 AVERAGE    67

..........................................................


THE WICHITA EISENHOWER NATIONAL CLIMATE NORMALS FOR TOMORROW
                         NORMAL    RECORD    YEAR
 MAXIMUM TEMPERATURE (F)   65        91      1890
 MINIMUM TEMPERATURE (F)   42        21      2009


SUNRISE AND SUNSET
APRIL  6 2018.........SUNRISE   708 AM CDT   SUNSET   757 PM CDT
APRIL  7 2018.........SUNRISE   706 AM CDT   SUNSET   758 PM CDT


-  INDICATES NEGATIVE NUMBERS.
R  INDICATES RECORD WAS SET OR TIED.
MM INDICATES DATA IS MISSING.
T  INDICATES TRACE AMOUNT.




$$
