000
CDUS43 KICT 220655
CLIICT


CLIMATE REPORT
NATIONAL WEATHER SERVICE WICHITA KS
154 AM CDT TUE MAY 22 2018


...................................

...THE WICHITA EISENHOWER NATIONAL CLIMATE SUMMARY FOR MAY 21 2018...

CLIMATE NORMAL PERIOD 1981 TO 2010
CLIMATE RECORD PERIOD 1888 TO 2018


WEATHER ITEM   OBSERVED TIME   RECORD YEAR NORMAL DEPARTURE LAST
                VALUE   (LST)  VALUE       VALUE  FROM      YEAR
                                                  NORMAL
..................................................................
TEMPERATURE (F)
 YESTERDAY
  MAXIMUM         79    539 PM  99    1925  78      1       73
  MINIMUM         58    621 AM  36    1967  57      1       44
  AVERAGE         69                        68      1       59

PRECIPITATION (IN)
  YESTERDAY        0.00          3.05 1891   0.15  -0.15      T
  MONTH TO DATE    2.18                      2.97  -0.79     4.23
  SINCE MAR 1      5.06                      8.25  -3.19    15.01
  SINCE JAN 1      5.54                     10.26  -4.72    18.63

SNOWFALL (IN)
  YESTERDAY        0.0           0.0  2007   0.0    0.0      0.0
                                      2001
  MONTH TO DATE    0.0                       0.0    0.0      0.0
  SINCE MAR 1      1.0                       2.5   -1.5       T
  SINCE JUL 1      2.0                      14.9  -12.9      2.0
  SNOW DEPTH       0

DEGREE DAYS
 HEATING
  YESTERDAY        0                         2     -2        6
  MONTH TO DATE    0                        68    -68       60
  SINCE MAR 1    921                       936    -15      725
  SINCE JUL 1   4277                      4576   -299     3569

 COOLING
  YESTERDAY        4                         4      0        0
  MONTH TO DATE  186                        56    130       62
  SINCE MAR 1    205                        82    123      107
  SINCE JAN 1    205                        82    123      107
..................................................................


WIND (MPH)
  HIGHEST WIND SPEED    12   HIGHEST WIND DIRECTION    SE (130)
  HIGHEST GUST SPEED    16   HIGHEST GUST DIRECTION     S (170)
  AVERAGE WIND SPEED     6.7


SKY COVER
  POSSIBLE SUNSHINE  MM
  AVERAGE SKY COVER 0.4


WEATHER CONDITIONS
 THE FOLLOWING WEATHER WAS RECORDED YESTERDAY.
  NO SIGNIFICANT WEATHER WAS OBSERVED.


RELATIVE HUMIDITY (PERCENT)
 HIGHEST    93           200 AM
 LOWEST     48           400 PM
 AVERAGE    71

..........................................................


THE WICHITA EISENHOWER NATIONAL CLIMATE NORMALS FOR TODAY
                         NORMAL    RECORD    YEAR
 MAXIMUM TEMPERATURE (F)   78        95      1956
 MINIMUM TEMPERATURE (F)   57        38      1931


SUNRISE AND SUNSET
MAY 22 2018...........SUNRISE   615 AM CDT   SUNSET   838 PM CDT
MAY 23 2018...........SUNRISE   614 AM CDT   SUNSET   839 PM CDT


-  INDICATES NEGATIVE NUMBERS.
R  INDICATES RECORD WAS SET OR TIED.
MM INDICATES DATA IS MISSING.
T  INDICATES TRACE AMOUNT.




$$
