000
CDUS43 KICT 180631
CLIICT


CLIMATE REPORT
NATIONAL WEATHER SERVICE WICHITA KS
131 AM CDT WED APR 18 2018


...................................

...THE WICHITA EISENHOWER NATIONAL CLIMATE SUMMARY FOR APRIL 17 2018...

CLIMATE NORMAL PERIOD 1981 TO 2010
CLIMATE RECORD PERIOD 1888 TO 2018


WEATHER ITEM   OBSERVED TIME   RECORD YEAR NORMAL DEPARTURE LAST
                VALUE   (LST)  VALUE       VALUE  FROM      YEAR
                                                  NORMAL
..................................................................
TEMPERATURE (F)
 YESTERDAY
  MAXIMUM         86    547 PM  92    2006  68     18       72
  MINIMUM         45    627 AM  25    1907  45      0       55
  AVERAGE         66                        57      9       64

PRECIPITATION (IN)
  YESTERDAY        0.00          1.73 1889   0.09  -0.09      T
  MONTH TO DATE    0.14                      1.31  -1.17     3.80
  SINCE MAR 1      1.26                      4.00  -2.74     7.30
  SINCE JAN 1      1.74                      6.01  -4.27    10.92

SNOWFALL (IN)
  YESTERDAY        0.0           0.2  1905   0.0    0.0      0.0
  MONTH TO DATE    1.0                       0.2    0.8      0.0
  SINCE MAR 1      1.0                       2.5   -1.5       T
  SINCE JUL 1      2.0                      14.9  -12.9      2.0
  SNOW DEPTH       0

DEGREE DAYS
 HEATING
  YESTERDAY        0                         9     -9        1
  MONTH TO DATE  320                       197    123      116
  SINCE MAR 1    802                       774     28      545
  SINCE JUL 1   4158                      4414   -256     3389

 COOLING
  YESTERDAY        1                         1      0        0
  MONTH TO DATE    8                        10     -2       17
  SINCE MAR 1      8                        12     -4       35
  SINCE JAN 1      8                        12     -4       35
..................................................................


WIND (MPH)
  HIGHEST WIND SPEED    39   HIGHEST WIND DIRECTION    NW (310)
  HIGHEST GUST SPEED    49   HIGHEST GUST DIRECTION    NW (300)
  AVERAGE WIND SPEED    16.1


SKY COVER
  POSSIBLE SUNSHINE  MM
  AVERAGE SKY COVER 0.4


WEATHER CONDITIONS
 THE FOLLOWING WEATHER WAS RECORDED YESTERDAY.
  HAZE
  SANDSTORM


RELATIVE HUMIDITY (PERCENT)
 HIGHEST    60           700 AM
 LOWEST     20           400 PM
 AVERAGE    40

..........................................................


THE WICHITA EISENHOWER NATIONAL CLIMATE NORMALS FOR TODAY
                         NORMAL    RECORD    YEAR
 MAXIMUM TEMPERATURE (F)   69        91      1987
 MINIMUM TEMPERATURE (F)   45        28      1953


SUNRISE AND SUNSET
APRIL 18 2018.........SUNRISE   651 AM CDT   SUNSET   808 PM CDT
APRIL 19 2018.........SUNRISE   649 AM CDT   SUNSET   809 PM CDT


-  INDICATES NEGATIVE NUMBERS.
R  INDICATES RECORD WAS SET OR TIED.
MM INDICATES DATA IS MISSING.
T  INDICATES TRACE AMOUNT.




$$
