542
CDUS43 KICT 210623
CLIICT


CLIMATE REPORT
NATIONAL WEATHER SERVICE WICHITA KS
123 AM CDT SAT APR 21 2018


...................................

...THE WICHITA EISENHOWER NATIONAL CLIMATE SUMMARY FOR APRIL 20 2018...

CLIMATE NORMAL PERIOD 1981 TO 2010
CLIMATE RECORD PERIOD 1888 TO 2018


WEATHER ITEM   OBSERVED TIME   RECORD YEAR NORMAL DEPARTURE LAST
                VALUE   (LST)  VALUE       VALUE  FROM      YEAR
                                                  NORMAL
..................................................................
TEMPERATURE (F)
 YESTERDAY
  MAXIMUM         68    234 PM  93    1961  69     -1       70
  MINIMUM         41    307 AM  31    1978  46     -5       56
                                      1966
                                      1918
  AVERAGE         55                        58     -3       63

PRECIPITATION (IN)
  YESTERDAY        T             2.20 1974   0.08  -0.08     0.85
  MONTH TO DATE    0.14                      1.56  -1.42     5.02
  SINCE MAR 1      1.26                      4.25  -2.99     8.52
  SINCE JAN 1      1.74                      6.26  -4.52    12.14

SNOWFALL (IN)
  YESTERDAY       MM             0.1  1918   0.0   MM        0.0
  MONTH TO DATE    1.0                       0.2    0.8      0.0
  SINCE MAR 1      1.0                       2.5   -1.5       T
  SINCE JUL 1      2.0                      14.9  -12.9      2.0
  SNOW DEPTH       0

DEGREE DAYS
 HEATING
  YESTERDAY       10                         8      2        2
  MONTH TO DATE  360                       223    137      118
  SINCE MAR 1    842                       800     42      547
  SINCE JUL 1   4198                      4440   -242     3391

 COOLING
  YESTERDAY        0                         1     -1        0
  MONTH TO DATE    8                        13     -5       27
  SINCE MAR 1      8                        15     -7       45
  SINCE JAN 1      8                        15     -7       45
..................................................................


WIND (MPH)
  HIGHEST WIND SPEED    25   HIGHEST WIND DIRECTION    SE (130)
  HIGHEST GUST SPEED    32   HIGHEST GUST DIRECTION    SE (120)
  AVERAGE WIND SPEED    14.4


SKY COVER
  POSSIBLE SUNSHINE  MM
  AVERAGE SKY COVER 0.7


WEATHER CONDITIONS
 THE FOLLOWING WEATHER WAS RECORDED YESTERDAY.
  THUNDERSTORM
  LIGHT RAIN
  HAZE


RELATIVE HUMIDITY (PERCENT)
 HIGHEST    67           300 AM
 LOWEST     26           400 PM
 AVERAGE    47

..........................................................


THE WICHITA EISENHOWER NATIONAL CLIMATE NORMALS FOR TODAY
                         NORMAL    RECORD    YEAR
 MAXIMUM TEMPERATURE (F)   69        92      1963
 MINIMUM TEMPERATURE (F)   46        28      1966


SUNRISE AND SUNSET
APRIL 21 2018.........SUNRISE   646 AM CDT   SUNSET   811 PM CDT
APRIL 22 2018.........SUNRISE   645 AM CDT   SUNSET   812 PM CDT


-  INDICATES NEGATIVE NUMBERS.
R  INDICATES RECORD WAS SET OR TIED.
MM INDICATES DATA IS MISSING.
T  INDICATES TRACE AMOUNT.




$$
