000
CDUS43 KICT 100632
CLIICT


CLIMATE REPORT
NATIONAL WEATHER SERVICE WICHITA KS
131 AM CDT TUE APR 10 2018


...................................

...THE WICHITA EISENHOWER NATIONAL CLIMATE SUMMARY FOR APRIL 9 2018...

CLIMATE NORMAL PERIOD 1981 TO 2010
CLIMATE RECORD PERIOD 1888 TO 2018


WEATHER ITEM   OBSERVED TIME   RECORD YEAR NORMAL DEPARTURE LAST
                VALUE   (LST)  VALUE       VALUE  FROM      YEAR
                                                  NORMAL
..................................................................
TEMPERATURE (F)
 YESTERDAY
  MAXIMUM         56    510 PM  91    1930  66    -10       79
  MINIMUM         35   1159 PM  25    2003  42     -7       58
  AVERAGE         46                        54     -8       69

PRECIPITATION (IN)
  YESTERDAY        0.03          1.16 1929   0.08  -0.05     0.00
  MONTH TO DATE    0.14                      0.68  -0.54     1.72
  SINCE MAR 1      1.26                      3.37  -2.11     5.22
  SINCE JAN 1      1.74                      5.38  -3.64     8.84

SNOWFALL (IN)
  YESTERDAY        0.0           0.6  2009   0.0    0.0      0.0
  MONTH TO DATE    1.0                       0.1    0.9      0.0
  SINCE MAR 1      1.0                       2.4   -1.4       T
  SINCE JUL 1      2.0                      14.8  -12.8      2.0
  SNOW DEPTH       0

DEGREE DAYS
 HEATING
  YESTERDAY       19                        12      7        0
  MONTH TO DATE  217                       115    102       94
  SINCE MAR 1    699                       692      7      523
  SINCE JUL 1   4055                      4332   -277     3367

 COOLING
  YESTERDAY        0                         1     -1        4
  MONTH TO DATE    0                         2     -2        7
  SINCE MAR 1      0                         4     -4       25
  SINCE JAN 1      0                         4     -4       25
..................................................................


WIND (MPH)
  HIGHEST WIND SPEED    20   HIGHEST WIND DIRECTION     N (340)
  HIGHEST GUST SPEED    24   HIGHEST GUST DIRECTION    NW (330)
  AVERAGE WIND SPEED    10.9


SKY COVER
  POSSIBLE SUNSHINE  MM
  AVERAGE SKY COVER 0.5


WEATHER CONDITIONS
 THE FOLLOWING WEATHER WAS RECORDED YESTERDAY.
  LIGHT RAIN
  FOG


RELATIVE HUMIDITY (PERCENT)
 HIGHEST    92          1200 AM
 LOWEST     46           600 PM
 AVERAGE    69

..........................................................


THE WICHITA EISENHOWER NATIONAL CLIMATE NORMALS FOR TODAY
                         NORMAL    RECORD    YEAR
 MAXIMUM TEMPERATURE (F)   66        87      1930
                                             1896
 MINIMUM TEMPERATURE (F)   43        26      1973
                                             1952


SUNRISE AND SUNSET
APRIL 10 2018.........SUNRISE   702 AM CDT   SUNSET   801 PM CDT
APRIL 11 2018.........SUNRISE   700 AM CDT   SUNSET   802 PM CDT


-  INDICATES NEGATIVE NUMBERS.
R  INDICATES RECORD WAS SET OR TIED.
MM INDICATES DATA IS MISSING.
T  INDICATES TRACE AMOUNT.




$$
