000
CDUS43 KICT 130629
CLIICT


CLIMATE REPORT
NATIONAL WEATHER SERVICE WICHITA KS
129 AM CDT SUN MAY 13 2018


...................................

...THE WICHITA EISENHOWER NATIONAL CLIMATE SUMMARY FOR MAY 12 2018...

CLIMATE NORMAL PERIOD 1981 TO 2010
CLIMATE RECORD PERIOD 1888 TO 2018


WEATHER ITEM   OBSERVED TIME   RECORD YEAR NORMAL DEPARTURE LAST
                VALUE   (LST)  VALUE       VALUE  FROM      YEAR
                                                  NORMAL
..................................................................
TEMPERATURE (F)
 YESTERDAY
  MAXIMUM         92R   425 PM  92    1956  75     17       73
  MINIMUM         70    603 AM  38    1960  54     16       51
  AVERAGE         81                        65     16       62

PRECIPITATION (IN)
  YESTERDAY        0.00          1.82 1935   0.15  -0.15     0.00
  MONTH TO DATE    1.17                      1.63  -0.46     3.31
  SINCE MAR 1      4.05                      6.91  -2.86    14.09
  SINCE JAN 1      4.53                      8.92  -4.39    17.71

SNOWFALL (IN)
  YESTERDAY        0.0           T    2010   0.0    0.0      0.0
                                      2004
  MONTH TO DATE    0.0                       0.0    0.0      0.0
  SINCE MAR 1      1.0                       2.5   -1.5       T
  SINCE JUL 1      2.0                      14.9  -12.9      2.0
  SNOW DEPTH       0

DEGREE DAYS
 HEATING
  YESTERDAY        0                         3     -3        3
  MONTH TO DATE    0                        47    -47       42
  SINCE MAR 1    921                       915      6      707
  SINCE JUL 1   4277                      4555   -278     3551

 COOLING
  YESTERDAY       16                         3     13        0
  MONTH TO DATE  104                        24     80       21
  SINCE MAR 1    123                        50     73       66
  SINCE JAN 1    123                        50     73       66
..................................................................


WIND (MPH)
  HIGHEST WIND SPEED    28   HIGHEST WIND DIRECTION     S (190)
  HIGHEST GUST SPEED    35   HIGHEST GUST DIRECTION     S (190)
  AVERAGE WIND SPEED    16.5


SKY COVER
  POSSIBLE SUNSHINE  MM
  AVERAGE SKY COVER 0.5


WEATHER CONDITIONS
 THE FOLLOWING WEATHER WAS RECORDED YESTERDAY.
  NO SIGNIFICANT WEATHER WAS OBSERVED.


RELATIVE HUMIDITY (PERCENT)
 HIGHEST    78           300 AM
 LOWEST     41           300 PM
 AVERAGE    60

..........................................................


THE WICHITA EISENHOWER NATIONAL CLIMATE NORMALS FOR TODAY
                         NORMAL    RECORD    YEAR
 MAXIMUM TEMPERATURE (F)   76        90      1988
 MINIMUM TEMPERATURE (F)   54        32      1966


SUNRISE AND SUNSET
MAY 13 2018...........SUNRISE   622 AM CDT   SUNSET   831 PM CDT
MAY 14 2018...........SUNRISE   621 AM CDT   SUNSET   832 PM CDT


-  INDICATES NEGATIVE NUMBERS.
R  INDICATES RECORD WAS SET OR TIED.
MM INDICATES DATA IS MISSING.
T  INDICATES TRACE AMOUNT.




$$
