000
CDUS43 KICT 240648
CLIICT

CLIMATE REPORT
NATIONAL WEATHER SERVICE WICHITA KS
147 AM CDT TUE APR 24 2018


...................................

...THE WICHITA EISENHOWER NATIONAL CLIMATE SUMMARY FOR APRIL 23 2018...

CLIMATE NORMAL PERIOD 1981 TO 2010
CLIMATE RECORD PERIOD 1888 TO 2018


WEATHER ITEM   OBSERVED TIME   RECORD YEAR NORMAL DEPARTURE LAST
                VALUE   (LST)  VALUE       VALUE  FROM      YEAR
                                                  NORMAL
..................................................................
TEMPERATURE (F)
 YESTERDAY
  MAXIMUM         74    435 PM  94    2006  70      4       68
  MINIMUM         45    615 AM  32    2013  47     -2       38
  AVERAGE         60                        59      1       53

PRECIPITATION (IN)
  YESTERDAY        0.00          1.40 1922   0.10  -0.10     0.00
  MONTH TO DATE    1.36                      1.85  -0.49     5.61
  SINCE MAR 1      2.48                      4.54  -2.06     9.11
  SINCE JAN 1      2.96                      6.55  -3.59    12.73

SNOWFALL (IN)
  YESTERDAY        0.0           0.2  2013   0.0    0.0      0.0
  MONTH TO DATE    1.0                       0.2    0.8      0.0
  SINCE MAR 1      1.0                       2.5   -1.5       T
  SINCE JUL 1      2.0                      14.9  -12.9      2.0
  SNOW DEPTH       0

DEGREE DAYS
 HEATING
  YESTERDAY        5                         7     -2       12
  MONTH TO DATE  393                       246    147      152
  SINCE MAR 1    875                       823     52      581
  SINCE JUL 1   4231                      4463   -232     3425

 COOLING
  YESTERDAY        0                         1     -1        0
  MONTH TO DATE    8                        16     -8       27
  SINCE MAR 1      8                        18    -10       45
  SINCE JAN 1      8                        18    -10       45
..................................................................


WIND (MPH)
  HIGHEST WIND SPEED    14   HIGHEST WIND DIRECTION    NE (30)
  HIGHEST GUST SPEED    20   HIGHEST GUST DIRECTION    NE (40)
  AVERAGE WIND SPEED     7.0


SKY COVER
  POSSIBLE SUNSHINE  MM
  AVERAGE SKY COVER 0.4


WEATHER CONDITIONS
 THE FOLLOWING WEATHER WAS RECORDED YESTERDAY.
  NO SIGNIFICANT WEATHER WAS OBSERVED.


RELATIVE HUMIDITY (PERCENT)
 HIGHEST    92           600 AM
 LOWEST     28          1200 PM
 AVERAGE    60

..........................................................


THE WICHITA EISENHOWER NATIONAL CLIMATE NORMALS FOR TODAY
                         NORMAL    RECORD    YEAR
 MAXIMUM TEMPERATURE (F)   70        90      1989
                                             1893
 MINIMUM TEMPERATURE (F)   48        25      2013


SUNRISE AND SUNSET
APRIL 24 2018.........SUNRISE   643 AM CDT   SUNSET   814 PM CDT
APRIL 25 2018.........SUNRISE   641 AM CDT   SUNSET   814 PM CDT


-  INDICATES NEGATIVE NUMBERS.
R  INDICATES RECORD WAS SET OR TIED.
MM INDICATES DATA IS MISSING.
T  INDICATES TRACE AMOUNT.




$$
