001
CDUS43 KICT 190643
CLIICT


CLIMATE REPORT
NATIONAL WEATHER SERVICE WICHITA KS
143 AM CDT THU APR 19 2018


...................................

...THE WICHITA EISENHOWER NATIONAL CLIMATE SUMMARY FOR APRIL 18 2018...

CLIMATE NORMAL PERIOD 1981 TO 2010
CLIMATE RECORD PERIOD 1888 TO 2018


WEATHER ITEM   OBSERVED TIME   RECORD YEAR NORMAL DEPARTURE LAST
                VALUE   (LST)  VALUE       VALUE  FROM      YEAR
                                                  NORMAL
..................................................................
TEMPERATURE (F)
 YESTERDAY
  MAXIMUM         64    203 PM  91    1987  69     -5       79
  MINIMUM         43   1153 PM  28    1953  45     -2       56
  AVERAGE         54                        57     -3       68

PRECIPITATION (IN)
  YESTERDAY        0.00          1.96 1970   0.08  -0.08     0.00
  MONTH TO DATE    0.14                      1.39  -1.25     3.80
  SINCE MAR 1      1.26                      4.08  -2.82     7.30
  SINCE JAN 1      1.74                      6.09  -4.35    10.92

SNOWFALL (IN)
  YESTERDAY        0.0           T    2013   0.0    0.0      0.0
  MONTH TO DATE    1.0                       0.2    0.8      0.0
  SINCE MAR 1      1.0                       2.5   -1.5       T
  SINCE JUL 1      2.0                      14.9  -12.9      2.0
  SNOW DEPTH       0

DEGREE DAYS
 HEATING
  YESTERDAY       11                         9      2        0
  MONTH TO DATE  331                       206    125      116
  SINCE MAR 1    813                       783     30      545
  SINCE JUL 1   4169                      4423   -254     3389

 COOLING
  YESTERDAY        0                         1     -1        3
  MONTH TO DATE    8                        11     -3       20
  SINCE MAR 1      8                        13     -5       38
  SINCE JAN 1      8                        13     -5       38
..................................................................


WIND (MPH)
  HIGHEST WIND SPEED    39   HIGHEST WIND DIRECTION    NW (330)
  HIGHEST GUST SPEED    49   HIGHEST GUST DIRECTION    NW (310)
  AVERAGE WIND SPEED    22.2


SKY COVER
  POSSIBLE SUNSHINE  MM
  AVERAGE SKY COVER 0.2


WEATHER CONDITIONS
 THE FOLLOWING WEATHER WAS RECORDED YESTERDAY.
  SANDSTORM


RELATIVE HUMIDITY (PERCENT)
 HIGHEST    71           600 AM
 LOWEST     27           100 PM
 AVERAGE    49

..........................................................


THE WICHITA EISENHOWER NATIONAL CLIMATE NORMALS FOR TODAY
                         NORMAL    RECORD    YEAR
 MAXIMUM TEMPERATURE (F)   69        91      1987
 MINIMUM TEMPERATURE (F)   46        31      2013


SUNRISE AND SUNSET
APRIL 19 2018.........SUNRISE   649 AM CDT   SUNSET   809 PM CDT
APRIL 20 2018.........SUNRISE   648 AM CDT   SUNSET   810 PM CDT


-  INDICATES NEGATIVE NUMBERS.
R  INDICATES RECORD WAS SET OR TIED.
MM INDICATES DATA IS MISSING.
T  INDICATES TRACE AMOUNT.




$$
