379
CDUS43 KICT 272204
CLIICT


CLIMATE REPORT
NATIONAL WEATHER SERVICE WICHITA KS
504 PM CDT SUN MAY 27 2018


...................................

...THE WICHITA EISENHOWER NATIONAL CLIMATE SUMMARY FOR MAY 27 2018...
VALID TODAY AS OF 0500 PM LOCAL TIME.

CLIMATE NORMAL PERIOD 1981 TO 2010
CLIMATE RECORD PERIOD 1888 TO 2018


WEATHER ITEM   OBSERVED TIME   RECORD YEAR NORMAL DEPARTURE LAST
                VALUE   (LST)  VALUE       VALUE  FROM      YEAR
                                                  NORMAL
..................................................................
TEMPERATURE (F)
 TODAY
  MAXIMUM         95    355 PM  96    1896  80     15       85
  MINIMUM         66    508 AM  37    1907  59      7       67
  AVERAGE         81                        69     12       76

PRECIPITATION (IN)
  TODAY            0.00          3.74 1964   0.16  -0.16      T
  MONTH TO DATE    2.41                      3.89  -1.48     4.30
  SINCE MAR 1      5.29                      9.17  -3.88    15.08
  SINCE JAN 1      5.77                     11.18  -5.41    18.70

SNOWFALL (IN)
  TODAY            0.0           0.0  2007   0.0    0.0      0.0
                                      2001
  MONTH TO DATE    0.0                       0.0    0.0      0.0
  SINCE MAR 1      1.0                       2.5   -1.5       T
  SINCE JUL 1      2.0                      14.9  -12.9      2.0
  SNOW DEPTH       0

DEGREE DAYS
 HEATING
  TODAY            0                         1     -1        0
  MONTH TO DATE    0                        76    -76       75
  SINCE MAR 1    921                       944    -23      740
  SINCE JUL 1   4277                      4584   -307     3584

 COOLING
  TODAY           16                         6     10       11
  MONTH TO DATE  265                        86    179       84
  SINCE MAR 1    284                       112    172      129
  SINCE JAN 1    284                       112    172      129
..................................................................


WIND (MPH)
  HIGHEST WIND SPEED    21   HIGHEST WIND DIRECTION    SE (130)
  HIGHEST GUST SPEED    26   HIGHEST GUST DIRECTION    SE (150)
  AVERAGE WIND SPEED     9.4


SKY COVER
  POSSIBLE SUNSHINE  MM
  AVERAGE SKY COVER 0.5


WEATHER CONDITIONS
 THE FOLLOWING WEATHER WAS RECORDED TODAY.
  NO SIGNIFICANT WEATHER WAS OBSERVED.


RELATIVE HUMIDITY (PERCENT)
 HIGHEST    93           400 AM
 LOWEST     28           300 PM
 AVERAGE    61

..........................................................


THE WICHITA EISENHOWER NATIONAL CLIMATE NORMALS FOR TOMORROW
                         NORMAL    RECORD    YEAR
 MAXIMUM TEMPERATURE (F)   80        96      1974
 MINIMUM TEMPERATURE (F)   59        39      1947


SUNRISE AND SUNSET
MAY 27 2018...........SUNRISE   612 AM CDT   SUNSET   842 PM CDT
MAY 28 2018...........SUNRISE   611 AM CDT   SUNSET   843 PM CDT


-  INDICATES NEGATIVE NUMBERS.
R  INDICATES RECORD WAS SET OR TIED.
MM INDICATES DATA IS MISSING.
T  INDICATES TRACE AMOUNT.




$$
