000
CDUS43 KICT 170635
CLIICT


CLIMATE REPORT
NATIONAL WEATHER SERVICE WICHITA KS
135 AM CDT TUE APR 17 2018


...................................

...THE WICHITA EISENHOWER NATIONAL CLIMATE SUMMARY FOR APRIL 16 2018...

CLIMATE NORMAL PERIOD 1981 TO 2010
CLIMATE RECORD PERIOD 1888 TO 2018


WEATHER ITEM   OBSERVED TIME   RECORD YEAR NORMAL DEPARTURE LAST
                VALUE   (LST)  VALUE       VALUE  FROM      YEAR
                                                  NORMAL
..................................................................
TEMPERATURE (F)
 YESTERDAY
  MAXIMUM         64    500 PM  89    2006  68     -4       73
                                      1967
  MINIMUM         21R   603 AM  29    1953  45    -24       57
                                      1907
  AVERAGE         43                        56    -13       65

PRECIPITATION (IN)
  YESTERDAY        0.00          2.05 2017   0.08  -0.08     2.05
  MONTH TO DATE    0.14                      1.22  -1.08     3.80
  SINCE MAR 1      1.26                      3.91  -2.65     7.30
  SINCE JAN 1      1.74                      5.92  -4.18    10.92

SNOWFALL (IN)
  YESTERDAY        0.0           T    1947   0.0    0.0      0.0
  MONTH TO DATE    1.0                       0.2    0.8      0.0
  SINCE MAR 1      1.0                       2.5   -1.5       T
  SINCE JUL 1      2.0                      14.9  -12.9      2.0
  SNOW DEPTH       0

DEGREE DAYS
 HEATING
  YESTERDAY       22                        10     12        0
  MONTH TO DATE  320                       188    132      115
  SINCE MAR 1    802                       765     37      544
  SINCE JUL 1   4158                      4405   -247     3388

 COOLING
  YESTERDAY        0                         1     -1        0
  MONTH TO DATE    7                         9     -2       17
  SINCE MAR 1      7                        11     -4       35
  SINCE JAN 1      7                        11     -4       35
..................................................................


WIND (MPH)
  HIGHEST WIND SPEED    16   HIGHEST WIND DIRECTION     E (110)
  HIGHEST GUST SPEED    21   HIGHEST GUST DIRECTION     S (170)
  AVERAGE WIND SPEED     8.2


SKY COVER
  POSSIBLE SUNSHINE  MM
  AVERAGE SKY COVER 0.1


WEATHER CONDITIONS
 THE FOLLOWING WEATHER WAS RECORDED YESTERDAY.
  HAZE


RELATIVE HUMIDITY (PERCENT)
 HIGHEST    92           600 AM
 LOWEST     23           300 PM
 AVERAGE    58

..........................................................


THE WICHITA EISENHOWER NATIONAL CLIMATE NORMALS FOR TODAY
                         NORMAL    RECORD    YEAR
 MAXIMUM TEMPERATURE (F)   68        92      2006
 MINIMUM TEMPERATURE (F)   45        25      1907


SUNRISE AND SUNSET
APRIL 17 2018.........SUNRISE   652 AM CDT   SUNSET   807 PM CDT
APRIL 18 2018.........SUNRISE   651 AM CDT   SUNSET   808 PM CDT


-  INDICATES NEGATIVE NUMBERS.
R  INDICATES RECORD WAS SET OR TIED.
MM INDICATES DATA IS MISSING.
T  INDICATES TRACE AMOUNT.




$$
